INSERT INTO TMSYSTEM.TMS102FTX(FTXNUM, FTXTYP, FTXLAN, FTXDEZ, FTXSTA,  FTXERF)  VALUES(10, 1, 0, 0, 1,  'TIMESYS-0169');
ALTER TABLE %SCHEMA%.TMS701PLG
	ADD ( PLGKST NUMERIC(3,0) DEFAULT 0 );
ALTER TABLE %SCHEMA%.TMS701PLG
	ADD ( PLGAFG NUMERIC(3,0) DEFAULT 0 );
CREATE TABLE TMSYSTEM.MGSSTFCD (
    FCDLIZ	VARCHAR(5) NOT NULL,
    FCDMND	VARCHAR(5) NOT NULL,
    FCDNUM	VARCHAR(3) NOT NULL,
    FCDKRT	VARCHAR(1) ,
    FCDTXT	VARCHAR(50) ,
    FCDDAT	TIMESTAMP DEFAULT CURRENT_TIMESTAMP ,
    CONSTRAINT MGSSTFCD_PK PRIMARY KEY(FCDLIZ, FCDMND, FCDNUM)
)
;
DROP TABLE TMSYSTEM.TMS899AZG;
CREATE TABLE TMSYSTEM.TMS899AZG (
   MNDLIZ VARCHAR(5) NOT NULL,
   MNDNUM VARCHAR(5) NOT NULL,
   AZGNUM VARCHAR(5) NOT NULL,
   AZGTXT VARCHAR(50) ,
   AZGGVO VARCHAR(8)  NOT NULL,
   AZGGBI VARCHAR(8) ,
   AZGTGE DECIMAL(5,0)  DEFAULT 0 ,
   AZGSOL DECIMAL(5,0)  DEFAULT 0 ,
   AZGSTG DECIMAL(5,0)  DEFAULT 0 ,
   AZGTAG DECIMAL(5,0)  DEFAULT 0 NOT NULL,
   AZGAZT VARCHAR(5) ,
   AZGVRA VARCHAR(5) ,
   AZGAZE DECIMAL(5,0)  DEFAULT 0 ,
   AZGBSD VARCHAR(5) ,
   AZXDAT TIMESTAMP DEFAULT CURRENT_TIMESTAMP,
CONSTRAINT TMS899AZG_PK PRIMARY KEY(MNDLIZ, MNDNUM, AZGNUM, AZGGVO, AZGTAG)
);

ALTER TABLE %SCHEMA%.TMS300PNR ADD PNRAGE DECIMAL(1,0) DEFAULT 0 ;
ALTER TABLE %SCHEMA%.PERSONALSTAMM ADD PSTPNRAGE DECIMAL(1,0) DEFAULT 0 ;
DROP VIEW %SCHEMA%.PERSONALSTAMM_STICHTAG;
CREATE OR REPLACE VIEW %SCHEMA%.PERSONALSTAMM_STICHTAG ( PSTPNRNUM, PSTPNRANM, PSTPNRAKT, PSTPNREND, PSTPNREML, PSTPNRMRT, PSTPNRFRT, PSTPNRBEA, PSTPNRGEB, PSTPNREIN, PSTPNRNAM, PSTPNRSTR, PSTPNRPLZ, PSTPNRORT, PSTPNRTEL, PSTPNRMOB, PSTPNRTIT, PSTPNRANR, PSTPNRNEB, PSTPNRSTA, PSTPNRDAT, PSTPNRERF, PSTPNRSPR, PSTPNRFRE, PSTPNRGBI, PSTPNRKRD, PSTPNRPRT, PSTPNRLDA, PSTPNRFMO, PSTBSVAKR, PSTBSVKAL, PSTBSVSAL, PSTBSVURL, PSTBSVLFZ, PSTBSVSFR, PSTBSVMON, PSTBSVAGM, PSTBSVABR, PSTBSVBGR, PSTBSVLUG, PSTBSVAGV, PSTBSVPEP, PSTBSVDMS, PSTBSVPNM, PSTBSVRE0, PSTBSVRE1, PSTBSVRE2, PSTBSVRE3, PSTBSVRE4, PSTBSVRE5, PSTBSVDWT, PSTBSVPZM, PSTBSVZUT, PSTBSVMAP, PSTBSVDWH, PSTBSVMMA, PSTBSVPRZ, PSTBSVJAM, PSTBSVSUL, PSTZUOABT, PSTZUOVRA, PSTZUOAGR, PSTZUOSDT, PSTZUOSTG, PSTZUOKST, PSTZUOKTR, PSTASWNU1, PSTASWNU2, PSTASWNU3, PSTASWNU4, PSTBSVKSM, PSTASWNU5, STICHTAG,  PSTPNRSAL, PSTZUOKSB,PSTPNRMTA, PSTPNRAGE )
AS
select PNRNUM,PNRANM,PNRAKT,PNREND,PNREML,PNRMRT,PNRFRT,       PNRBEA,PNRGEB,PNREIN,
       PNRNAM,PNRSTR,PNRPLZ,PNRORT,PNRTEL,PNRMOB,PNRTIT,PNRANR,PNRNEB,PNRSTA,PNRDAT,
      PNRERF,PNRSPR,PNRFRE,PNRGBI,PNRKRD,PNRPRT,PNRLDA,PNRFMO,BSVAKR,BSVKAL,BSVSAL,
       BSVURL,BSVLFZ,BSVSFR,
       BSVMON,BSVAGM,BSVABR,BSVBGR,BSVLUG,BSVAGV,BSVPEP,BSVDMS,BSVPNM,BSVRE0,BSVRE1,
       BSVRE2,BSVRE3,BSVRE4,BSVRE5,BSVDWT,BSVPZM,BSVZUT,BSVMAP,BSVDWH,BSVMMA,BSVPRZ,
       BSVJAM,BSVSUL,ZUOABT,ZUOVRA,ZUOAGR,ZUOSDT,ZUOSTG,ZUOKST,ZUOKTR,
       ASW1,ASW2,ASW3,ASW4,BSVKSM,ASW5,stichtag.bakdtm as STICHTAG,  PNRSAL, ZUOKSB, PNRMTA, PNRAGE
from %SCHEMA%.tms300pnr,%SCHEMA%.AKTUELLEBSV a,%SCHEMA%.aktuellezuo b,
     %SCHEMA%.IDSZURPNR d,tmsystem.tms133bak stichtag
where pnrnum=bsvpnr
and   pnrnum=zuopnr
and   pnrnum=aswpnr
and   a.bakdtm=stichtag.bakdtm
and   b.bakdtm=stichtag.bakdtm
and   d.bakdtm=stichtag.bakdtm;
CREATE TABLE TMSYSTEM.TMS300LPR (
	LPRTYP	NUMERIC(2,0) NOT NULL,
	LPRLIZ	VARCHAR(5) NOT NULL,
	LPRMND	VARCHAR(5) NOT NULL,
	LPRPZM	NUMERIC(6,0) NOT NULL,
	LPRBCH	NUMERIC(6,0) NOT NULL,
	LPRBC2	NUMERIC(6,0) NOT NULL,
	LPRZTG	NUMERIC(6,0) NOT NULL,
	LPRPDT	NUMERIC(8,0) NOT NULL,
	LPRCHK	VARCHAR(32) NOT NULL,
	LPRDAT	TIMESTAMP NOT NULL,
	CONSTRAINT TMS300LPR_PK PRIMARY KEY(LPRTYP,LPRLIZ,LPRMND)
);
CREATE TABLE TMSYSTEM.TMS122DI2 (
    DI2KEY VARCHAR(64)  BINARY ,
    DI2FNA VARCHAR(9)   BINARY ,
    DI2SPR DECIMAL(5,0) ,
    DI2TXT VARCHAR(120) BINARY ,
    DI2STS DECIMAL(5,0) ,
    DI2DAT TIMESTAMP DEFAULT CURRENT_TIMESTAMP     ,
    DI2ERF VARCHAR(50)  BINARY ,
    CONSTRAINT TMS122DI2_PK PRIMARY KEY(DI2KEY,DI2FNA,DI2SPR )
)
;
CREATE TABLE TMSYSTEM.TMS122DIC (
    DICKEY VARCHAR(64) BINARY ,
    DICFNA VARCHAR(9)  BINARY ,
    DICTNA VARCHAR(20) BINARY ,
    DICFNK VARCHAR(50) BINARY ,
    DICFNR DECIMAL(11,0) ,
    DICWHL DECIMAL(5,0)  ,
    DICSTS NUMERIC(5,0)  ,
    DICDAT TIMESTAMP DEFAULT CURRENT_TIMESTAMP      ,
    DICERF VARCHAR(50) BINARY ,
    CONSTRAINT TMS122DIC_PK PRIMARY KEY(DICKEY,DICFNA)
)
;
CREATE TABLE %SCHEMA%.TMS156WAZ(
  WAZMOD VARCHAR  (5) NOT NULL,
  WAZBEG DATETIME NOT NULL,
  WAZEND DATETIME,
  WAZTXT VARCHAR  (100),
  WAZSOL DECIMAL  (8,0),
  WAZSTD DECIMAL  (2,0),
  WAZAGR DECIMAL  (1,0),
  WAZSTA DECIMAL  (1,0) DEFAULT 1,
  WAZDAT TIMESTAMP DEFAULT CURRENT_TIMESTAMP,
  WAZERF VARCHAR  (50),
  CONSTRAINT TMS156WAZ_PK PRIMARY KEY(WAZMOD,WAZBEG)
);



ALTER TABLE %SCHEMA%.TMS310BSV    ADD BSVWAM VARCHAR(5)  ;
ALTER TABLE %SCHEMA%.TMS310BSV    ADD BSVWPZ DECIMAL(5,2)  ;
DROP VIEW %SCHEMA%.AKTUELLEBSV;
CREATE  VIEW %SCHEMA%.AKTUELLEBSV
(
  BSVPNR, BSVGVO, BSVGBI, BSVAKR, BSVKAL, BSVSAL, BSVURL, BSVLFZ, BSVSFR,
  BSVTGS, BSVWCH, BSVMON, BSVJHR, BSVAGM, BSVABR, BSVSTA, BSVDAT, BSVERF,
  BSVBGR, BSVLUG, BSVJAZ, BSVJUR, BSVAGV, BSVBON, BSVBDE, BSVPEP, BSVDMS,
  BSVPNM, BSVRE0, BSVRE1, BSVRE2, BSVRE3, BSVRE4, BSVRE5, BSVRE6, BSVRE7,
  BSVRE8, BSVRE9, BSVDWT, BSVPZM, BSVZUT, BSVMAP, BSVDWH, BSVPSI, BSVMMA,
  BSVPRZ, BSVJAM, BSVSUL, BSVKSM, BSVKSW, BAKDTM, BAKJHR, BAKMON, BAKTAG,
  BAKWCH, BAKWTG, BAKJTG, BAKDAT, BAKERF, BAKYOW, BAKCSM, BAKSTA, BAKQUA,
  BAKHJH, BSVWAM, BSVWPZ
)
AS
select
  BSVPNR, BSVGVO, BSVGBI, BSVAKR, BSVKAL, BSVSAL, BSVURL, BSVLFZ, BSVSFR,
  BSVTGS, BSVWCH, BSVMON, BSVJHR, BSVAGM, BSVABR, BSVSTA, BSVDAT, BSVERF,
  BSVBGR, BSVLUG, BSVJAZ, BSVJUR, BSVAGV, BSVBON, BSVBDE, BSVPEP, BSVDMS,
  BSVPNM, BSVRE0, BSVRE1, BSVRE2, BSVRE3, BSVRE4, BSVRE5, BSVRE6, BSVRE7,
  BSVRE8, BSVRE9, BSVDWT, BSVPZM, BSVZUT, BSVMAP, BSVDWH, BSVPSI, BSVMMA,
  BSVPRZ, BSVJAM, BSVSUL, BSVKSM, BSVKSW, BAKDTM, BAKJHR, BAKMON, BAKTAG,
  BAKWCH, BAKWTG, BAKJTG, BAKDAT, BAKERF, BAKYOW, BAKCSM, BAKSTA, BAKQUA,
  BAKHJH, BSVWAM, BSVWPZ
from %SCHEMA%.tms310bsv a, tmsystem.tms133bak
where
(
    (a.bsvgvo<=bakdtm and (a.bsvgbi>=bakdtm or a.bsvgbi is null))
    or
    (
        (select count(*)
         from   %SCHEMA%.tms310bsv b
         where  b.bsvpnr=a.bsvpnr
         and    b.bsvgvo<=bakdtm
         and    (b.bsvgbi>=bakdtm or b.bsvgbi is null)
        ) = 0
        and
        a.bsvgvo = (select max(b.bsvgvo)
                    from   %SCHEMA%.tms310bsv b
                    where  b.bsvgvo<bakdtm
                    and    b.bsvpnr = a.bsvpnr)
    )
    or
    (
        (select count(*)
         from   %SCHEMA%.tms310bsv c
         where  c.bsvgvo<=bakdtm
         and    c.bsvpnr=a.bsvpnr
         and   (a.bsvgbi>=bakdtm or a.bsvgbi is null)
            ) =0
         and
        (select count(*)
         from   %SCHEMA%.tms310bsv
         where
            (select count(*)
             from   %SCHEMA%.tms310bsv b
             where  b.bsvpnr=a.bsvpnr
             and    b.bsvgvo<=bakdtm
             and (b.bsvgbi>=bakdtm or b.bsvgbi is null)
            ) = 0
         and
         a.bsvgvo = (select max(b.bsvgvo)
                     from   %SCHEMA%.tms310bsv b
                     where  b.bsvgvo<bakdtm
                     and    b.bsvpnr = a.bsvpnr)
                    ) = 0
         and
         a.bsvgvo = (select min(b.bsvgvo)
                     from   %SCHEMA%.tms310bsv b
                     where  b.bsvgvo>bakdtm
                     and    b.bsvpnr = a.bsvpnr)
    )
)
;


DROP VIEW %SCHEMA%.PERSONALSTAMM_STICHTAG;

CREATE  VIEW %SCHEMA%.PERSONALSTAMM_STICHTAG (
  PSTPNRNUM, PSTPNRANM, PSTPNRAKT, PSTPNREND, PSTPNREML, PSTPNRMRT, PSTPNRFRT,
  PSTPNRBEA, PSTPNRGEB, PSTPNREIN,
  PSTPNRNAM, PSTPNRSTR, PSTPNRPLZ, PSTPNRORT, PSTPNRTEL, PSTPNRMOB, PSTPNRTIT,
  PSTPNRANR, PSTPNRNEB, PSTPNRSTA, PSTPNRDAT, PSTPNRERF, PSTPNRSPR, PSTPNRFRE,
  PSTPNRGBI, PSTPNRKRD, PSTPNRPRT, PSTPNRLDA, PSTPNRFMO, PSTBSVAKR, PSTBSVKAL,
  PSTBSVSAL, PSTBSVURL, PSTBSVLFZ, PSTBSVSFR,
  PSTBSVMON, PSTBSVAGM, PSTBSVABR, PSTBSVBGR, PSTBSVLUG, PSTBSVAGV, PSTBSVPEP,
  PSTBSVDMS, PSTBSVPNM, PSTBSVRE0, PSTBSVRE1, PSTBSVRE2, PSTBSVRE3, PSTBSVRE4,
  PSTBSVRE5, PSTBSVDWT, PSTBSVPZM, PSTBSVZUT, PSTBSVMAP, PSTBSVDWH, PSTBSVMMA,
  PSTBSVPRZ, PSTBSVJAM, PSTBSVSUL,
  PSTZUOABT, PSTZUOVRA, PSTZUOAGR, PSTZUOSDT, PSTZUOSTG, PSTZUOKST, PSTZUOKTR,
  PSTASWNU1, PSTASWNU2, PSTASWNU3, PSTASWNU4, PSTBSVKSM, PSTASWNU5,
  STICHTAG,                        PSTPNRSAL, PSTZUOKSB, PSTPNRMTA, PSTPNRAGE,
  PSTBSVWAM, PSTBSVWPZ
)
AS
select
  PNRNUM,    PNRANM,    PNRAKT,    PNREND,    PNREML,    PNRMRT,    PNRFRT,
  PNRBEA,    PNRGEB,    PNREIN,
  PNRNAM,    PNRSTR,    PNRPLZ,    PNRORT,    PNRTEL,    PNRMOB,    PNRTIT,
  PNRANR,    PNRNEB,    PNRSTA,    PNRDAT,    PNRERF,    PNRSPR,    PNRFRE,
  PNRGBI,    PNRKRD,    PNRPRT,    PNRLDA,    PNRFMO,    BSVAKR,    BSVKAL,
  BSVSAL,    BSVURL,    BSVLFZ,    BSVSFR,
  BSVMON,    BSVAGM,    BSVABR,    BSVBGR,    BSVLUG,    BSVAGV,    BSVPEP,
  BSVDMS,    BSVPNM,    BSVRE0,    BSVRE1,    BSVRE2,    BSVRE3,    BSVRE4,
  BSVRE5,    BSVDWT,    BSVPZM,    BSVZUT,    BSVMAP,    BSVDWH,    BSVMMA,
  BSVPRZ,    BSVJAM,    BSVSUL,
  ZUOABT,    ZUOVRA,    ZUOAGR,    ZUOSDT,    ZUOSTG,    ZUOKST,    ZUOKTR,
  ASW1,      ASW2,      ASW3,      ASW4,      BSVKSM,    ASW5,
  stichtag.bakdtm as STICHTAG,     PNRSAL,    ZUOKSB,    PNRMTA,    PNRAGE,
  BSVWAM,    BSVWPZ
from %SCHEMA%.tms300pnr,   %SCHEMA%.AKTUELLEBSV a, %SCHEMA%.aktuellezuo b,
     %SCHEMA%.IDSZURPNR d, tmsystem.tms133bak stichtag
where pnrnum   = bsvpnr
and   pnrnum   = zuopnr
and   pnrnum   = aswpnr
and   a.bakdtm = stichtag.bakdtm
and   b.bakdtm = stichtag.bakdtm
and   d.bakdtm = stichtag.bakdtm
;


DELETE FROM %SCHEMA%.PERSONALSTAMM;

ALTER TABLE %SCHEMA%.PERSONALSTAMM    ADD PSTBSVWAM VARCHAR(5) ;
ALTER TABLE %SCHEMA%.PERSONALSTAMM    ADD PSTBSVWPZ DECIMAL(5,2);

INSERT INTO %SCHEMA%.PERSONALSTAMM SELECT * FROM %SCHEMA%.PERSONALSTAMM_STICHTAG WHERE STICHTAG = convert(datetime,convert(varchar(10),getdate(),104),104);
DROP TABLE TMSYSTEM.TMS511STK;
CREATE TABLE TMSYSTEM.TMS511STK(
  STKDAT VARCHAR (14)   NOT NULL,
  STKSEK DECIMAL (12,0) NOT NULL,
  STKUSE DECIMAL (12,8) NOT NULL,
  STKLIZ VARCHAR (5)    NOT NULL,
  STKMND VARCHAR (5)    NOT NULL,
  STKUSR VARCHAR (50)   NOT NULL,
  STKFRM VARCHAR (25)   NOT NULL,
  STKPRM VARCHAR (2048),
  STKDAU DECIMAL (12,8) DEFAULT 0,
  STKMEM DECIMAL (9,0)  DEFAULT 0,
  STKSZE DECIMAL (9,0)  DEFAULT 0,
  STKUZ1 DECIMAL (9,0)  DEFAULT 0,
  STKUM1 DECIMAL (9,0)  DEFAULT 0,
  STKUZ2 DECIMAL (9,0)  DEFAULT 0,
  STKUM2 DECIMAL (9,0)  DEFAULT 0,
  CONSTRAINT TMS511STK_PK
  PRIMARY KEY (
    STKDAT,
    STKSEK,
    STKUSE,
    STKLIZ,
    STKMND,
    STKUSR,
    STKFRM
  )
)
;
ALTER TABLE TMSYSTEM.TMS111ANM DROP COLUMN ANMMSG;
ALTER TABLE TMSYSTEM.TMS111ANM ADD ANMMSG VARCHAR(20);
CREATE TABLE TMSYSTEM.TMS200ACK (
  ACKMSG VARCHAR(50) NOT NULL,
  ACKANM VARCHAR(50),
  ACKMND VARCHAR(5),
  ACKLIZ VARCHAR(5),
  ACKACK VARCHAR(20),
  ACKDSP VARCHAR(20),
  ACKDAT TIMESTAMP,
  PRIMARY KEY (ACKMSG, ACKANM, ACKMND, ACKLIZ)
);
ENGINE=InnoDB DEFAULT CHARSET=latin1 COMMENT='TIMENSION';
CREATE TABLE TMSYSTEM.TMS200MSG (
  MSGUID VARCHAR(50) NOT NULL,
  MSGTNR DECIMAL(5,0),
  MSGTXT VARCHAR(250),
  MSGLNK VARCHAR(250),
  MSGMOD VARCHAR(50),
  MSGSRC VARCHAR(50),
  MSGSCH VARCHAR(20),
  MSGCAT VARCHAR(25),
  MSGADR VARCHAR(10),
  MSGBER VARCHAR(10),
  MSGPRI DECIMAL(5,0),
  MSGTYP VARCHAR(5),
  MSGBRK VARCHAR(5),
  MSGVAL DECIMAL(5,0),
  MSGDBG VARCHAR(1024),
  MSGMND VARCHAR(5),
  MSGLIZ VARCHAR(5),
  MSGTIN VARCHAR(20),
  MSGSTS DECIMAL(5,0),
  MSGDAT TIMESTAMP,
  PRIMARY KEY (MSGUID)
)
ENGINE=InnoDB DEFAULT CHARSET=latin1 COMMENT='TIMENSION';
CREATE TABLE TMSYSTEM.TMS107KKR
  (KKRNUM VARCHAR(50) BINARY,
   KKRBEZ VARCHAR(50) BINARY,
   KKRSTA DECIMAL(5,0) DEFAULT 1,
   KKRDAT DATETIME,
   KKRERF VARCHAR(50) BINARY DEFAULT 'Timesys',
  PRIMARY KEY(KKRNUM)) ENGINE=InnoDB DEFAULT CHARSET=latin1 COMMENT='TIMENSION'
;
CREATE TABLE TMSYSTEM.TMS107KKZ
  (KKZKKR VARCHAR(50),
   KKZMND VARCHAR(5),
   KKZLIZ VARCHAR(5),
   KKZSTA DECIMAL(5,0) DEFAULT 1,
   KKZDAT DATETIME,
   KKZERF VARCHAR(50) BINARY DEFAULT 'Timesys',
  PRIMARY KEY (KKZKKR, KKZMND,KKZLIZ)) ENGINE=InnoDB DEFAULT CHARSET=latin1 COMMENT='TIMENSION'
;
CREATE TABLE TMSYSTEM.TMS107MAW (
  MAWANM VARCHAR(50),
  MAWMND VARCHAR(5),
  MAWLIZ VARCHAR(5),
  MAWFLD VARCHAR(9),
  MAWKEY VARCHAR(50))
;

DROP VIEW TMSYSTEM.KONSOKREIS;
CREATE VIEW TMSYSTEM.KONSOKREIS
  (KONKkrNum, KONKkrBez, KONFirNam, KONKkrSta)
  AS
  SELECT KkrNum, KkrBez, MndNa1, KkrSta
    FROM TMSYSTEM.TMS107KKR a
         left join TMSYSTEM.TMS107KKZ b on b.KKZKKR=a.KKRNUM
         left join TMSYSTEM.TMS112MND d on d.MNDNUM=b.KKZMND
  WHERE (b.KKZMND = (SELECT MIN(e.KKZMND) FROM TMSYSTEM.TMS107KKZ e WHERE a.KKRNUM = e.KKZKKR)
          OR b.KKZKKR is null)
;

ALTER TABLE %SCHEMA%.TMS310BSV DROP CONSTRAINT  BSVSAL_TMS153SAL_FK;
ALTER TABLE %SCHEMA%.TMS310BSV DROP CONSTRAINT  BSVSFR_TMS155SFR_FK;
ALTER TABLE %SCHEMA%.TMS310BSV DROP CONSTRAINT  BSVURL_TMS155URL_FK;

ALTER TABLE %SCHEMA%.TMS311ZUO DROP CONSTRAINT  ZUOKRT_O1005KSTART_FK;
ALTER TABLE %SCHEMA%.TMS311ZUO DROP CONSTRAINT  ZUOKST_O1003KSTSTELLE_FK;
ALTER TABLE %SCHEMA%.TMS311ZUO DROP CONSTRAINT  ZUOKTR_O1004KSTTRAEGER_FK;
ALTER TABLE %SCHEMA%.TMS311ZUO DROP CONSTRAINT  ZUOVRA_TMS151VRA_FK;

ALTER TABLE %SCHEMA%.TMS321BCH DROP CONSTRAINT  BCHAZT_TMS140AZT_FK;
ALTER TABLE %SCHEMA%.TMS321BCH DROP CONSTRAINT  BCHKRT_O1005KSTART_FK;
ALTER TABLE %SCHEMA%.TMS321BCH DROP CONSTRAINT  BCHKTR_O1004KSTTRAEGER_FK;
ALTER TABLE %SCHEMA%.TMS321BCH DROP CONSTRAINT  BCHVRA_TMS151VRA_FK;

ALTER TABLE %SCHEMA%.TMS329ZTG DROP CONSTRAINT  ZTGKRT_O1005KSTART_FK;
ALTER TABLE %SCHEMA%.TMS329ZTG DROP CONSTRAINT  ZTGKST_O1003KSTSTELLE_FK;
ALTER TABLE %SCHEMA%.TMS329ZTG DROP CONSTRAINT  ZTGKTR_O1004KSTTRAEGER_FK;
ALTER TABLE %SCHEMA%.TMS329ZTG DROP CONSTRAINT  ZTGVRA_TMS151VRA_FK;

ALTER TABLE %SCHEMA%.TMS331ZKB DROP CONSTRAINT  ZKBKRT_O1005KSTART_FK;
ALTER TABLE %SCHEMA%.TMS331ZKB DROP CONSTRAINT  ZKBKST_O1003KSTSTELLE_FK;
ALTER TABLE %SCHEMA%.TMS331ZKB DROP CONSTRAINT  ZKBKTR_O1004KSTTRAEGER_FK;
ALTER TABLE %SCHEMA%.TMS331ZKB DROP CONSTRAINT  ZKBZKT_TMS130ZKT_FK;

ALTER TABLE %SCHEMA%.TMS331ZK1 DROP CONSTRAINT  ZK1KRT_O1005KSTART_FK;
ALTER TABLE %SCHEMA%.TMS331ZK1 DROP CONSTRAINT  ZK1KST_O1003KSTSTELLE_FK;
ALTER TABLE %SCHEMA%.TMS331ZK1 DROP CONSTRAINT  ZK1KTR_O1004KSTTRAEGER_FK;
ALTER TABLE %SCHEMA%.TMS331ZK1 DROP CONSTRAINT  ZK1ZKT_TMS130ZKT_FK;

ALTER TABLE %SCHEMA%.G1202MENUELST DROP CONSTRAINT  MELFRM_O1201FORMULAR_FK;
ALTER TABLE %SCHEMA%.G1301RTRRTE DROP CONSTRAINT  RTRRTEFRM_O1201FORMULAR_FK;

ALTER TABLE %SCHEMA%.TMS131FCD DROP CONSTRAINT  FCDFLG_TMS131FCD_FK;
ALTER TABLE %SCHEMA%.TMS131FCD DROP CONSTRAINT  FCDZKT_TMS130ZKT_FK;

ALTER TABLE %SCHEMA%.TMS140AZV DROP CONSTRAINT  AZVAZP_TMS141AZP_FK;
ALTER TABLE %SCHEMA%.TMS140AZV DROP CONSTRAINT  AZVPSM_TMS142PSM_FK;

ALTER TABLE %SCHEMA%.TMS150BSD DROP CONSTRAINT  BSDAMP_TMS130ZKT_FK;
ALTER TABLE %SCHEMA%.TMS150BSD DROP CONSTRAINT  BSDZKN_TMS130ZKT_FK;
ALTER TABLE %SCHEMA%.TMS150BSD DROP CONSTRAINT  BSDZKT_TMS130ZKT_FK;
ALTER TABLE %SCHEMA%.TMS150BS1 DROP CONSTRAINT  BS1ZKZ_TMS130ZKT_FK;
ALTER TABLE %SCHEMA%.TMS150BS1 DROP CONSTRAINT  BS1ZSM_TMS152ZSB_FK;
ALTER TABLE %SCHEMA%.TMS150BS1 DROP CONSTRAINT  BS1ZSN_TMS152ZSB_FK;

ALTER TABLE %SCHEMA%.TMS151VR1 DROP CONSTRAINT  VR1FC1_TMS131FCD_FK;
ALTER TABLE %SCHEMA%.TMS151VR1 DROP CONSTRAINT  VR1FC2_TMS131FCD_FK;
ALTER TABLE %SCHEMA%.TMS153SA1 DROP CONSTRAINT  SA1KMN_TMS130ZKT_FK;
ALTER TABLE %SCHEMA%.TMS153SA1 DROP CONSTRAINT  SA1KMX_TMS130ZKT_FK;
ALTER TABLE %SCHEMA%.TMS153SA1 DROP CONSTRAINT  SA1ZKB_TMS130ZKT_FK;
ALTER TABLE %SCHEMA%.TMS154LFZ DROP CONSTRAINT  LFZFCD_TMS131FCD_FK;
ALTER TABLE %SCHEMA%.TMS155SF1 DROP CONSTRAINT  SF1AZT_TMS140AZT_FK;
ALTER TABLE %SCHEMA%.TMS162ERS DROP CONSTRAINT  ERSAZE_TMS140AZT_FK;
ALTER TABLE %SCHEMA%.TMS162ERS DROP CONSTRAINT  ERSVRA_TMS151VRA_FK;
ALTER TABLE %SCHEMA%.TMS303SBE DROP CONSTRAINT  SBEFRE_O1301FRMRECHT_FK;
ALTER TABLE %SCHEMA%.TMS303SBE DROP CONSTRAINT  SBEFRT_O1501FCDRECHT_FK;
ALTER TABLE %SCHEMA%.TMS303SBE DROP CONSTRAINT  SBEMRT_O1401MENRECHT_FK;
ALTER TABLE %SCHEMA%.TMS303SBE DROP CONSTRAINT  SBEPRT_O1602PREKOPF_FK;
ALTER TABLE %SCHEMA%.TMS303SBE DROP CONSTRAINT  SBESRT_O1802SCHALTRTE_FK;
ALTER TABLE %SCHEMA%.TMS321KTK DROP CONSTRAINT  KTKZKN_TMS130ZKT_FK;
ALTER TABLE %SCHEMA%.TMS321KTK DROP CONSTRAINT  KTKZKT_TMS130ZKT_FK;

--***************************************************************************************************************************************************
ALTER TABLE %SCHEMA%.TMS310BSV ADD CONSTRAINT  BSVSAL_TMS153SAL_FK FOREIGN KEY (BSVSAL) REFERENCES %SCHEMA%.TMS153SAL(SALNUM) ON DELETE SET NULL;
ALTER TABLE %SCHEMA%.TMS310BSV ADD CONSTRAINT  BSVSFR_TMS155SFR_FK FOREIGN KEY (BSVSFR) REFERENCES %SCHEMA%.TMS155SFR(SFRMOD) ON DELETE SET NULL;
ALTER TABLE %SCHEMA%.TMS310BSV ADD CONSTRAINT  BSVURL_TMS155URL_FK FOREIGN KEY (BSVURL) REFERENCES %SCHEMA%.TMS155URL(URLNUM) ON DELETE SET NULL;

ALTER TABLE %SCHEMA%.TMS311ZUO ADD CONSTRAINT  ZUOKRT_O1005KSTART_FK FOREIGN KEY (ZUOKRT) REFERENCES %SCHEMA%.O1005KSTART(KRTNUM)   ;
ALTER TABLE %SCHEMA%.TMS311ZUO ADD CONSTRAINT  ZUOKST_O1003KSTSTELLE_FK FOREIGN KEY (ZUOKST) REFERENCES %SCHEMA%.O1003KSTSTELLE(KSTNUM)   ;
ALTER TABLE %SCHEMA%.TMS311ZUO ADD CONSTRAINT  ZUOKTR_O1004KSTTRAEGER_FK FOREIGN KEY (ZUOKTR) REFERENCES %SCHEMA%.O1004KSTTRAEGER(KTRNUM)   ;
ALTER TABLE %SCHEMA%.TMS311ZUO ADD CONSTRAINT  ZUOVRA_TMS151VRA_FK FOREIGN KEY (ZUOVRA) REFERENCES %SCHEMA%.TMS151VRA(VRANUM)   ;

ALTER TABLE %SCHEMA%.TMS321BCH ADD CONSTRAINT  BCHAZT_TMS140AZT_FK FOREIGN KEY (BCHAZT) REFERENCES %SCHEMA%.TMS140AZT(AZTNUM)   ;
ALTER TABLE %SCHEMA%.TMS321BCH ADD CONSTRAINT  BCHKRT_O1005KSTART_FK FOREIGN KEY (BCHKRT) REFERENCES %SCHEMA%.O1005KSTART(KRTNUM)   ;
ALTER TABLE %SCHEMA%.TMS321BCH ADD CONSTRAINT  BCHKTR_O1004KSTTRAEGER_FK FOREIGN KEY (BCHKTR) REFERENCES %SCHEMA%.O1004KSTTRAEGER(KTRNUM)   ;
ALTER TABLE %SCHEMA%.TMS321BCH ADD CONSTRAINT  BCHVRA_TMS151VRA_FK FOREIGN KEY (BCHVRA) REFERENCES %SCHEMA%.TMS151VRA(VRANUM)   ;

ALTER TABLE %SCHEMA%.TMS329ZTG ADD CONSTRAINT  ZTGKRT_O1005KSTART_FK FOREIGN KEY (ZTGKRT) REFERENCES %SCHEMA%.O1005KSTART(KRTNUM)   ;
ALTER TABLE %SCHEMA%.TMS329ZTG ADD CONSTRAINT  ZTGKST_O1003KSTSTELLE_FK FOREIGN KEY (ZTGKST) REFERENCES %SCHEMA%.O1003KSTSTELLE(KSTNUM)   ;
ALTER TABLE %SCHEMA%.TMS329ZTG ADD CONSTRAINT  ZTGKTR_O1004KSTTRAEGER_FK FOREIGN KEY (ZTGKTR) REFERENCES %SCHEMA%.O1004KSTTRAEGER(KTRNUM)   ;
ALTER TABLE %SCHEMA%.TMS329ZTG ADD CONSTRAINT  ZTGVRA_TMS151VRA_FK FOREIGN KEY (ZTGVRA) REFERENCES %SCHEMA%.TMS151VRA(VRANUM)   ;

ALTER TABLE %SCHEMA%.TMS331ZKB ADD CONSTRAINT  ZKBKRT_O1005KSTART_FK FOREIGN KEY (ZKBKRT) REFERENCES %SCHEMA%.O1005KSTART(KRTNUM)   ;
ALTER TABLE %SCHEMA%.TMS331ZKB ADD CONSTRAINT  ZKBKST_O1003KSTSTELLE_FK FOREIGN KEY (ZKBKST) REFERENCES %SCHEMA%.O1003KSTSTELLE(KSTNUM)   ;
ALTER TABLE %SCHEMA%.TMS331ZKB ADD CONSTRAINT  ZKBKTR_O1004KSTTRAEGER_FK FOREIGN KEY (ZKBKTR) REFERENCES %SCHEMA%.O1004KSTTRAEGER(KTRNUM)   ;
ALTER TABLE %SCHEMA%.TMS331ZKB ADD CONSTRAINT  ZKBZKT_TMS130ZKT_FK FOREIGN KEY (ZKBZKT) REFERENCES %SCHEMA%.TMS130ZKT(ZKTNUM)   ;

ALTER TABLE %SCHEMA%.TMS331ZK1 ADD CONSTRAINT  ZK1KRT_O1005KSTART_FK FOREIGN KEY (ZK1KRT) REFERENCES %SCHEMA%.O1005KSTART(KRTNUM)   ;
ALTER TABLE %SCHEMA%.TMS331ZK1 ADD CONSTRAINT  ZK1KST_O1003KSTSTELLE_FK FOREIGN KEY (ZK1KST) REFERENCES %SCHEMA%.O1003KSTSTELLE(KSTNUM)   ;
ALTER TABLE %SCHEMA%.TMS331ZK1 ADD CONSTRAINT  ZK1KTR_O1004KSTTRAEGER_FK FOREIGN KEY (ZK1KTR) REFERENCES %SCHEMA%.O1004KSTTRAEGER(KTRNUM)   ;
ALTER TABLE %SCHEMA%.TMS331ZK1 ADD CONSTRAINT  ZK1ZKT_TMS130ZKT_FK FOREIGN KEY (ZK1ZKT) REFERENCES %SCHEMA%.TMS130ZKT(ZKTNUM)   ;

ALTER TABLE %SCHEMA%.G1202MENUELST ADD CONSTRAINT  MELFRM_O1201FORMULAR_FK FOREIGN KEY (MELFRM) REFERENCES TMSYSTEM.O1201FORMULAR(FMRNUM)   ;
ALTER TABLE %SCHEMA%.G1301RTRRTE ADD CONSTRAINT  RTRRTEFRM_O1201FORMULAR_FK FOREIGN KEY (RTRRTEFRM) REFERENCES TMSYSTEM.O1201FORMULAR(FMRNUM)   ;

ALTER TABLE %SCHEMA%.TMS131FCD ADD CONSTRAINT  FCDFLG_TMS131FCD_FK FOREIGN KEY (FCDFLG) REFERENCES %SCHEMA%.TMS131FCD(FCDNUM)   ;
ALTER TABLE %SCHEMA%.TMS131FCD ADD CONSTRAINT  FCDZKT_TMS130ZKT_FK FOREIGN KEY (FCDZKT) REFERENCES %SCHEMA%.TMS130ZKT(ZKTNUM)   ;

ALTER TABLE %SCHEMA%.TMS140AZV ADD CONSTRAINT  AZVAZP_TMS141AZP_FK FOREIGN KEY (AZVAZP) REFERENCES %SCHEMA%.TMS141AZP(AZPNUM)   ;
ALTER TABLE %SCHEMA%.TMS140AZV ADD CONSTRAINT  AZVPSM_TMS142PSM_FK FOREIGN KEY (AZVPSM) REFERENCES %SCHEMA%.TMS142PSM(PSMNUM)   ;

ALTER TABLE %SCHEMA%.TMS150BSD ADD CONSTRAINT  BSDAMP_TMS130ZKT_FK FOREIGN KEY (BSDAMP) REFERENCES %SCHEMA%.TMS130ZKT(ZKTNUM)   ;
ALTER TABLE %SCHEMA%.TMS150BSD ADD CONSTRAINT  BSDZKN_TMS130ZKT_FK FOREIGN KEY (BSDZKN) REFERENCES %SCHEMA%.TMS130ZKT(ZKTNUM)   ;
ALTER TABLE %SCHEMA%.TMS150BSD ADD CONSTRAINT  BSDZKT_TMS130ZKT_FK FOREIGN KEY (BSDZKT) REFERENCES %SCHEMA%.TMS130ZKT(ZKTNUM)   ;
ALTER TABLE %SCHEMA%.TMS150BS1 ADD CONSTRAINT  BS1ZKZ_TMS130ZKT_FK FOREIGN KEY (BS1ZKZ) REFERENCES %SCHEMA%.TMS130ZKT(ZKTNUM)   ;
ALTER TABLE %SCHEMA%.TMS150BS1 ADD CONSTRAINT  BS1ZSM_TMS152ZSB_FK FOREIGN KEY (BS1ZSM) REFERENCES %SCHEMA%.TMS152ZSB(ZSBNUM)   ;
ALTER TABLE %SCHEMA%.TMS150BS1 ADD CONSTRAINT  BS1ZSN_TMS152ZSB_FK FOREIGN KEY (BS1ZSN) REFERENCES %SCHEMA%.TMS152ZSB(ZSBNUM)   ;

ALTER TABLE %SCHEMA%.TMS151VR1 ADD CONSTRAINT  VR1FC1_TMS131FCD_FK FOREIGN KEY (VR1FC1) REFERENCES %SCHEMA%.TMS131FCD(FCDNUM)   ;
ALTER TABLE %SCHEMA%.TMS151VR1 ADD CONSTRAINT  VR1FC2_TMS131FCD_FK FOREIGN KEY (VR1FC2) REFERENCES %SCHEMA%.TMS131FCD(FCDNUM)   ;
ALTER TABLE %SCHEMA%.TMS153SA1 ADD CONSTRAINT  SA1KMN_TMS130ZKT_FK FOREIGN KEY (SA1KMN) REFERENCES %SCHEMA%.TMS130ZKT(ZKTNUM)   ;
ALTER TABLE %SCHEMA%.TMS153SA1 ADD CONSTRAINT  SA1KMX_TMS130ZKT_FK FOREIGN KEY (SA1KMX) REFERENCES %SCHEMA%.TMS130ZKT(ZKTNUM)   ;
ALTER TABLE %SCHEMA%.TMS153SA1 ADD CONSTRAINT  SA1ZKB_TMS130ZKT_FK FOREIGN KEY (SA1ZKB) REFERENCES %SCHEMA%.TMS130ZKT(ZKTNUM)   ;
ALTER TABLE %SCHEMA%.TMS154LFZ ADD CONSTRAINT  LFZFCD_TMS131FCD_FK FOREIGN KEY (LFZFCD) REFERENCES %SCHEMA%.TMS131FCD(FCDNUM)   ;
ALTER TABLE %SCHEMA%.TMS155SF1 ADD CONSTRAINT  SF1AZT_TMS140AZT_FK FOREIGN KEY (SF1AZT) REFERENCES %SCHEMA%.TMS140AZT(AZTNUM)   ;
ALTER TABLE %SCHEMA%.TMS162ERS ADD CONSTRAINT  ERSAZE_TMS140AZT_FK FOREIGN KEY (ERSAZE) REFERENCES %SCHEMA%.TMS140AZT(AZTNUM)   ;
ALTER TABLE %SCHEMA%.TMS162ERS ADD CONSTRAINT  ERSVRA_TMS151VRA_FK FOREIGN KEY (ERSVRA) REFERENCES %SCHEMA%.TMS151VRA(VRANUM)   ;
ALTER TABLE %SCHEMA%.TMS303SBE ADD CONSTRAINT  SBEFRE_O1301FRMRECHT_FK FOREIGN KEY (SBEFRE) REFERENCES %SCHEMA%.O1301FRMRECHT(FRENUM)   ;
ALTER TABLE %SCHEMA%.TMS303SBE ADD CONSTRAINT  SBEFRT_O1501FCDRECHT_FK FOREIGN KEY (SBEFRT) REFERENCES %SCHEMA%.O1501FCDRECHT(FRTNUM)   ;
ALTER TABLE %SCHEMA%.TMS303SBE ADD CONSTRAINT  SBEMRT_O1401MENRECHT_FK FOREIGN KEY (SBEMRT) REFERENCES %SCHEMA%.O1401MENRECHT(MRTNUM)   ;
ALTER TABLE %SCHEMA%.TMS303SBE ADD CONSTRAINT  SBEPRT_O1602PREKOPF_FK FOREIGN KEY (SBEPRT) REFERENCES %SCHEMA%.O1602PREKOPF(PRKNUM)   ;
ALTER TABLE %SCHEMA%.TMS303SBE ADD CONSTRAINT  SBESRT_O1802SCHALTRTE_FK FOREIGN KEY (SBESRT) REFERENCES %SCHEMA%.O1802SCHALTRTE(SRTNUM)   ;
ALTER TABLE %SCHEMA%.TMS321KTK ADD CONSTRAINT  KTKZKN_TMS130ZKT_FK FOREIGN KEY (KTKZKN) REFERENCES %SCHEMA%.TMS130ZKT(ZKTNUM)   ;
ALTER TABLE %SCHEMA%.TMS321KTK ADD CONSTRAINT  KTKZKT_TMS130ZKT_FK FOREIGN KEY (KTKZKT) REFERENCES %SCHEMA%.TMS130ZKT(ZKTNUM)   ;
CREATE TABLE %SCHEMA%.TMS320LB4 (
    LBRSBE	VARCHAR(8) NOT NULL,
    LBRPNR	VARCHAR(8) NOT NULL,
    LBRDTM	DATE ,
    LBRSPB	DECIMAL(1,0) DEFAULT 0 ,
    LBRTGB	DECIMAL(1,0) DEFAULT 0 ,
    LBRPKT	DECIMAL(1,0) DEFAULT 0 ,
    LBRBIS	DATE ,
    CONSTRAINT TMS320LB4_PK PRIMARY KEY(LBRSBE,LBRPNR));

CREATE INDEX TMS402ZPK_IDX
    ON TMSYSTEM.TMS402ZPK(ZPKASW, ZPKDTM)
;
CREATE INDEX TMS321BCH_IDX
    ON %SCHEMA%.TMS321BCH(BCHPNR, BCHVON)
;
ALTER TABLE %SCHEMA%.O1002ABTEILUNG ADD ( ABTZUO DECIMAL(4,0) );
ALTER TABLE %SCHEMA%.O1003KSTSTELLE ADD ( KSTZUO DECIMAL(4,0) );
ALTER TABLE TMSYSTEM.TMS801GRP ADD GRPKLA NUMERIC(1,0) DEFAULT 0;
ALTER TABLE TMSYSTEM.TMS801GRP ADD GRPKLZ NUMERIC(1,0) DEFAULT 0;
ALTER TABLE TMSYSTEM.TMS801GRP ADD GRPFLC NUMERIC(5,0) DEFAULT 0 NOT NULL;
UPDATE TMSYSTEM.TMS801GRP SET GRPFLC = 0  WHERE GRPFLC IS NULL;
ALTER TABLE TMSYSTEM.TMS801GRP	DROP CONSTRAINT TMS801GRP_PK;
ALTER TABLE TMSYSTEM.TMS801GRP	ADD CONSTRAINT TMS801GRP_PK PRIMARY KEY (GRPLIZ, GRPMND, GRPDWH, GRPTYP, GRPKEY, GRPGPO, GRPPOS, GRPSTT, GRPSBE, GRPFLC);

CREATE TABLE TMSYSTEM.TMS899SUR (
     MNDLIZ VARCHAR(5) NOT NULL,
     MNDNUM VARCHAR(5) NOT NULL,
     SURNAM	VARCHAR(10) NOT NULL,
     SURTXT VARCHAR(50),
     SURVMO	NUMERIC(2,0),
     SURMAX	NUMERIC(5,0),
     SURMIN	NUMERIC(5,0),
     SURMOD	NUMERIC(1,0),

     SU1AGR	NUMERIC(5,0),
     SU1MON	NUMERIC(2,0),
     SU1TGE	NUMERIC(5,0),
     SU1MAX	NUMERIC(5,0),

     SU2ZKT	VARCHAR(5)  ,
     SU2STD	NUMERIC(5,0) DEFAULT 0 NOT NULL,
     SU2TGE NUMERIC(5,0),
     SU2ZK2	VARCHAR(5),
     SU2ZK3	VARCHAR(5),
     SU2ZK4	VARCHAR(5),

     SU3AGR NUMERIC(5,0) DEFAULT 0 NOT NULL,
     SU3STD NUMERIC(5,0) DEFAULT 0 NOT NULL,
     SU3TGE NUMERIC(5,0),
     SU3ZKT	VARCHAR(5) NOT NULL,
     SU3FKT NUMERIC(3,0),
     SU3ZK1	VARCHAR(5),
     SU3FK1 NUMERIC(3,0),
     SU3ZK2	VARCHAR(5),
     SU3FK2 NUMERIC(3,0),
     SU3ZK3	VARCHAR(5),
     SU3FK3 NUMERIC(3,0),

     SURDAT TIMESTAMP DEFAULT CURRENT_TIMESTAMP,
CONSTRAINT TMS899SUR_PK PRIMARY KEY(MNDLIZ, MNDNUM, SURNAM, SU1AGR, SU2ZKT, SU2STD, SU3AGR, SU3STD, SU3ZKT)
 );
-- LOHNFORTZAHLUNG DETAILSÄTZE
DROP TABLE %SCHEMA%.TMS154LF1;
CREATE TABLE %SCHEMA%.TMS154LF1
  (LF1NUM VARCHAR(5),
   LF1ZRV DECIMAL(5,0),
   LF1ZRB DECIMAL(5,0),
   LF1LT1 DECIMAL(5,0),
   LF1LT2 DECIMAL(5,0),
   LF1FC1 VARCHAR(50),
   LF1FC2 VARCHAR(50),
   LF1FZK DECIMAL(5,0),
   LF1STA DECIMAL(5,0) DEFAULT 1,
   LF1DAT DATETIME,
   LF1ERF VARCHAR(50) BINARY DEFAULT 'TIMESYS',
   PRIMARY KEY(LF1NUM))
   ENGINE=INNODB DEFAULT CHARSET=LATIN1 COMMENT='TIMENSION'
;

DROP TABLE %SCHEMA%.TMS155SU3;
CREATE TABLE %SCHEMA%.TMS155SU3 (
    SU3NAM VARCHAR(10) NOT NULL,
    SU3AGR DECIMAL(5,0) NOT NULL,
    SU3STD DECIMAL(5,0) NOT NULL,
    SU3TGE DECIMAL(5,0) NULL,
    SU3ZKT VARCHAR(5) NOT NULL,
    SU3FKT DECIMAL(3,0) NULL,
    SU3ZK1 VARCHAR(5) NULL,
    SU3FK1 DECIMAL(3,0) NULL,
    SU3ZK2 VARCHAR(5) NULL,
    SU3FK2 DECIMAL(3,0) NULL,
    SU3ZK3 VARCHAR(5) NULL,
    SU3FK3 DECIMAL(3,0) NULL,
    SU3STA DECIMAL(5,0) DEFAULT 1,
    SU3ERF VARCHAR(50) BINARY DEFAULT 'SYSTEM',
    SU3DAT DATETIME,
    PRIMARY KEY (SU3NAM,SU3AGR,SU3STD,SU3ZKT))
    ENGINE=INNODB DEFAULT CHARSET=LATIN1 COMMENT='TIMENSION'
;

ALTER TABLE %SCHEMA%.TMS155URL ADD
( URLJST VARCHAR(5) BINARY DEFAULT '31.12',
  URLBJ1 DECIMAL(5,0) NULL,
  URLBJ2 DECIMAL(5,0) NULL,
  URLBJ3 DECIMAL(5,0) NULL,
  URLAJ1 DECIMAL(7,2) NULL,
  URLAJ2 DECIMAL(7,2) NULL,
  URLAJ3 DECIMAL(7,2) NULL
);


DROP VIEW %SCHEMA%.URLAUBSMODELL;
CREATE VIEW %SCHEMA%.URLAUBSMODELL
   ( SURSURNAM,SURSURTXT,SURSURVMO,SURSURMAX,SURSURMIN,SURSURSTA,SURSURERF,SURSURDAT,SURSURMOD,
     SURSU2ZKT,SURSU2STD,SURSU2TGE,SURSU2ZK2,SURSU2ZK3,SURSU2ZK4,
     SURSU1AGR,SURSU1MON,SURSU1TGE,SURSU1MAX,
     SURSU3AGR,SURSU3STD,SURSU3TGE,SURSU3ZKT,SURSU3FKT,SURSU3ZK1,SURSU3FK1,SURSU3ZK2,SURSU3FK2,SURSU3ZK3,SURSU3FK3,
     SURSU1STA,SURSU2STA,SURSU3STA)

AS SELECT SURNAM,SURTXT,SURVMO,SURMAX,SURMIN,SURSTA,SURERF,SURDAT,SURMOD,
          '',0,0,'','','',
          '','','','',
          '',0,0,'','','','','','','','',
          1,1,1
     FROM %SCHEMA%.TMS155SUR
;

DROP VIEW %SCHEMA%.LOHNFORTZ;
CREATE VIEW %SCHEMA%.LOHNFORTZ
  (LHNLFZNUM, LHNLFZTXT,
   LHNLF1ZRV, LHNLF1ZRB, LHNLF1LT1, LHNLF1LT2, LHNLF1FC1, LHNLF1FC2, LHNLF1FZK,
   LHNLFZSTA, LHNLFZDAT, LHNLFZERF, LHNLF1NUM)
  AS
  SELECT LFZNUM, LFZTXT, LF1ZRV, LF1ZRB, LF1LT1, LF1LT2, LF1FC1, LF1FC2, LF1FZK,
         LFZSTA, LF1DAT, LF1ERF, LF1NUM
    FROM %SCHEMA%.TMS154LFZ, %SCHEMA%.TMS154LF1 A
   WHERE LFZNUM = A.LF1NUM
     AND A.LF1ZRV = (SELECT MIN(B.LF1ZRV) FROM %SCHEMA%.TMS154LF1 B WHERE B.LF1NUM = LFZNUM);

DROP VIEW %SCHEMA%.LOHNFORTZ_ALL;
CREATE VIEW %SCHEMA%.LOHNFORTZ_ALL
  (LHNLFZNUM, LHNLFZTXT,
   LHNLF1ZRV, LHNLF1ZRB, LHNLF1LT1, LHNLF1LT2, LHNLF1FC1, LHNLF1FC2, LHNLF1FZK,
   LHNLFZSTA, LHNLFZDAT, LHNLFZERF, LHNLF1NUM)
  AS
  SELECT LFZNUM, LFZTXT, LF1ZRV, LF1ZRB, LF1LT1, LF1LT2, LF1FC1, LF1FC2, LF1FZK,
         LFZSTA, LF1DAT, LF1ERF, LF1NUM
    FROM %SCHEMA%.TMS154LFZ, %SCHEMA%.TMS154LF1 A
   WHERE LFZNUM = A.LF1NUM;
ALTER TABLE TMSYSTEM.O2002TSW ADD TSWAMP VARCHAR(5) ;
ALTER TABLE %SCHEMA%.TMS327TAG ADD TAGAKP DECIMAL(5,0) DEFAULT -1;

ALTER TABLE %SCHEMA%.TMS328BUP ADD (BUPKST VARCHAR(30));
Alter Table TMSYSTEM.TMS301ASW ADD ASWKST VARCHAR(30);
-- Auftragsnummer : 160066 Zuständig: Kowalsky --------------
INSERT INTO TMSYSTEM.TMS102FTX(FTXNUM, FTXTYP, FTXLAN, FTXDEZ, FTXSTA, FTXERF) VALUES(701082, 10,10, 0, 1, 'TIMESYS');
INSERT INTO TMSYSTEM.TMS102FTX(FTXNUM, FTXTYP, FTXLAN, FTXDEZ, FTXSTA, FTXERF) VALUES(701083, 10,10, 0, 1, 'TIMESYS');
INSERT INTO TMSYSTEM.TMS102WHL(FTXNUMSPR, FTXWHL, FTXSPR, FTXT50, FTXT30, FTXT10, FTXT05, FTXMSK, FTXDOK, FTXPRG, FTXCLS, FTXSTASPR, FTXERFSPR)
  VALUES(701083, 0, 1, 'Aufgaben anzeigen', NULL, NULL, NULL, 3, NULL, NULL, NULL, 1, 'TIMESYS-0037');
INSERT INTO TMSYSTEM.TMS102WHL(FTXNUMSPR, FTXWHL, FTXSPR, FTXT50, FTXT30, FTXT10, FTXT05, FTXMSK, FTXDOK, FTXPRG, FTXCLS, FTXSTASPR, FTXERFSPR)
  VALUES(701083, 0, 2, 'Show tasks', NULL, NULL, NULL, 3, NULL, NULL, NULL, 1, 'TIMESYS-0037');
INSERT INTO TMSYSTEM.TMS102WHL(FTXNUMSPR, FTXWHL, FTXSPR, FTXT50, FTXT30, FTXT10, FTXT05, FTXMSK, FTXDOK, FTXPRG, FTXCLS, FTXSTASPR, FTXERFSPR)
  VALUES(701083, 0, 3, 'Afficher tâches', NULL, NULL, NULL, 3, NULL, NULL, NULL, 1, 'TIMESYS-0037');
INSERT INTO TMSYSTEM.TMS102WHL(FTXNUMSPR, FTXWHL, FTXSPR, FTXT50, FTXT30, FTXT10, FTXT05, FTXMSK, FTXDOK, FTXPRG, FTXCLS, FTXSTASPR, FTXERFSPR)
  VALUES(701083, 0, 4, 'Taken weergeven', NULL, NULL, NULL, 3, NULL, NULL, NULL, 1, 'TIMESYS-0037');
INSERT INTO TMSYSTEM.TMS102WHL(FTXNUMSPR, FTXWHL, FTXSPR, FTXT50, FTXT30, FTXT10, FTXT05, FTXMSK, FTXDOK, FTXPRG, FTXCLS, FTXSTASPR, FTXERFSPR)
  VALUES(701083, 0, 5, 'Mostra compiti', NULL, NULL, NULL, 3, NULL, NULL, NULL, 1, 'TIMESYS-0037');
INSERT INTO TMSYSTEM.TMS102WHL(FTXNUMSPR, FTXWHL, FTXSPR, FTXT50, FTXT30, FTXT10, FTXT05, FTXMSK, FTXDOK, FTXPRG, FTXCLS, FTXSTASPR, FTXERFSPR)
  VALUES(701083, 0, 7, 'Visualizar tareas', NULL, NULL, NULL, 3, NULL, NULL, NULL, 1, 'TIMESYS-0037');
INSERT INTO tmsystem.tms100tbs(TBSTNA, TBSLFD, TBSFNA, TBSFNR, TBSAUS, TBSINI, TBSFNU, TBSBZG, TBSKEY, TBSIND, TBSMUS, TBSSTA, TBSERF)
  VALUES('Tms701Plg', 32, 'PlgKst', 701082, 0, NULL, NULL, 0, 0, 1, 0, 1,  'Timesys');
INSERT INTO tmsystem.tms100tbs(TBSTNA, TBSLFD, TBSFNA, TBSFNR, TBSAUS, TBSINI, TBSFNU, TBSBZG, TBSKEY, TBSIND, TBSMUS, TBSSTA, TBSERF)
  VALUES('Tms701Plg', 33, 'PlgAfg', 701083, 0, NULL, NULL, 0, 0, 1, 0, 1,  'Timesys');
INSERT INTO TMSYSTEM.TMS103FRM(FRMNAM, FRMLFD, FRMFLD, FRMBEA, FRMTXT, FRMBBR, FRMBXP, FRMBYP, FRMWBR, FRMWXP, FRMWYP, FRMAUF, FRMABF, FRMPOS, FRMCLS, FRMZRR, FRMFFO, FRMPRF, FRMBOX, FRMSTA,  FRMERF, FRMIDX)
  VALUES('Tms701Plg', 35, 'PlgKst', 5, 1, 5, 420, 375, 5, 550, 375, 1, NULL, 1, NULL, 1, NULL, 0, 0, 1,  'TIMESYS', 36);
INSERT INTO TMSYSTEM.TMS103FRM(FRMNAM, FRMLFD, FRMFLD, FRMBEA, FRMTXT, FRMBBR, FRMBXP, FRMBYP, FRMWBR, FRMWXP, FRMWYP, FRMAUF, FRMABF, FRMPOS, FRMCLS, FRMZRR, FRMFFO, FRMPRF, FRMBOX, FRMSTA,  FRMERF, FRMIDX)
  VALUES('Tms701Plg', 36, 'PlgAfg', 5, 1, 5, 420, 375, 5, 550, 375, 1, NULL, 1, NULL, 1, NULL, 0, 0, 1,  'TIMESYS', 37);
INSERT INTO %SCHEMA%.G1302FRMRTELST(FRMRTENAM, FRMRTEFMR, FRMRTEFLD, FRMRTEDAR, FRMRTESTA, FRMRTEERF, FRMRTEBKZ, FRMRTEMDU)
SELECT FRENUM, 'Tms701Plg', 'PlgKst', 3, 1, 'TIMESYS', 0, 0 FROM %SCHEMA%.O1301FRMRECHT
WHERE (select COUNT(*) from %SCHEMA%.G1301FRMRTE where FRMRTEFRM =  'Tms701Plg' and FRENUM = FRMRTENUM) > 0;
INSERT INTO %SCHEMA%.G1302FRMRTELST(FRMRTENAM, FRMRTEFMR, FRMRTEFLD, FRMRTEDAR, FRMRTESTA, FRMRTEERF, FRMRTEBKZ, FRMRTEMDU)
SELECT FRENUM, 'Tms701Plg', 'PlgAfg', 3, 1, 'TIMESYS', 0, 0 FROM %SCHEMA%.O1301FRMRECHT
WHERE (select COUNT(*) from %SCHEMA%.G1301FRMRTE where FRMRTEFRM =  'Tms701Plg' and FRENUM = FRMRTENUM) > 0;
update tmsystem.tms102ftx set ftxtyp = 4, ftxlan = 5, ftxdez = 2 where ftxnum = 708008;
-- Auftragsnummer : 160173 Zuständig: Golla --------------
INSERT INTO TMSYSTEM.TMS102FTX(FTXNUM, FTXTYP, FTXLAN, FTXDEZ, FTXSTA)
  VALUES(15, 1, 50, 0, 0);
INSERT INTO TMSYSTEM.O1201FORMULAR(FMRNUM, FMRART,FMRLNK,FMRFLD,FMRWHL,FMRTXT,FMRSTA,FMRMOD,FMRFRM,FMRRTE,FMRMNU,FMRMDL)
VALUES('PzmGrpKorrektur', 0, 'common/welcome.php', 120101, 220, 'Korrekturen Menue Punkt', 1, 3, 0, 0, 0, 3);
INSERT INTO TMSYSTEM.O1201FORMULAR(FMRNUM, FMRART, FMRLNK, FMRFLD, FMRWHL, FMRTXT, FMRSTA, FMRMOD, FMRFRM, FMRRTE, FMRMNU, FMRMDL)
VALUES('belegerfassen', 0, 'pzm/gruppenkorrektur/belegerfassen/belegerf.php', 120101, 971, 'Belegerfassung', 1, 3, 0, 0, 0, 3);
INSERT INTO TMSYSTEM.O1201FORMULAR(FMRNUM, FMRART, FMRLNK, FMRFLD, FMRWHL, FMRTXT, FMRSTA, FMRMOD, FMRFRM, FMRRTE, FMRMNU, FMRMDL)
VALUES('belegerfajax', 0, 'pzm/gruppenkorrektur/belegerfassen/beleg.ajax.php', 120101, 0, 'Belegerfassung', 1, 3, 0, 0, 0, 3);
INSERT INTO TMSYSTEM.O1201FORMULAR(FMRNUM, FMRART, FMRLNK, FMRFLD, FMRWHL, FMRTXT, FMRSTA, FMRMOD, FMRFRM, FMRRTE, FMRMNU, FMRMDL)
VALUES('ueberzeiten', 0, 'pzm/gruppenkorrektur/ueberzeiten/uebzeiten.php', 120101, 972, 'Ueberzeiten', 1, 3, 0, 0, 0, 3);
INSERT INTO TMSYSTEM.O1201FORMULAR(FMRNUM, FMRART, FMRLNK, FMRFLD, FMRWHL, FMRTXT, FMRSTA, FMRMOD, FMRFRM, FMRRTE, FMRMNU, FMRMDL)
VALUES('uebzeiteajax', 0, 'pzm/gruppenkorrektur/ueberzeiten/uebzeit.ajax.php', 120101, 0, 'ueberzeiten', 1, 3, 0, 0, 0, 3);
INSERT INTO TMSYSTEM.O1201FORMULAR(FMRNUM, FMRART, FMRLNK, FMRFLD, FMRWHL, FMRTXT, FMRSTA, FMRMOD, FMRFRM, FMRRTE, FMRMNU, FMRMDL)
VALUES('uebzeitMaske', 0, 'pzm/gruppenkorrektur/ueberzeiten/uebzeitMaske.php', 120101, 125 ,
'Zeitkonten umbuchung schicht 1', 1, 0, 0, 0, 0, 0);
INSERT INTO TMSYSTEM.O1201FORMULAR(FMRNUM, FMRART, FMRLNK, FMRFLD, FMRWHL, FMRTXT, FMRSTA, FMRMOD, FMRFRM, FMRRTE, FMRMNU, FMRMDL)
VALUES('schnellerfassen', 0, 'pzm/gruppenkorrektur/schnellerfassen/schnelerf.php', 120101, 417, 'Schnellerfassung', 1, 3, 0, 0, 0, 3);
INSERT INTO TMSYSTEM.O1201FORMULAR(FMRNUM, FMRART, FMRLNK, FMRFLD, FMRWHL, FMRTXT, FMRSTA, FMRMOD, FMRFRM, FMRRTE, FMRMNU, FMRMDL)
VALUES('schnerfMaske', 0, 'pzm/gruppenkorrektur/schnellerfassen/schnMaske.php', 120101, 417 ,
'Aus der Schnelleerfassen Zeitkonten', 1, 0, 0, 0, 0, 0);
INSERT INTO TMSYSTEM.O1201FORMULAR(FMRNUM, FMRART, FMRLNK, FMRFLD, FMRWHL, FMRTXT, FMRSTA, FMRMOD, FMRFRM, FMRRTE, FMRMNU, FMRMDL)
VALUES('schnerfajax', 0, 'pzm/gruppenkorrektur/schnellerfassen/schn.ajax.php', 120101, 0, 'schnellerf', 1, 3, 0, 0, 0, 3);
INSERT INTO TMSYSTEM.O1201FORMULAR(FMRNUM, FMRART, FMRLNK, FMRFLD, FMRWHL, FMRTXT, FMRSTA, FMRMOD, FMRFRM, FMRRTE, FMRMNU, FMRMDL)
VALUES('schnerfZkb', 0, 'pzm/gruppenkorrektur/schnellerfassen/schnZkb.php', 120101, 417 ,
'Aus der Schnelleerfassen Zeitkonten', 1, 0, 0, 0, 0, 0);
INSERT INTO TMSYSTEM.O1201FORMULAR(FMRNUM, FMRART, FMRLNK, FMRFLD, FMRWHL, FMRTXT, FMRSTA, FMRMOD, FMRFRM, FMRRTE, FMRMNU, FMRMDL)
VALUES('tagesdaten', 0, 'pzm/gruppenkorrektur/tagesdaten/tagdata.php', 120101, 265, 'Tagesdaten', 1, 3, 0, 0, 0, 3);
INSERT INTO TMSYSTEM.O1201FORMULAR(FMRNUM, FMRART, FMRLNK, FMRFLD, FMRWHL, FMRTXT, FMRSTA, FMRMOD, FMRFRM, FMRRTE, FMRMNU, FMRMDL)
VALUES('tagdatenajax', 0, 'pzm/gruppenkorrektur/tagesdaten/tagdata.ajax.php', 120101, 0, 'tagesdaten', 1, 3, 0, 0, 0, 3);
delete FROM %SCHEMA%.G1301FRMRTE WHERE FRMRTEFRM =  'PzmGrpKorrektur';
UPDATE %SCHEMA%.G1202MENUELST SET MELFRM='PzmGrpKorrektur' WHERE MELMEN='TIMENSION' AND MELPOS=2140;
INSERT INTO %SCHEMA%.G1202MENUELST(MELMEN, MELFRM, MELSFR, MELBEA, MELPOS, MELDAR, MELFLD, MELFFR)
VALUES('TIMENSION', 'belegerfassen', NULL, 1, 2141, 1, NULL, 1);
INSERT INTO %SCHEMA%.G1202MENUELST(MELMEN, MELFRM, MELSFR, MELBEA, MELPOS, MELDAR, MELFLD, MELFFR)
VALUES('TIMENSION', 'ueberzeiten', NULL, 1, 2142, 1, NULL, 1);
INSERT INTO %SCHEMA%.G1202MENUELST(MELMEN, MELFRM, MELSFR, MELBEA, MELPOS, MELDAR, MELFLD, MELFFR)
VALUES('TIMENSION', 'schnellerfassen', NULL, 1, 2143, 1, NULL, 1);
INSERT INTO %SCHEMA%.G1202MENUELST(MELMEN, MELFRM, MELSFR, MELBEA, MELPOS, MELDAR, MELFLD, MELFFR)
VALUES('TIMENSION', 'tagesdaten', NULL, 1, 2144, 1, NULL, 1);
UPDATE %SCHEMA%.G1202MENUELST SET MELFRM='PzmGrpKorrektur' where MELFRM= 'PzmKorrekturenGruppe';
INSERT INTO TMSYSTEM.O1803FRMSCHALTLST(FRMSFLFRM, FRMSFLSCH, FRMSFLFUN, FRMSFLSTA, FRMSFLERF)
VALUES('PzmGrpKorrektur', 'TMS001', NULL, 1, 'TIMESYS');
INSERT INTO TMSYSTEM.O1803FRMSCHALTLST(FRMSFLFRM, FRMSFLSCH, FRMSFLFUN, FRMSFLSTA, FRMSFLERF)
VALUES('PzmGrpKorrektur', 'TMS002', 'loadTerminalManager(''PZM'')', 1, 'TIMESYS');
INSERT INTO TMSYSTEM.O1803FRMSCHALTLST(FRMSFLFRM, FRMSFLSCH, FRMSFLFUN, FRMSFLSTA, FRMSFLERF)
VALUES('PzmGrpKorrektur', 'TMS003', 'goBack()', 1, 'TIMESYS');
INSERT INTO TMSYSTEM.O1803FRMSCHALTLST(FRMSFLFRM, FRMSFLSCH, FRMSFLFUN, FRMSFLSTA, FRMSFLERF)
VALUES('PzmGrpKorrektur', 'TMS004', 'goForward()', 1, 'TIMESYS');
INSERT INTO TMSYSTEM.O1803FRMSCHALTLST(FRMSFLFRM, FRMSFLSCH, FRMSFLFUN, FRMSFLSTA, FRMSFLERF)
VALUES('PzmGrpKorrektur', 'TMS005', NULL, 1, 'TIMESYS');
INSERT INTO TMSYSTEM.O1803FRMSCHALTLST(FRMSFLFRM, FRMSFLSCH, FRMSFLFUN, FRMSFLSTA, FRMSFLERF)
VALUES('PzmGrpKorrektur', 'TMS006', 'location.reload()', 1, 'TIMESYS');
INSERT INTO TMSYSTEM.O1803FRMSCHALTLST(FRMSFLFRM, FRMSFLSCH, FRMSFLFUN, FRMSFLSTA, FRMSFLERF)
VALUES('PzmGrpKorrektur', 'TMS007', 'goHome()', 1, 'TIMESYS');
INSERT INTO TMSYSTEM.O1803FRMSCHALTLST(FRMSFLFRM, FRMSFLSCH, FRMSFLFUN, FRMSFLSTA, FRMSFLERF)
VALUES('PzmGrpKorrektur', 'TMS009', 'helpMe()', 1, 'TIMESYS');
INSERT INTO TMSYSTEM.O1803FRMSCHALTLST(FRMSFLFRM, FRMSFLSCH, FRMSFLFUN, FRMSFLSTA, FRMSFLERF)
VALUES('PzmGrpKorrektur', 'TMS010', 'changeLanguage()', 1, 'TIMESYS');
INSERT INTO TMSYSTEM.O1803FRMSCHALTLST(FRMSFLFRM, FRMSFLSCH, FRMSFLFUN, FRMSFLSTA, FRMSFLERF)
VALUES('PzmGrpKorrektur', 'TMS011', 'changePassword()', 1, 'TIMESYS');
INSERT INTO TMSYSTEM.O1803FRMSCHALTLST(FRMSFLFRM, FRMSFLSCH, FRMSFLFUN, FRMSFLSTA, FRMSFLERF)
VALUES('PzmGrpKorrektur', 'TMS012', 'changeFirma()', 1, 'TIMESYS');
INSERT INTO TMSYSTEM.O1803FRMSCHALTLST(FRMSFLFRM, FRMSFLSCH, FRMSFLFUN, FRMSFLSTA, FRMSFLERF)
VALUES('PzmGrpKorrektur', 'TMS030', 'doLogout()', 1, 'TIMESYS');
INSERT INTO TMSYSTEM.O1803FRMSCHALTLST(FRMSFLFRM, FRMSFLSCH, FRMSFLFUN, FRMSFLSTA, FRMSFLERF)
VALUES('PzmGrpKorrektur', 'TMS033', 'myTimension()', 1, 'TIMESYS');
INSERT INTO TMSYSTEM.O1803FRMSCHALTLST(FRMSFLFRM, FRMSFLSCH, FRMSFLFUN, FRMSFLSTA, FRMSFLERF)
VALUES('PzmGrpKorrektur', 'TMS204', 'openNewTmWindow()', 1, 'TIMESYS');
INSERT INTO TMSYSTEM.O1803FRMSCHALTLST(FRMSFLFRM, FRMSFLSCH, FRMSFLFUN, FRMSFLSTA, FRMSFLERF)
VALUES('PzmGrpKorrektur', 'TMS067', 'listAendHistorie()',1, 'TIMESYS');
INSERT INTO TMSYSTEM.O1803FRMSCHALTLST(FRMSFLFRM, FRMSFLSCH, FRMSFLFUN, FRMSFLSTA, FRMSFLERF)
VALUES('PzmGrpKorrektur', 'TMS068', 'mapprotokoll()',1, 'TIMESYS');
INSERT INTO TMSYSTEM.O1803FRMSCHALTLST(FRMSFLFRM, FRMSFLSCH, FRMSFLFUN, FRMSFLSTA, FRMSFLERF)
VALUES('belegerfassen', 'TMS001', NULL, 1, 'TIMESYS');
INSERT INTO TMSYSTEM.O1803FRMSCHALTLST(FRMSFLFRM, FRMSFLSCH, FRMSFLFUN, FRMSFLSTA, FRMSFLERF)
VALUES('belegerfassen', 'TMS002', 'loadTerminalManager(''PZM'')', 1, 'TIMESYS');
INSERT INTO TMSYSTEM.O1803FRMSCHALTLST(FRMSFLFRM, FRMSFLSCH, FRMSFLFUN, FRMSFLSTA, FRMSFLERF)
VALUES('belegerfassen', 'TMS003', 'goBack()', 1, 'TIMESYS');
INSERT INTO TMSYSTEM.O1803FRMSCHALTLST(FRMSFLFRM, FRMSFLSCH, FRMSFLFUN, FRMSFLSTA, FRMSFLERF)
VALUES('belegerfassen', 'TMS004', 'goForward()', 1, 'TIMESYS');
INSERT INTO TMSYSTEM.O1803FRMSCHALTLST(FRMSFLFRM, FRMSFLSCH, FRMSFLFUN, FRMSFLSTA, FRMSFLERF)
VALUES('belegerfassen', 'TMS005', NULL, 1, 'TIMESYS');
INSERT INTO TMSYSTEM.O1803FRMSCHALTLST(FRMSFLFRM, FRMSFLSCH, FRMSFLFUN, FRMSFLSTA, FRMSFLERF)
VALUES('belegerfassen', 'TMS006', 'location.reload()', 1, 'TIMESYS');
INSERT INTO TMSYSTEM.O1803FRMSCHALTLST(FRMSFLFRM, FRMSFLSCH, FRMSFLFUN, FRMSFLSTA, FRMSFLERF)
VALUES('belegerfassen', 'TMS007', 'goHome()', 1, 'TIMESYS');
INSERT INTO TMSYSTEM.O1803FRMSCHALTLST(FRMSFLFRM, FRMSFLSCH, FRMSFLFUN, FRMSFLSTA, FRMSFLERF)
VALUES('belegerfassen', 'TMS009', 'helpMe()', 1, 'TIMESYS');
INSERT INTO TMSYSTEM.O1803FRMSCHALTLST(FRMSFLFRM, FRMSFLSCH, FRMSFLFUN, FRMSFLSTA, FRMSFLERF)
VALUES('belegerfassen', 'TMS010', 'changeLanguage()', 1, 'TIMESYS');
INSERT INTO TMSYSTEM.O1803FRMSCHALTLST(FRMSFLFRM, FRMSFLSCH, FRMSFLFUN, FRMSFLSTA, FRMSFLERF)
VALUES('belegerfassen', 'TMS011', 'changePassword()', 1, 'TIMESYS');
INSERT INTO TMSYSTEM.O1803FRMSCHALTLST(FRMSFLFRM, FRMSFLSCH, FRMSFLFUN, FRMSFLSTA, FRMSFLERF)
VALUES('belegerfassen', 'TMS012', 'changeFirma()', 1, 'TIMESYS');
INSERT INTO TMSYSTEM.O1803FRMSCHALTLST(FRMSFLFRM, FRMSFLSCH, FRMSFLFUN, FRMSFLSTA, FRMSFLERF)
VALUES('belegerfassen', 'TMS030', 'doLogout()', 1, 'TIMESYS');
INSERT INTO TMSYSTEM.O1803FRMSCHALTLST(FRMSFLFRM, FRMSFLSCH, FRMSFLFUN, FRMSFLSTA, FRMSFLERF)
VALUES('belegerfassen', 'TMS033', 'myTimension()', 1, 'TIMESYS');
INSERT INTO TMSYSTEM.O1803FRMSCHALTLST(FRMSFLFRM, FRMSFLSCH, FRMSFLFUN, FRMSFLSTA, FRMSFLERF)
VALUES('belegerfassen', 'TMS204', 'openNewTmWindow()', 1, 'TIMESYS');
INSERT INTO TMSYSTEM.O1803FRMSCHALTLST(FRMSFLFRM, FRMSFLSCH, FRMSFLFUN, FRMSFLSTA, FRMSFLERF)
VALUES('belegerfassen', 'TMS067', 'listAendHistorie()',1, 'TIMESYS');
INSERT INTO TMSYSTEM.O1803FRMSCHALTLST(FRMSFLFRM, FRMSFLSCH, FRMSFLFUN, FRMSFLSTA, FRMSFLERF)
VALUES('belegerfassen', 'TMS068', 'mapprotokoll()',1, 'TIMESYS');
INSERT INTO TMSYSTEM.O1803FRMSCHALTLST(FRMSFLFRM, FRMSFLSCH, FRMSFLFUN, FRMSFLSTA, FRMSFLERF)
VALUES('ueberzeiten', 'TMS001', NULL, 1, 'TIMESYS');
INSERT INTO TMSYSTEM.O1803FRMSCHALTLST(FRMSFLFRM, FRMSFLSCH, FRMSFLFUN, FRMSFLSTA, FRMSFLERF)
VALUES('ueberzeiten', 'TMS002', 'loadTerminalManager(''PZM'')', 1, 'TIMESYS');
INSERT INTO TMSYSTEM.O1803FRMSCHALTLST(FRMSFLFRM, FRMSFLSCH, FRMSFLFUN, FRMSFLSTA, FRMSFLERF)
VALUES('ueberzeiten', 'TMS003', 'goBack()', 1, 'TIMESYS');
INSERT INTO TMSYSTEM.O1803FRMSCHALTLST(FRMSFLFRM, FRMSFLSCH, FRMSFLFUN, FRMSFLSTA, FRMSFLERF)
VALUES('ueberzeiten', 'TMS004', 'goForward()', 1, 'TIMESYS');
INSERT INTO TMSYSTEM.O1803FRMSCHALTLST(FRMSFLFRM, FRMSFLSCH, FRMSFLFUN, FRMSFLSTA, FRMSFLERF)
VALUES('ueberzeiten', 'TMS005', NULL, 1, 'TIMESYS');
INSERT INTO TMSYSTEM.O1803FRMSCHALTLST(FRMSFLFRM, FRMSFLSCH, FRMSFLFUN, FRMSFLSTA, FRMSFLERF)
VALUES('ueberzeiten', 'TMS006', 'location.reload()', 1, 'TIMESYS');
INSERT INTO TMSYSTEM.O1803FRMSCHALTLST(FRMSFLFRM, FRMSFLSCH, FRMSFLFUN, FRMSFLSTA, FRMSFLERF)
VALUES('ueberzeiten', 'TMS007', 'goHome()', 1, 'TIMESYS');
INSERT INTO TMSYSTEM.O1803FRMSCHALTLST(FRMSFLFRM, FRMSFLSCH, FRMSFLFUN, FRMSFLSTA, FRMSFLERF)
VALUES('ueberzeiten', 'TMS009', 'helpMe()', 1, 'TIMESYS');
INSERT INTO TMSYSTEM.O1803FRMSCHALTLST(FRMSFLFRM, FRMSFLSCH, FRMSFLFUN, FRMSFLSTA, FRMSFLERF)
VALUES('ueberzeiten', 'TMS010', 'changeLanguage()', 1, 'TIMESYS');
INSERT INTO TMSYSTEM.O1803FRMSCHALTLST(FRMSFLFRM, FRMSFLSCH, FRMSFLFUN, FRMSFLSTA, FRMSFLERF)
VALUES('ueberzeiten', 'TMS011', 'changePassword()', 1, 'TIMESYS');
INSERT INTO TMSYSTEM.O1803FRMSCHALTLST(FRMSFLFRM, FRMSFLSCH, FRMSFLFUN, FRMSFLSTA, FRMSFLERF)
VALUES('ueberzeiten', 'TMS012', 'changeFirma()', 1, 'TIMESYS');
INSERT INTO TMSYSTEM.O1803FRMSCHALTLST(FRMSFLFRM, FRMSFLSCH, FRMSFLFUN, FRMSFLSTA, FRMSFLERF)
VALUES('ueberzeiten', 'TMS030', 'doLogout()', 1, 'TIMESYS');
INSERT INTO TMSYSTEM.O1803FRMSCHALTLST(FRMSFLFRM, FRMSFLSCH, FRMSFLFUN, FRMSFLSTA, FRMSFLERF)
VALUES('ueberzeiten', 'TMS033', 'myTimension()', 1, 'TIMESYS');
INSERT INTO TMSYSTEM.O1803FRMSCHALTLST(FRMSFLFRM, FRMSFLSCH, FRMSFLFUN, FRMSFLSTA, FRMSFLERF)
VALUES('ueberzeiten', 'TMS204', 'openNewTmWindow()', 1, 'TIMESYS');
INSERT INTO TMSYSTEM.O1803FRMSCHALTLST(FRMSFLFRM, FRMSFLSCH, FRMSFLFUN, FRMSFLSTA, FRMSFLERF)
VALUES('ueberzeiten', 'TMS067', 'listAendHistorie()',1, 'TIMESYS');
INSERT INTO TMSYSTEM.O1803FRMSCHALTLST(FRMSFLFRM, FRMSFLSCH, FRMSFLFUN, FRMSFLSTA, FRMSFLERF)
VALUES('ueberzeiten', 'TMS068', 'mapprotokoll()',1, 'TIMESYS');
INSERT INTO TMSYSTEM.O1803FRMSCHALTLST(FRMSFLFRM, FRMSFLSCH, FRMSFLFUN, FRMSFLSTA, FRMSFLERF)
VALUES('schnellerfassen', 'TMS001', NULL, 1, 'TIMESYS');
INSERT INTO TMSYSTEM.O1803FRMSCHALTLST(FRMSFLFRM, FRMSFLSCH, FRMSFLFUN, FRMSFLSTA, FRMSFLERF)
VALUES('schnellerfassen', 'TMS002', 'loadTerminalManager(''PZM'')', 1, 'TIMESYS');
INSERT INTO TMSYSTEM.O1803FRMSCHALTLST(FRMSFLFRM, FRMSFLSCH, FRMSFLFUN, FRMSFLSTA, FRMSFLERF)
VALUES('schnellerfassen', 'TMS003', 'goBack()', 1, 'TIMESYS');
INSERT INTO TMSYSTEM.O1803FRMSCHALTLST(FRMSFLFRM, FRMSFLSCH, FRMSFLFUN, FRMSFLSTA, FRMSFLERF)
VALUES('schnellerfassen', 'TMS004', 'goForward()', 1, 'TIMESYS');
INSERT INTO TMSYSTEM.O1803FRMSCHALTLST(FRMSFLFRM, FRMSFLSCH, FRMSFLFUN, FRMSFLSTA, FRMSFLERF)
VALUES('schnellerfassen', 'TMS005', NULL, 1, 'TIMESYS');
INSERT INTO TMSYSTEM.O1803FRMSCHALTLST(FRMSFLFRM, FRMSFLSCH, FRMSFLFUN, FRMSFLSTA, FRMSFLERF)
VALUES('schnellerfassen', 'TMS006', 'location.reload()', 1, 'TIMESYS');
INSERT INTO TMSYSTEM.O1803FRMSCHALTLST(FRMSFLFRM, FRMSFLSCH, FRMSFLFUN, FRMSFLSTA, FRMSFLERF)
VALUES('schnellerfassen', 'TMS007', 'goHome()', 1, 'TIMESYS');
INSERT INTO TMSYSTEM.O1803FRMSCHALTLST(FRMSFLFRM, FRMSFLSCH, FRMSFLFUN, FRMSFLSTA, FRMSFLERF)
VALUES('schnellerfassen', 'TMS009', 'helpMe()', 1, 'TIMESYS');
INSERT INTO TMSYSTEM.O1803FRMSCHALTLST(FRMSFLFRM, FRMSFLSCH, FRMSFLFUN, FRMSFLSTA, FRMSFLERF)
VALUES('schnellerfassen', 'TMS010', 'changeLanguage()', 1, 'TIMESYS');
INSERT INTO TMSYSTEM.O1803FRMSCHALTLST(FRMSFLFRM, FRMSFLSCH, FRMSFLFUN, FRMSFLSTA, FRMSFLERF)
VALUES('schnellerfassen', 'TMS011', 'changePassword()', 1, 'TIMESYS');
INSERT INTO TMSYSTEM.O1803FRMSCHALTLST(FRMSFLFRM, FRMSFLSCH, FRMSFLFUN, FRMSFLSTA, FRMSFLERF)
VALUES('schnellerfassen', 'TMS012', 'changeFirma()', 1, 'TIMESYS');
INSERT INTO TMSYSTEM.O1803FRMSCHALTLST(FRMSFLFRM, FRMSFLSCH, FRMSFLFUN, FRMSFLSTA, FRMSFLERF)
VALUES('schnellerfassen', 'TMS030', 'doLogout()', 1, 'TIMESYS');
INSERT INTO TMSYSTEM.O1803FRMSCHALTLST(FRMSFLFRM, FRMSFLSCH, FRMSFLFUN, FRMSFLSTA, FRMSFLERF)
VALUES('schnellerfassen', 'TMS033', 'myTimension()', 1, 'TIMESYS');
INSERT INTO TMSYSTEM.O1803FRMSCHALTLST(FRMSFLFRM, FRMSFLSCH, FRMSFLFUN, FRMSFLSTA, FRMSFLERF)
VALUES('schnellerfassen', 'TMS204', 'openNewTmWindow()', 1, 'TIMESYS');
INSERT INTO TMSYSTEM.O1803FRMSCHALTLST(FRMSFLFRM, FRMSFLSCH, FRMSFLFUN, FRMSFLSTA, FRMSFLERF)
VALUES('schnellerfassen', 'TMS067', 'listAendHistorie()',1, 'TIMESYS');
INSERT INTO TMSYSTEM.O1803FRMSCHALTLST(FRMSFLFRM, FRMSFLSCH, FRMSFLFUN, FRMSFLSTA, FRMSFLERF)
VALUES('schnellerfassen', 'TMS068', 'mapprotokoll()',1, 'TIMESYS');
INSERT INTO TMSYSTEM.O1803FRMSCHALTLST(FRMSFLFRM, FRMSFLSCH, FRMSFLFUN, FRMSFLSTA, FRMSFLERF)
VALUES('tagesdaten', 'TMS001', NULL, 1, 'TIMESYS');
INSERT INTO TMSYSTEM.O1803FRMSCHALTLST(FRMSFLFRM, FRMSFLSCH, FRMSFLFUN, FRMSFLSTA, FRMSFLERF)
VALUES('tagesdaten', 'TMS002', 'loadTerminalManager(''PZM'')', 1, 'TIMESYS');
INSERT INTO TMSYSTEM.O1803FRMSCHALTLST(FRMSFLFRM, FRMSFLSCH, FRMSFLFUN, FRMSFLSTA, FRMSFLERF)
VALUES('tagesdaten', 'TMS003', 'goBack()', 1, 'TIMESYS');
INSERT INTO TMSYSTEM.O1803FRMSCHALTLST(FRMSFLFRM, FRMSFLSCH, FRMSFLFUN, FRMSFLSTA, FRMSFLERF)
VALUES('tagesdaten', 'TMS004', 'goForward()', 1, 'TIMESYS');
INSERT INTO TMSYSTEM.O1803FRMSCHALTLST(FRMSFLFRM, FRMSFLSCH, FRMSFLFUN, FRMSFLSTA, FRMSFLERF)
VALUES('tagesdaten', 'TMS005', NULL, 1, 'TIMESYS');
INSERT INTO TMSYSTEM.O1803FRMSCHALTLST(FRMSFLFRM, FRMSFLSCH, FRMSFLFUN, FRMSFLSTA, FRMSFLERF)
VALUES('tagesdaten', 'TMS006', 'location.reload()', 1, 'TIMESYS');
INSERT INTO TMSYSTEM.O1803FRMSCHALTLST(FRMSFLFRM, FRMSFLSCH, FRMSFLFUN, FRMSFLSTA, FRMSFLERF)
VALUES('tagesdaten', 'TMS007', 'goHome()', 1, 'TIMESYS');
INSERT INTO TMSYSTEM.O1803FRMSCHALTLST(FRMSFLFRM, FRMSFLSCH, FRMSFLFUN, FRMSFLSTA, FRMSFLERF)
VALUES('tagesdaten', 'TMS009', 'helpMe()', 1, 'TIMESYS');
INSERT INTO TMSYSTEM.O1803FRMSCHALTLST(FRMSFLFRM, FRMSFLSCH, FRMSFLFUN, FRMSFLSTA, FRMSFLERF)
VALUES('tagesdaten', 'TMS010', 'changeLanguage()', 1, 'TIMESYS');
INSERT INTO TMSYSTEM.O1803FRMSCHALTLST(FRMSFLFRM, FRMSFLSCH, FRMSFLFUN, FRMSFLSTA, FRMSFLERF)
VALUES('tagesdaten', 'TMS011', 'changePassword()', 1, 'TIMESYS');
INSERT INTO TMSYSTEM.O1803FRMSCHALTLST(FRMSFLFRM, FRMSFLSCH, FRMSFLFUN, FRMSFLSTA, FRMSFLERF)
VALUES('tagesdaten', 'TMS012', 'changeFirma()', 1, 'TIMESYS');
INSERT INTO TMSYSTEM.O1803FRMSCHALTLST(FRMSFLFRM, FRMSFLSCH, FRMSFLFUN, FRMSFLSTA, FRMSFLERF)
VALUES('tagesdaten', 'TMS030', 'doLogout()', 1, 'TIMESYS');
INSERT INTO TMSYSTEM.O1803FRMSCHALTLST(FRMSFLFRM, FRMSFLSCH, FRMSFLFUN, FRMSFLSTA, FRMSFLERF)
VALUES('tagesdaten', 'TMS033', 'myTimension()', 1, 'TIMESYS');
INSERT INTO TMSYSTEM.O1803FRMSCHALTLST(FRMSFLFRM, FRMSFLSCH, FRMSFLFUN, FRMSFLSTA, FRMSFLERF)
VALUES('tagesdaten', 'TMS204', 'openNewTmWindow()', 1, 'TIMESYS');
INSERT INTO TMSYSTEM.O1803FRMSCHALTLST(FRMSFLFRM, FRMSFLSCH, FRMSFLFUN, FRMSFLSTA, FRMSFLERF)
VALUES('tagesdaten', 'TMS067', 'listAendHistorie()',1, 'TIMESYS');
INSERT INTO TMSYSTEM.O1803FRMSCHALTLST(FRMSFLFRM, FRMSFLSCH, FRMSFLFUN, FRMSFLSTA, FRMSFLERF)
VALUES('tagesdaten', 'TMS068', 'mapprotokoll()',1, 'TIMESYS');
INSERT INTO %SCHEMA%.G1303FRMRTESCHALT(FRTSFLRTE, FRTSFLFRM, FRTSFLNUM, FRTSFLSTA, FRTSFLERF)
SELECT FRENUM, 'PzmGrpKorrektur', 'TMS001', 1, 'TIMESYS' FROM %SCHEMA%.O1301FRMRECHT
WHERE (select COUNT(*) from %SCHEMA%.G1301FRMRTE where FRMRTEFRM =  'PzmGrpKorrektur' and FRENUM = FRMRTENUM) > 0;
INSERT INTO %SCHEMA%.G1303FRMRTESCHALT(FRTSFLRTE, FRTSFLFRM, FRTSFLNUM, FRTSFLSTA, FRTSFLERF)
SELECT FRENUM, 'PzmGrpKorrektur', 'TMS002', 1, 'TIMESYS' FROM %SCHEMA%.O1301FRMRECHT
WHERE (select COUNT(*) from %SCHEMA%.G1301FRMRTE where FRMRTEFRM =  'PzmGrpKorrektur' and FRENUM = FRMRTENUM) > 0;
INSERT INTO %SCHEMA%.G1303FRMRTESCHALT(FRTSFLRTE, FRTSFLFRM, FRTSFLNUM, FRTSFLSTA, FRTSFLERF)
SELECT FRENUM, 'PzmGrpKorrektur', 'TMS003', 1, 'TIMESYS' FROM %SCHEMA%.O1301FRMRECHT
WHERE (select COUNT(*) from %SCHEMA%.G1301FRMRTE where FRMRTEFRM =  'PzmGrpKorrektur' and FRENUM = FRMRTENUM) > 0;
INSERT INTO %SCHEMA%.G1303FRMRTESCHALT(FRTSFLRTE, FRTSFLFRM, FRTSFLNUM, FRTSFLSTA, FRTSFLERF)
SELECT FRENUM, 'PzmGrpKorrektur', 'TMS004', 1, 'TIMESYS' FROM %SCHEMA%.O1301FRMRECHT
WHERE (select COUNT(*) from %SCHEMA%.G1301FRMRTE where FRMRTEFRM =  'PzmGrpKorrektur' and FRENUM = FRMRTENUM) > 0;
INSERT INTO %SCHEMA%.G1303FRMRTESCHALT(FRTSFLRTE, FRTSFLFRM, FRTSFLNUM, FRTSFLSTA, FRTSFLERF)
SELECT FRENUM, 'PzmGrpKorrektur', 'TMS005', 1, 'TIMESYS' FROM %SCHEMA%.O1301FRMRECHT
WHERE (select COUNT(*) from %SCHEMA%.G1301FRMRTE where FRMRTEFRM =  'PzmGrpKorrektur' and FRENUM = FRMRTENUM) > 0;
INSERT INTO %SCHEMA%.G1303FRMRTESCHALT(FRTSFLRTE, FRTSFLFRM, FRTSFLNUM, FRTSFLSTA, FRTSFLERF)
SELECT FRENUM, 'PzmGrpKorrektur', 'TMS006', 1, 'TIMESYS' FROM %SCHEMA%.O1301FRMRECHT
WHERE (select COUNT(*) from %SCHEMA%.G1301FRMRTE where FRMRTEFRM =  'PzmGrpKorrektur' and FRENUM = FRMRTENUM) > 0;
INSERT INTO %SCHEMA%.G1303FRMRTESCHALT(FRTSFLRTE, FRTSFLFRM, FRTSFLNUM, FRTSFLSTA, FRTSFLERF)
SELECT FRENUM, 'PzmGrpKorrektur', 'TMS007', 1, 'TIMESYS' FROM %SCHEMA%.O1301FRMRECHT
WHERE (select COUNT(*) from %SCHEMA%.G1301FRMRTE where FRMRTEFRM =  'PzmGrpKorrektur' and FRENUM = FRMRTENUM) > 0;
INSERT INTO %SCHEMA%.G1303FRMRTESCHALT(FRTSFLRTE, FRTSFLFRM, FRTSFLNUM, FRTSFLSTA, FRTSFLERF)
SELECT FRENUM, 'PzmGrpKorrektur', 'TMS009', 1, 'TIMESYS' FROM %SCHEMA%.O1301FRMRECHT
WHERE (select COUNT(*) from %SCHEMA%.G1301FRMRTE where FRMRTEFRM =  'PzmGrpKorrektur' and FRENUM = FRMRTENUM) > 0;
INSERT INTO %SCHEMA%.G1303FRMRTESCHALT(FRTSFLRTE, FRTSFLFRM, FRTSFLNUM, FRTSFLSTA, FRTSFLERF)
SELECT FRENUM, 'PzmGrpKorrektur', 'TMS010', 1, 'TIMESYS' FROM %SCHEMA%.O1301FRMRECHT
WHERE (select COUNT(*) from %SCHEMA%.G1301FRMRTE where FRMRTEFRM =  'PzmGrpKorrektur' and FRENUM = FRMRTENUM) > 0;
INSERT INTO %SCHEMA%.G1303FRMRTESCHALT(FRTSFLRTE, FRTSFLFRM, FRTSFLNUM, FRTSFLSTA, FRTSFLERF)
SELECT FRENUM, 'PzmGrpKorrektur', 'TMS011', 1, 'TIMESYS' FROM %SCHEMA%.O1301FRMRECHT
WHERE (select COUNT(*) from %SCHEMA%.G1301FRMRTE where FRMRTEFRM =  'PzmGrpKorrektur' and FRENUM = FRMRTENUM) > 0;
INSERT INTO %SCHEMA%.G1303FRMRTESCHALT(FRTSFLRTE, FRTSFLFRM, FRTSFLNUM, FRTSFLSTA, FRTSFLERF)
SELECT FRENUM, 'PzmGrpKorrektur', 'TMS012', 1, 'TIMESYS' FROM %SCHEMA%.O1301FRMRECHT
WHERE (select COUNT(*) from %SCHEMA%.G1301FRMRTE where FRMRTEFRM =  'PzmGrpKorrektur' and FRENUM = FRMRTENUM) > 0;
INSERT INTO %SCHEMA%.G1303FRMRTESCHALT(FRTSFLRTE, FRTSFLFRM, FRTSFLNUM, FRTSFLSTA, FRTSFLERF)
SELECT FRENUM, 'PzmGrpKorrektur', 'TMS030', 1, 'TIMESYS' FROM %SCHEMA%.O1301FRMRECHT
WHERE (select COUNT(*) from %SCHEMA%.G1301FRMRTE where FRMRTEFRM =  'PzmGrpKorrektur' and FRENUM = FRMRTENUM) > 0;
INSERT INTO %SCHEMA%.G1303FRMRTESCHALT(FRTSFLRTE, FRTSFLFRM, FRTSFLNUM, FRTSFLSTA, FRTSFLERF)
SELECT FRENUM, 'PzmGrpKorrektur', 'TMS033', 1, 'TIMESYS' FROM %SCHEMA%.O1301FRMRECHT
WHERE (select COUNT(*) from %SCHEMA%.G1301FRMRTE where FRMRTEFRM =  'PzmGrpKorrektur' and FRENUM = FRMRTENUM) > 0;
INSERT INTO %SCHEMA%.G1303FRMRTESCHALT(FRTSFLRTE, FRTSFLFRM, FRTSFLNUM, FRTSFLSTA, FRTSFLERF)
SELECT FRENUM, 'PzmGrpKorrektur', 'TMS204', 1, 'TIMESYS' FROM %SCHEMA%.O1301FRMRECHT
WHERE (select COUNT(*) from %SCHEMA%.G1301FRMRTE where FRMRTEFRM =  'PzmGrpKorrektur' and FRENUM = FRMRTENUM) > 0;
INSERT INTO %SCHEMA%.G1303FRMRTESCHALT(FRTSFLRTE, FRTSFLFRM, FRTSFLNUM, FRTSFLSTA, FRTSFLERF)
SELECT FRENUM, 'PzmGrpKorrektur', 'TMS067', 1, 'TIMESYS' FROM %SCHEMA%.O1301FRMRECHT
WHERE (select COUNT(*) from %SCHEMA%.G1301FRMRTE where FRMRTEFRM =  'PzmGrpKorrektur' and FRENUM = FRMRTENUM) > 0;
INSERT INTO %SCHEMA%.G1303FRMRTESCHALT(FRTSFLRTE, FRTSFLFRM, FRTSFLNUM, FRTSFLSTA, FRTSFLERF)
SELECT FRENUM, 'belegerfassen', 'TMS001', 1, 'TIMESYS' FROM %SCHEMA%.O1301FRMRECHT
WHERE (select COUNT(*) from %SCHEMA%.G1301FRMRTE where FRMRTEFRM =  'PzmGrpKorrektur' and FRENUM = FRMRTENUM) > 0;
INSERT INTO %SCHEMA%.G1303FRMRTESCHALT(FRTSFLRTE, FRTSFLFRM, FRTSFLNUM, FRTSFLSTA, FRTSFLERF)
SELECT FRENUM, 'belegerfassen', 'TMS002', 1, 'TIMESYS' FROM %SCHEMA%.O1301FRMRECHT
WHERE (select COUNT(*) from %SCHEMA%.G1301FRMRTE where FRMRTEFRM =  'PzmGrpKorrektur' and FRENUM = FRMRTENUM) > 0;
INSERT INTO %SCHEMA%.G1303FRMRTESCHALT(FRTSFLRTE, FRTSFLFRM, FRTSFLNUM, FRTSFLSTA, FRTSFLERF)
SELECT FRENUM, 'belegerfassen', 'TMS003', 1, 'TIMESYS' FROM %SCHEMA%.O1301FRMRECHT
WHERE (select COUNT(*) from %SCHEMA%.G1301FRMRTE where FRMRTEFRM =  'PzmGrpKorrektur' and FRENUM = FRMRTENUM) > 0;
INSERT INTO %SCHEMA%.G1303FRMRTESCHALT(FRTSFLRTE, FRTSFLFRM, FRTSFLNUM, FRTSFLSTA, FRTSFLERF)
SELECT FRENUM, 'belegerfassen', 'TMS004', 1, 'TIMESYS' FROM %SCHEMA%.O1301FRMRECHT
WHERE (select COUNT(*) from %SCHEMA%.G1301FRMRTE where FRMRTEFRM =  'PzmGrpKorrektur' and FRENUM = FRMRTENUM) > 0;
INSERT INTO %SCHEMA%.G1303FRMRTESCHALT(FRTSFLRTE, FRTSFLFRM, FRTSFLNUM, FRTSFLSTA, FRTSFLERF)
SELECT FRENUM, 'belegerfassen', 'TMS005', 1, 'TIMESYS' FROM %SCHEMA%.O1301FRMRECHT
WHERE (select COUNT(*) from %SCHEMA%.G1301FRMRTE where FRMRTEFRM =  'PzmGrpKorrektur' and FRENUM = FRMRTENUM) > 0;
INSERT INTO %SCHEMA%.G1303FRMRTESCHALT(FRTSFLRTE, FRTSFLFRM, FRTSFLNUM, FRTSFLSTA, FRTSFLERF)
SELECT FRENUM, 'belegerfassen', 'TMS006', 1, 'TIMESYS' FROM %SCHEMA%.O1301FRMRECHT
WHERE (select COUNT(*) from %SCHEMA%.G1301FRMRTE where FRMRTEFRM =  'PzmGrpKorrektur' and FRENUM = FRMRTENUM) > 0;
INSERT INTO %SCHEMA%.G1303FRMRTESCHALT(FRTSFLRTE, FRTSFLFRM, FRTSFLNUM, FRTSFLSTA, FRTSFLERF)
SELECT FRENUM, 'belegerfassen', 'TMS007', 1, 'TIMESYS' FROM %SCHEMA%.O1301FRMRECHT
WHERE (select COUNT(*) from %SCHEMA%.G1301FRMRTE where FRMRTEFRM =  'PzmGrpKorrektur' and FRENUM = FRMRTENUM) > 0;
INSERT INTO %SCHEMA%.G1303FRMRTESCHALT(FRTSFLRTE, FRTSFLFRM, FRTSFLNUM, FRTSFLSTA, FRTSFLERF)
SELECT FRENUM, 'belegerfassen', 'TMS009', 1, 'TIMESYS' FROM %SCHEMA%.O1301FRMRECHT
WHERE (select COUNT(*) from %SCHEMA%.G1301FRMRTE where FRMRTEFRM =  'PzmGrpKorrektur' and FRENUM = FRMRTENUM) > 0;
INSERT INTO %SCHEMA%.G1303FRMRTESCHALT(FRTSFLRTE, FRTSFLFRM, FRTSFLNUM, FRTSFLSTA, FRTSFLERF)
SELECT FRENUM, 'belegerfassen', 'TMS010', 1, 'TIMESYS' FROM %SCHEMA%.O1301FRMRECHT
WHERE (select COUNT(*) from %SCHEMA%.G1301FRMRTE where FRMRTEFRM =  'PzmGrpKorrektur' and FRENUM = FRMRTENUM) > 0;
INSERT INTO %SCHEMA%.G1303FRMRTESCHALT(FRTSFLRTE, FRTSFLFRM, FRTSFLNUM, FRTSFLSTA, FRTSFLERF)
SELECT FRENUM, 'belegerfassen', 'TMS011', 1, 'TIMESYS' FROM %SCHEMA%.O1301FRMRECHT
WHERE (select COUNT(*) from %SCHEMA%.G1301FRMRTE where FRMRTEFRM =  'PzmGrpKorrektur' and FRENUM = FRMRTENUM) > 0;
INSERT INTO %SCHEMA%.G1303FRMRTESCHALT(FRTSFLRTE, FRTSFLFRM, FRTSFLNUM, FRTSFLSTA, FRTSFLERF)
SELECT FRENUM, 'belegerfassen', 'TMS012', 1, 'TIMESYS' FROM %SCHEMA%.O1301FRMRECHT
WHERE (select COUNT(*) from %SCHEMA%.G1301FRMRTE where FRMRTEFRM =  'PzmGrpKorrektur' and FRENUM = FRMRTENUM) > 0;
INSERT INTO %SCHEMA%.G1303FRMRTESCHALT(FRTSFLRTE, FRTSFLFRM, FRTSFLNUM, FRTSFLSTA, FRTSFLERF)
SELECT FRENUM, 'belegerfassen', 'TMS030', 1, 'TIMESYS' FROM %SCHEMA%.O1301FRMRECHT
WHERE (select COUNT(*) from %SCHEMA%.G1301FRMRTE where FRMRTEFRM =  'PzmGrpKorrektur' and FRENUM = FRMRTENUM) > 0;
INSERT INTO %SCHEMA%.G1303FRMRTESCHALT(FRTSFLRTE, FRTSFLFRM, FRTSFLNUM, FRTSFLSTA, FRTSFLERF)
SELECT FRENUM, 'belegerfassen', 'TMS033', 1, 'TIMESYS' FROM %SCHEMA%.O1301FRMRECHT
WHERE (select COUNT(*) from %SCHEMA%.G1301FRMRTE where FRMRTEFRM =  'PzmGrpKorrektur' and FRENUM = FRMRTENUM) > 0;
INSERT INTO %SCHEMA%.G1303FRMRTESCHALT(FRTSFLRTE, FRTSFLFRM, FRTSFLNUM, FRTSFLSTA, FRTSFLERF)
SELECT FRENUM, 'belegerfassen', 'TMS204', 1, 'TIMESYS' FROM %SCHEMA%.O1301FRMRECHT
WHERE (select COUNT(*) from %SCHEMA%.G1301FRMRTE where FRMRTEFRM =  'PzmGrpKorrektur' and FRENUM = FRMRTENUM) > 0;
INSERT INTO %SCHEMA%.G1303FRMRTESCHALT(FRTSFLRTE, FRTSFLFRM, FRTSFLNUM, FRTSFLSTA, FRTSFLERF)
SELECT FRENUM, 'belegerfassen', 'TMS067', 1, 'TIMESYS' FROM %SCHEMA%.O1301FRMRECHT
WHERE (select COUNT(*) from %SCHEMA%.G1301FRMRTE where FRMRTEFRM =  'PzmGrpKorrektur' and FRENUM = FRMRTENUM) > 0;
INSERT INTO %SCHEMA%.G1303FRMRTESCHALT(FRTSFLRTE, FRTSFLFRM, FRTSFLNUM, FRTSFLSTA, FRTSFLERF)
SELECT FRENUM, 'ueberzeiten', 'TMS001', 1, 'TIMESYS' FROM %SCHEMA%.O1301FRMRECHT
WHERE (select COUNT(*) from %SCHEMA%.G1301FRMRTE where FRMRTEFRM =  'PzmGrpKorrektur' and FRENUM = FRMRTENUM) > 0;
INSERT INTO %SCHEMA%.G1303FRMRTESCHALT(FRTSFLRTE, FRTSFLFRM, FRTSFLNUM, FRTSFLSTA, FRTSFLERF)
SELECT FRENUM, 'ueberzeiten', 'TMS002', 1, 'TIMESYS' FROM %SCHEMA%.O1301FRMRECHT
WHERE (select COUNT(*) from %SCHEMA%.G1301FRMRTE where FRMRTEFRM =  'PzmGrpKorrektur' and FRENUM = FRMRTENUM) > 0;
INSERT INTO %SCHEMA%.G1303FRMRTESCHALT(FRTSFLRTE, FRTSFLFRM, FRTSFLNUM, FRTSFLSTA, FRTSFLERF)
SELECT FRENUM, 'ueberzeiten', 'TMS003', 1, 'TIMESYS' FROM %SCHEMA%.O1301FRMRECHT
WHERE (select COUNT(*) from %SCHEMA%.G1301FRMRTE where FRMRTEFRM =  'PzmGrpKorrektur' and FRENUM = FRMRTENUM) > 0;
INSERT INTO %SCHEMA%.G1303FRMRTESCHALT(FRTSFLRTE, FRTSFLFRM, FRTSFLNUM, FRTSFLSTA, FRTSFLERF)
SELECT FRENUM, 'ueberzeiten', 'TMS004', 1, 'TIMESYS' FROM %SCHEMA%.O1301FRMRECHT
WHERE (select COUNT(*) from %SCHEMA%.G1301FRMRTE where FRMRTEFRM =  'PzmGrpKorrektur' and FRENUM = FRMRTENUM) > 0;
INSERT INTO %SCHEMA%.G1303FRMRTESCHALT(FRTSFLRTE, FRTSFLFRM, FRTSFLNUM, FRTSFLSTA, FRTSFLERF)
SELECT FRENUM, 'ueberzeiten', 'TMS005', 1, 'TIMESYS' FROM %SCHEMA%.O1301FRMRECHT
WHERE (select COUNT(*) from %SCHEMA%.G1301FRMRTE where FRMRTEFRM =  'PzmGrpKorrektur' and FRENUM = FRMRTENUM) > 0;
INSERT INTO %SCHEMA%.G1303FRMRTESCHALT(FRTSFLRTE, FRTSFLFRM, FRTSFLNUM, FRTSFLSTA, FRTSFLERF)
SELECT FRENUM, 'ueberzeiten', 'TMS006', 1, 'TIMESYS' FROM %SCHEMA%.O1301FRMRECHT
WHERE (select COUNT(*) from %SCHEMA%.G1301FRMRTE where FRMRTEFRM =  'PzmGrpKorrektur' and FRENUM = FRMRTENUM) > 0;
INSERT INTO %SCHEMA%.G1303FRMRTESCHALT(FRTSFLRTE, FRTSFLFRM, FRTSFLNUM, FRTSFLSTA, FRTSFLERF)
SELECT FRENUM, 'ueberzeiten', 'TMS007', 1, 'TIMESYS' FROM %SCHEMA%.O1301FRMRECHT
WHERE (select COUNT(*) from %SCHEMA%.G1301FRMRTE where FRMRTEFRM =  'PzmGrpKorrektur' and FRENUM = FRMRTENUM) > 0;
INSERT INTO %SCHEMA%.G1303FRMRTESCHALT(FRTSFLRTE, FRTSFLFRM, FRTSFLNUM, FRTSFLSTA, FRTSFLERF)
SELECT FRENUM, 'ueberzeiten', 'TMS009', 1, 'TIMESYS' FROM %SCHEMA%.O1301FRMRECHT
WHERE (select COUNT(*) from %SCHEMA%.G1301FRMRTE where FRMRTEFRM =  'PzmGrpKorrektur' and FRENUM = FRMRTENUM) > 0;
INSERT INTO %SCHEMA%.G1303FRMRTESCHALT(FRTSFLRTE, FRTSFLFRM, FRTSFLNUM, FRTSFLSTA, FRTSFLERF)
SELECT FRENUM, 'ueberzeiten', 'TMS010', 1, 'TIMESYS' FROM %SCHEMA%.O1301FRMRECHT
WHERE (select COUNT(*) from %SCHEMA%.G1301FRMRTE where FRMRTEFRM =  'PzmGrpKorrektur' and FRENUM = FRMRTENUM) > 0;
INSERT INTO %SCHEMA%.G1303FRMRTESCHALT(FRTSFLRTE, FRTSFLFRM, FRTSFLNUM, FRTSFLSTA, FRTSFLERF)
SELECT FRENUM, 'ueberzeiten', 'TMS011', 1, 'TIMESYS' FROM %SCHEMA%.O1301FRMRECHT
WHERE (select COUNT(*) from %SCHEMA%.G1301FRMRTE where FRMRTEFRM =  'PzmGrpKorrektur' and FRENUM = FRMRTENUM) > 0;
INSERT INTO %SCHEMA%.G1303FRMRTESCHALT(FRTSFLRTE, FRTSFLFRM, FRTSFLNUM, FRTSFLSTA, FRTSFLERF)
SELECT FRENUM, 'ueberzeiten', 'TMS012', 1, 'TIMESYS' FROM %SCHEMA%.O1301FRMRECHT
WHERE (select COUNT(*) from %SCHEMA%.G1301FRMRTE where FRMRTEFRM =  'PzmGrpKorrektur' and FRENUM = FRMRTENUM) > 0;
INSERT INTO %SCHEMA%.G1303FRMRTESCHALT(FRTSFLRTE, FRTSFLFRM, FRTSFLNUM, FRTSFLSTA, FRTSFLERF)
SELECT FRENUM, 'ueberzeiten', 'TMS030', 1, 'TIMESYS' FROM %SCHEMA%.O1301FRMRECHT
WHERE (select COUNT(*) from %SCHEMA%.G1301FRMRTE where FRMRTEFRM =  'PzmGrpKorrektur' and FRENUM = FRMRTENUM) > 0;
INSERT INTO %SCHEMA%.G1303FRMRTESCHALT(FRTSFLRTE, FRTSFLFRM, FRTSFLNUM, FRTSFLSTA, FRTSFLERF)
SELECT FRENUM, 'ueberzeiten', 'TMS033', 1, 'TIMESYS' FROM %SCHEMA%.O1301FRMRECHT
WHERE (select COUNT(*) from %SCHEMA%.G1301FRMRTE where FRMRTEFRM =  'PzmGrpKorrektur' and FRENUM = FRMRTENUM) > 0;
INSERT INTO %SCHEMA%.G1303FRMRTESCHALT(FRTSFLRTE, FRTSFLFRM, FRTSFLNUM, FRTSFLSTA, FRTSFLERF)
SELECT FRENUM, 'ueberzeiten', 'TMS204', 1, 'TIMESYS' FROM %SCHEMA%.O1301FRMRECHT
WHERE (select COUNT(*) from %SCHEMA%.G1301FRMRTE where FRMRTEFRM =  'PzmGrpKorrektur' and FRENUM = FRMRTENUM) > 0;
INSERT INTO %SCHEMA%.G1303FRMRTESCHALT(FRTSFLRTE, FRTSFLFRM, FRTSFLNUM, FRTSFLSTA, FRTSFLERF)
SELECT FRENUM, 'ueberzeiten', 'TMS067', 1, 'TIMESYS' FROM %SCHEMA%.O1301FRMRECHT
WHERE (select COUNT(*) from %SCHEMA%.G1301FRMRTE where FRMRTEFRM =  'PzmGrpKorrektur' and FRENUM = FRMRTENUM) > 0;
INSERT INTO %SCHEMA%.G1303FRMRTESCHALT(FRTSFLRTE, FRTSFLFRM, FRTSFLNUM, FRTSFLSTA, FRTSFLERF)
SELECT FRENUM, 'schnellerfassen', 'TMS001', 1, 'TIMESYS' FROM %SCHEMA%.O1301FRMRECHT
WHERE (select COUNT(*) from %SCHEMA%.G1301FRMRTE where FRMRTEFRM =  'PzmGrpKorrektur' and FRENUM = FRMRTENUM) > 0;
INSERT INTO %SCHEMA%.G1303FRMRTESCHALT(FRTSFLRTE, FRTSFLFRM, FRTSFLNUM, FRTSFLSTA, FRTSFLERF)
SELECT FRENUM, 'schnellerfassen', 'TMS002', 1, 'TIMESYS' FROM %SCHEMA%.O1301FRMRECHT
WHERE (select COUNT(*) from %SCHEMA%.G1301FRMRTE where FRMRTEFRM =  'PzmGrpKorrektur' and FRENUM = FRMRTENUM) > 0;
INSERT INTO %SCHEMA%.G1303FRMRTESCHALT(FRTSFLRTE, FRTSFLFRM, FRTSFLNUM, FRTSFLSTA, FRTSFLERF)
SELECT FRENUM, 'schnellerfassen', 'TMS003', 1, 'TIMESYS' FROM %SCHEMA%.O1301FRMRECHT
WHERE (select COUNT(*) from %SCHEMA%.G1301FRMRTE where FRMRTEFRM =  'PzmGrpKorrektur' and FRENUM = FRMRTENUM) > 0;
INSERT INTO %SCHEMA%.G1303FRMRTESCHALT(FRTSFLRTE, FRTSFLFRM, FRTSFLNUM, FRTSFLSTA, FRTSFLERF)
SELECT FRENUM, 'schnellerfassen', 'TMS004', 1, 'TIMESYS' FROM %SCHEMA%.O1301FRMRECHT
WHERE (select COUNT(*) from %SCHEMA%.G1301FRMRTE where FRMRTEFRM =  'PzmGrpKorrektur' and FRENUM = FRMRTENUM) > 0;
INSERT INTO %SCHEMA%.G1303FRMRTESCHALT(FRTSFLRTE, FRTSFLFRM, FRTSFLNUM, FRTSFLSTA, FRTSFLERF)
SELECT FRENUM, 'schnellerfassen', 'TMS005', 1, 'TIMESYS' FROM %SCHEMA%.O1301FRMRECHT
WHERE (select COUNT(*) from %SCHEMA%.G1301FRMRTE where FRMRTEFRM =  'PzmGrpKorrektur' and FRENUM = FRMRTENUM) > 0;
INSERT INTO %SCHEMA%.G1303FRMRTESCHALT(FRTSFLRTE, FRTSFLFRM, FRTSFLNUM, FRTSFLSTA, FRTSFLERF)
SELECT FRENUM, 'schnellerfassen', 'TMS006', 1, 'TIMESYS' FROM %SCHEMA%.O1301FRMRECHT
WHERE (select COUNT(*) from %SCHEMA%.G1301FRMRTE where FRMRTEFRM =  'PzmGrpKorrektur' and FRENUM = FRMRTENUM) > 0;
INSERT INTO %SCHEMA%.G1303FRMRTESCHALT(FRTSFLRTE, FRTSFLFRM, FRTSFLNUM, FRTSFLSTA, FRTSFLERF)
SELECT FRENUM, 'schnellerfassen', 'TMS007', 1, 'TIMESYS' FROM %SCHEMA%.O1301FRMRECHT
WHERE (select COUNT(*) from %SCHEMA%.G1301FRMRTE where FRMRTEFRM =  'PzmGrpKorrektur' and FRENUM = FRMRTENUM) > 0;
INSERT INTO %SCHEMA%.G1303FRMRTESCHALT(FRTSFLRTE, FRTSFLFRM, FRTSFLNUM, FRTSFLSTA, FRTSFLERF)
SELECT FRENUM, 'schnellerfassen', 'TMS009', 1, 'TIMESYS' FROM %SCHEMA%.O1301FRMRECHT
WHERE (select COUNT(*) from %SCHEMA%.G1301FRMRTE where FRMRTEFRM =  'PzmGrpKorrektur' and FRENUM = FRMRTENUM) > 0;
INSERT INTO %SCHEMA%.G1303FRMRTESCHALT(FRTSFLRTE, FRTSFLFRM, FRTSFLNUM, FRTSFLSTA, FRTSFLERF)
SELECT FRENUM, 'schnellerfassen', 'TMS010', 1, 'TIMESYS' FROM %SCHEMA%.O1301FRMRECHT
WHERE (select COUNT(*) from %SCHEMA%.G1301FRMRTE where FRMRTEFRM =  'PzmGrpKorrektur' and FRENUM = FRMRTENUM) > 0;
INSERT INTO %SCHEMA%.G1303FRMRTESCHALT(FRTSFLRTE, FRTSFLFRM, FRTSFLNUM, FRTSFLSTA, FRTSFLERF)
SELECT FRENUM, 'schnellerfassen', 'TMS011', 1, 'TIMESYS' FROM %SCHEMA%.O1301FRMRECHT
WHERE (select COUNT(*) from %SCHEMA%.G1301FRMRTE where FRMRTEFRM =  'PzmGrpKorrektur' and FRENUM = FRMRTENUM) > 0;
INSERT INTO %SCHEMA%.G1303FRMRTESCHALT(FRTSFLRTE, FRTSFLFRM, FRTSFLNUM, FRTSFLSTA, FRTSFLERF)
SELECT FRENUM, 'schnellerfassen', 'TMS012', 1, 'TIMESYS' FROM %SCHEMA%.O1301FRMRECHT
WHERE (select COUNT(*) from %SCHEMA%.G1301FRMRTE where FRMRTEFRM =  'PzmGrpKorrektur' and FRENUM = FRMRTENUM) > 0;
INSERT INTO %SCHEMA%.G1303FRMRTESCHALT(FRTSFLRTE, FRTSFLFRM, FRTSFLNUM, FRTSFLSTA, FRTSFLERF)
SELECT FRENUM, 'schnellerfassen', 'TMS030', 1, 'TIMESYS' FROM %SCHEMA%.O1301FRMRECHT
WHERE (select COUNT(*) from %SCHEMA%.G1301FRMRTE where FRMRTEFRM =  'PzmGrpKorrektur' and FRENUM = FRMRTENUM) > 0;
INSERT INTO %SCHEMA%.G1303FRMRTESCHALT(FRTSFLRTE, FRTSFLFRM, FRTSFLNUM, FRTSFLSTA, FRTSFLERF)
SELECT FRENUM, 'schnellerfassen', 'TMS033', 1, 'TIMESYS' FROM %SCHEMA%.O1301FRMRECHT
WHERE (select COUNT(*) from %SCHEMA%.G1301FRMRTE where FRMRTEFRM =  'PzmGrpKorrektur' and FRENUM = FRMRTENUM) > 0;
INSERT INTO %SCHEMA%.G1303FRMRTESCHALT(FRTSFLRTE, FRTSFLFRM, FRTSFLNUM, FRTSFLSTA, FRTSFLERF)
SELECT FRENUM, 'schnellerfassen', 'TMS204', 1, 'TIMESYS' FROM %SCHEMA%.O1301FRMRECHT
WHERE (select COUNT(*) from %SCHEMA%.G1301FRMRTE where FRMRTEFRM =  'PzmGrpKorrektur' and FRENUM = FRMRTENUM) > 0;
INSERT INTO %SCHEMA%.G1303FRMRTESCHALT(FRTSFLRTE, FRTSFLFRM, FRTSFLNUM, FRTSFLSTA, FRTSFLERF)
SELECT FRENUM, 'schnellerfassen', 'TMS067', 1, 'TIMESYS' FROM %SCHEMA%.O1301FRMRECHT
WHERE (select COUNT(*) from %SCHEMA%.G1301FRMRTE where FRMRTEFRM =  'PzmGrpKorrektur' and FRENUM = FRMRTENUM) > 0;
INSERT INTO %SCHEMA%.G1303FRMRTESCHALT(FRTSFLRTE, FRTSFLFRM, FRTSFLNUM, FRTSFLSTA, FRTSFLERF)
SELECT FRENUM, 'tagesdaten', 'TMS001', 1, 'TIMESYS' FROM %SCHEMA%.O1301FRMRECHT
WHERE (select COUNT(*) from %SCHEMA%.G1301FRMRTE where FRMRTEFRM =  'PzmGrpKorrektur' and FRENUM = FRMRTENUM) > 0;
INSERT INTO %SCHEMA%.G1303FRMRTESCHALT(FRTSFLRTE, FRTSFLFRM, FRTSFLNUM, FRTSFLSTA, FRTSFLERF)
SELECT FRENUM, 'tagesdaten', 'TMS002', 1, 'TIMESYS' FROM %SCHEMA%.O1301FRMRECHT
WHERE (select COUNT(*) from %SCHEMA%.G1301FRMRTE where FRMRTEFRM =  'PzmGrpKorrektur' and FRENUM = FRMRTENUM) > 0;
INSERT INTO %SCHEMA%.G1303FRMRTESCHALT(FRTSFLRTE, FRTSFLFRM, FRTSFLNUM, FRTSFLSTA, FRTSFLERF)
SELECT FRENUM, 'tagesdaten', 'TMS003', 1, 'TIMESYS' FROM %SCHEMA%.O1301FRMRECHT
WHERE (select COUNT(*) from %SCHEMA%.G1301FRMRTE where FRMRTEFRM =  'PzmGrpKorrektur' and FRENUM = FRMRTENUM) > 0;
INSERT INTO %SCHEMA%.G1303FRMRTESCHALT(FRTSFLRTE, FRTSFLFRM, FRTSFLNUM, FRTSFLSTA, FRTSFLERF)
SELECT FRENUM, 'tagesdaten', 'TMS004', 1, 'TIMESYS' FROM %SCHEMA%.O1301FRMRECHT
WHERE (select COUNT(*) from %SCHEMA%.G1301FRMRTE where FRMRTEFRM =  'PzmGrpKorrektur' and FRENUM = FRMRTENUM) > 0;
INSERT INTO %SCHEMA%.G1303FRMRTESCHALT(FRTSFLRTE, FRTSFLFRM, FRTSFLNUM, FRTSFLSTA, FRTSFLERF)
SELECT FRENUM, 'tagesdaten', 'TMS005', 1, 'TIMESYS' FROM %SCHEMA%.O1301FRMRECHT
WHERE (select COUNT(*) from %SCHEMA%.G1301FRMRTE where FRMRTEFRM =  'PzmGrpKorrektur' and FRENUM = FRMRTENUM) > 0;
INSERT INTO %SCHEMA%.G1303FRMRTESCHALT(FRTSFLRTE, FRTSFLFRM, FRTSFLNUM, FRTSFLSTA, FRTSFLERF)
SELECT FRENUM, 'tagesdaten', 'TMS006', 1, 'TIMESYS' FROM %SCHEMA%.O1301FRMRECHT
WHERE (select COUNT(*) from %SCHEMA%.G1301FRMRTE where FRMRTEFRM =  'PzmGrpKorrektur' and FRENUM = FRMRTENUM) > 0;
INSERT INTO %SCHEMA%.G1303FRMRTESCHALT(FRTSFLRTE, FRTSFLFRM, FRTSFLNUM, FRTSFLSTA, FRTSFLERF)
SELECT FRENUM, 'tagesdaten', 'TMS007', 1, 'TIMESYS' FROM %SCHEMA%.O1301FRMRECHT
WHERE (select COUNT(*) from %SCHEMA%.G1301FRMRTE where FRMRTEFRM =  'PzmGrpKorrektur' and FRENUM = FRMRTENUM) > 0;
INSERT INTO %SCHEMA%.G1303FRMRTESCHALT(FRTSFLRTE, FRTSFLFRM, FRTSFLNUM, FRTSFLSTA, FRTSFLERF)
SELECT FRENUM, 'tagesdaten', 'TMS009', 1, 'TIMESYS' FROM %SCHEMA%.O1301FRMRECHT
WHERE (select COUNT(*) from %SCHEMA%.G1301FRMRTE where FRMRTEFRM =  'PzmGrpKorrektur' and FRENUM = FRMRTENUM) > 0;
INSERT INTO %SCHEMA%.G1303FRMRTESCHALT(FRTSFLRTE, FRTSFLFRM, FRTSFLNUM, FRTSFLSTA, FRTSFLERF)
SELECT FRENUM, 'tagesdaten', 'TMS010', 1, 'TIMESYS' FROM %SCHEMA%.O1301FRMRECHT
WHERE (select COUNT(*) from %SCHEMA%.G1301FRMRTE where FRMRTEFRM =  'PzmGrpKorrektur' and FRENUM = FRMRTENUM) > 0;
INSERT INTO %SCHEMA%.G1303FRMRTESCHALT(FRTSFLRTE, FRTSFLFRM, FRTSFLNUM, FRTSFLSTA, FRTSFLERF)
SELECT FRENUM, 'tagesdaten', 'TMS011', 1, 'TIMESYS' FROM %SCHEMA%.O1301FRMRECHT
WHERE (select COUNT(*) from %SCHEMA%.G1301FRMRTE where FRMRTEFRM =  'PzmGrpKorrektur' and FRENUM = FRMRTENUM) > 0;
INSERT INTO %SCHEMA%.G1303FRMRTESCHALT(FRTSFLRTE, FRTSFLFRM, FRTSFLNUM, FRTSFLSTA, FRTSFLERF)
SELECT FRENUM, 'tagesdaten', 'TMS012', 1, 'TIMESYS' FROM %SCHEMA%.O1301FRMRECHT
WHERE (select COUNT(*) from %SCHEMA%.G1301FRMRTE where FRMRTEFRM =  'PzmGrpKorrektur' and FRENUM = FRMRTENUM) > 0;
INSERT INTO %SCHEMA%.G1303FRMRTESCHALT(FRTSFLRTE, FRTSFLFRM, FRTSFLNUM, FRTSFLSTA, FRTSFLERF)
SELECT FRENUM, 'tagesdaten', 'TMS030', 1, 'TIMESYS' FROM %SCHEMA%.O1301FRMRECHT
WHERE (select COUNT(*) from %SCHEMA%.G1301FRMRTE where FRMRTEFRM =  'PzmGrpKorrektur' and FRENUM = FRMRTENUM) > 0;
INSERT INTO %SCHEMA%.G1303FRMRTESCHALT(FRTSFLRTE, FRTSFLFRM, FRTSFLNUM, FRTSFLSTA, FRTSFLERF)
SELECT FRENUM, 'tagesdaten', 'TMS033', 1, 'TIMESYS' FROM %SCHEMA%.O1301FRMRECHT
WHERE (select COUNT(*) from %SCHEMA%.G1301FRMRTE where FRMRTEFRM =  'PzmGrpKorrektur' and FRENUM = FRMRTENUM) > 0;
INSERT INTO %SCHEMA%.G1303FRMRTESCHALT(FRTSFLRTE, FRTSFLFRM, FRTSFLNUM, FRTSFLSTA, FRTSFLERF)
SELECT FRENUM, 'tagesdaten', 'TMS204', 1, 'TIMESYS' FROM %SCHEMA%.O1301FRMRECHT
WHERE (select COUNT(*) from %SCHEMA%.G1301FRMRTE where FRMRTEFRM =  'PzmGrpKorrektur' and FRENUM = FRMRTENUM) > 0;
INSERT INTO %SCHEMA%.G1303FRMRTESCHALT(FRTSFLRTE, FRTSFLFRM, FRTSFLNUM, FRTSFLSTA, FRTSFLERF)
SELECT FRENUM, 'tagesdaten', 'TMS067', 1, 'TIMESYS' FROM %SCHEMA%.O1301FRMRECHT
WHERE (select COUNT(*) from %SCHEMA%.G1301FRMRTE where FRMRTEFRM =  'PzmGrpKorrektur' and FRENUM = FRMRTENUM) > 0;
DELETE FROM TMSYSTEM.TMS103FRMTXT where FRMTXTFRM = 'belegerfassen';
INSERT INTO TMSYSTEM.TMS103FRMTXT(FRMTXTFRM, FRMTXTBLK, FRMTXTFTX, FRMTXTWHL, FRMTXTLFD, FRMTXTART)
VALUES('belegerfassen', 'start', 120101, 866, 0, 1);
INSERT INTO TMSYSTEM.TMS103FRMTXT(FRMTXTFRM, FRMTXTBLK, FRMTXTFTX, FRMTXTWHL, FRMTXTLFD, FRMTXTART)
VALUES('belegerfassen', 'start', 9, 0, 1, 1);
INSERT INTO TMSYSTEM.TMS103FRMTXT(FRMTXTFRM, FRMTXTBLK, FRMTXTFTX, FRMTXTWHL, FRMTXTLFD, FRMTXTART)
VALUES('belegerfassen', 'start', 9, 1, 2, 1);
INSERT INTO TMSYSTEM.TMS103FRMTXT(FRMTXTFRM, FRMTXTBLK, FRMTXTFTX, FRMTXTWHL, FRMTXTLFD, FRMTXTART)
VALUES('belegerfassen', 'start', 9, 2, 3, 1);
INSERT INTO TMSYSTEM.TMS103FRMTXT(FRMTXTFRM, FRMTXTBLK, FRMTXTFTX, FRMTXTWHL, FRMTXTLFD, FRMTXTART)
VALUES('belegerfassen', 'start', 9, 3, 4, 1);
INSERT INTO TMSYSTEM.TMS103FRMTXT(FRMTXTFRM, FRMTXTBLK, FRMTXTFTX, FRMTXTWHL, FRMTXTLFD, FRMTXTART)
VALUES('belegerfassen', 'start', 9, 4, 5, 1);
INSERT INTO TMSYSTEM.TMS103FRMTXT(FRMTXTFRM, FRMTXTBLK, FRMTXTFTX, FRMTXTWHL, FRMTXTLFD, FRMTXTART)
VALUES('belegerfassen', 'start', 9, 5, 6, 1);
INSERT INTO TMSYSTEM.TMS103FRMTXT(FRMTXTFRM, FRMTXTBLK, FRMTXTFTX, FRMTXTWHL, FRMTXTLFD, FRMTXTART)
VALUES('belegerfassen', 'start', 9, 6, 7, 1);
INSERT INTO TMSYSTEM.TMS103FRMTXT(FRMTXTFRM, FRMTXTBLK, FRMTXTFTX, FRMTXTWHL, FRMTXTLFD, FRMTXTART)
VALUES('belegerfassen', 'start', 9, 8, 8, 1);
INSERT INTO TMSYSTEM.TMS103FRMTXT(FRMTXTFRM, FRMTXTBLK, FRMTXTFTX, FRMTXTWHL, FRMTXTLFD, FRMTXTART)
VALUES('belegerfassen', 'start', 9, 9, 9, 1);
INSERT INTO TMSYSTEM.TMS103FRMTXT(FRMTXTFRM, FRMTXTBLK, FRMTXTFTX, FRMTXTWHL, FRMTXTLFD, FRMTXTART)
VALUES('belegerfassen', 'start', 9, 11, 10, 1);
INSERT INTO TMSYSTEM.TMS103FRMTXT(FRMTXTFRM, FRMTXTBLK, FRMTXTFTX, FRMTXTWHL, FRMTXTLFD, FRMTXTART)
VALUES('belegerfassen', 'start', 9, 20, 11, 1);
INSERT INTO TMSYSTEM.TMS103FRMTXT(FRMTXTFRM, FRMTXTBLK, FRMTXTFTX, FRMTXTWHL, FRMTXTLFD, FRMTXTART)
VALUES('belegerfassen', 'start', 9, 21, 12, 1);
INSERT INTO TMSYSTEM.TMS103FRMTXT(FRMTXTFRM, FRMTXTBLK, FRMTXTFTX, FRMTXTWHL, FRMTXTLFD, FRMTXTART)
VALUES('belegerfassen', 'start', 9, 23, 13, 1);
INSERT INTO TMSYSTEM.TMS103FRMTXT(FRMTXTFRM, FRMTXTBLK, FRMTXTFTX, FRMTXTWHL, FRMTXTLFD, FRMTXTART)
VALUES('belegerfassen', 'start', 5, 126, 14, 1);
INSERT INTO TMSYSTEM.TMS103FRMTXT(FRMTXTFRM, FRMTXTBLK, FRMTXTFTX, FRMTXTWHL, FRMTXTLFD, FRMTXTART)
VALUES('belegerfassen', 'start', 5, 127, 15, 1);
INSERT INTO TMSYSTEM.TMS103FRMTXT(FRMTXTFRM, FRMTXTBLK, FRMTXTFTX, FRMTXTWHL, FRMTXTLFD, FRMTXTART)
VALUES('belegerfassen', 'start', 32103, 0, 16, 1);
INSERT INTO TMSYSTEM.TMS103FRMTXT(FRMTXTFRM, FRMTXTBLK, FRMTXTFTX, FRMTXTWHL, FRMTXTLFD, FRMTXTART)
VALUES('belegerfassen', 'start', 12, 0, 17, 1);
INSERT INTO TMSYSTEM.TMS103FRMTXT(FRMTXTFRM, FRMTXTBLK, FRMTXTFTX, FRMTXTWHL, FRMTXTLFD, FRMTXTART)
VALUES('belegerfassen', 'start', 120101, 213, 18, 1);
INSERT INTO TMSYSTEM.TMS103FRMTXT(FRMTXTFRM, FRMTXTBLK, FRMTXTFTX, FRMTXTWHL, FRMTXTLFD, FRMTXTART)
VALUES('belegerfassen', 'start', 13101, 0, 19, 1);
INSERT INTO TMSYSTEM.TMS103FRMTXT(FRMTXTFRM, FRMTXTBLK, FRMTXTFTX, FRMTXTWHL, FRMTXTLFD, FRMTXTART)
VALUES('belegerfassen', 'start', 5, 9, 20, 1);
INSERT INTO TMSYSTEM.TMS103FRMTXT(FRMTXTFRM, FRMTXTBLK, FRMTXTFTX, FRMTXTWHL, FRMTXTLFD, FRMTXTART)
VALUES('belegerfassen', 'start', 5, 15, 21, 1);
INSERT INTO TMSYSTEM.TMS103FRMTXT(FRMTXTFRM, FRMTXTBLK, FRMTXTFTX, FRMTXTWHL, FRMTXTLFD, FRMTXTART)
VALUES('belegerfassen', 'start', 13102, 45, 22, 1);
INSERT INTO TMSYSTEM.TMS103FRMTXT(FRMTXTFRM, FRMTXTBLK, FRMTXTFTX, FRMTXTWHL, FRMTXTLFD, FRMTXTART)
VALUES('belegerfassen', 'start', 5, 16, 23, 1);
INSERT INTO TMSYSTEM.TMS103FRMTXT(FRMTXTFRM, FRMTXTBLK, FRMTXTFTX, FRMTXTWHL, FRMTXTLFD, FRMTXTART)
VALUES('belegerfassen', 'start', 5, 274, 24, 1);
INSERT INTO TMSYSTEM.TMS103FRMTXT(FRMTXTFRM, FRMTXTBLK, FRMTXTFTX, FRMTXTWHL, FRMTXTLFD, FRMTXTART)
VALUES('belegerfassen', 'start', 6, 103, 25, 1);
INSERT INTO TMSYSTEM.TMS103FRMTXT(FRMTXTFRM, FRMTXTBLK, FRMTXTFTX, FRMTXTWHL, FRMTXTLFD, FRMTXTART)
VALUES('belegerfassen', 'start', 6, 58, 26, 1);
INSERT INTO TMSYSTEM.TMS103FRMTXT(FRMTXTFRM, FRMTXTBLK, FRMTXTFTX, FRMTXTWHL, FRMTXTLFD, FRMTXTART)
VALUES('belegerfassen', 'start', 6, 348, 27, 1);
INSERT INTO TMSYSTEM.TMS103FRMTXT(FRMTXTFRM, FRMTXTBLK, FRMTXTFTX, FRMTXTWHL, FRMTXTLFD, FRMTXTART)
VALUES('belegerfassen', 'start', 6, 370, 28, 1);
INSERT INTO TMSYSTEM.TMS103FRMTXT(FRMTXTFRM, FRMTXTBLK, FRMTXTFTX, FRMTXTWHL, FRMTXTLFD, FRMTXTART)
VALUES('belegerfassen', 'start', 6, 372, 29, 1);
INSERT INTO TMSYSTEM.TMS103FRMTXT(FRMTXTFRM, FRMTXTBLK, FRMTXTFTX, FRMTXTWHL, FRMTXTLFD, FRMTXTART)
VALUES('belegerfassen', 'start', 6, 372, 29, 1);
INSERT INTO TMSYSTEM.TMS103FRMTXT(FRMTXTFRM, FRMTXTBLK, FRMTXTFTX, FRMTXTWHL, FRMTXTLFD, FRMTXTART)
VALUES('belegerfassen', 'start', 6, 182, 30, 1);
INSERT INTO TMSYSTEM.TMS103FRMTXT(FRMTXTFRM, FRMTXTBLK, FRMTXTFTX, FRMTXTWHL, FRMTXTLFD, FRMTXTART)
VALUES('belegerfassen', 'start', 9, 12, 31, 1);
INSERT INTO TMSYSTEM.TMS103FRMTXT(FRMTXTFRM, FRMTXTBLK, FRMTXTFTX, FRMTXTWHL, FRMTXTLFD, FRMTXTART)
VALUES('belegerfassen', 'start', 30001, 0, 32, 1);
INSERT INTO TMSYSTEM.TMS103FRMTXT(FRMTXTFRM, FRMTXTBLK, FRMTXTFTX, FRMTXTWHL, FRMTXTLFD, FRMTXTART)
VALUES('belegerfassen', 'start', 30010, 0, 33, 1);
INSERT INTO TMSYSTEM.TMS103FRMTXT(FRMTXTFRM, FRMTXTBLK, FRMTXTFTX, FRMTXTWHL, FRMTXTLFD, FRMTXTART)
VALUES('belegerfassen', 'start', 13302, 0, 34, 1);
INSERT INTO TMSYSTEM.TMS103FRMTXT(FRMTXTFRM, FRMTXTBLK, FRMTXTFTX, FRMTXTWHL, FRMTXTLFD, FRMTXTART)
VALUES('belegerfassen', 'start', 12, 0, 35, 1);
INSERT INTO TMSYSTEM.TMS103FRMTXT(FRMTXTFRM, FRMTXTBLK, FRMTXTFTX, FRMTXTWHL, FRMTXTLFD, FRMTXTART)
VALUES('belegerfassen', 'start', 6, 385, 36, 1);
INSERT INTO TMSYSTEM.TMS103FRMTXT(FRMTXTFRM, FRMTXTBLK, FRMTXTFTX, FRMTXTWHL, FRMTXTLFD, FRMTXTART)
VALUES('belegerfassen', 'start', 6, 711, 37, 1);
INSERT INTO TMSYSTEM.TMS103FRMTXT(FRMTXTFRM, FRMTXTBLK, FRMTXTFTX, FRMTXTWHL, FRMTXTLFD, FRMTXTART)
VALUES('belegerfassen', 'start', 6, 710, 38, 1);
INSERT INTO TMSYSTEM.TMS103FRMTXT(FRMTXTFRM, FRMTXTBLK, FRMTXTFTX, FRMTXTWHL, FRMTXTLFD, FRMTXTART)
VALUES('belegerfassen', 'start', 5, 4, 39, 1);
INSERT INTO TMSYSTEM.TMS103FRMTXT(FRMTXTFRM, FRMTXTBLK, FRMTXTFTX, FRMTXTWHL, FRMTXTLFD, FRMTXTART)
VALUES('belegerfassen', 'start', 6, 18, 40, 1);
INSERT INTO %SCHEMA%.TMS010TAZ(TAZDEF, TAZMSK) VALUES('belegerfassen', 'belegerfassen');
INSERT INTO %SCHEMA%.TMS010TAZ(TAZDEF, TAZMSK) VALUES('ueberzeiten', 'ueberzeiten');
DELETE FROM TMSYSTEM.TMS103FRMTXT where FRMTXTFRM = 'ueberzeiten';
INSERT INTO TMSYSTEM.TMS103FRMTXT(FRMTXTFRM, FRMTXTBLK, FRMTXTFTX, FRMTXTWHL, FRMTXTLFD, FRMTXTART)
  VALUES('ueberzeiten', 'start', 120101, 866, 0, 1);
INSERT INTO TMSYSTEM.TMS103FRMTXT(FRMTXTFRM, FRMTXTBLK, FRMTXTFTX, FRMTXTWHL, FRMTXTLFD, FRMTXTART)
  VALUES('ueberzeiten', 'start', 9, 0, 1, 1);
INSERT INTO TMSYSTEM.TMS103FRMTXT(FRMTXTFRM, FRMTXTBLK, FRMTXTFTX, FRMTXTWHL, FRMTXTLFD, FRMTXTART)
  VALUES('ueberzeiten', 'start', 9, 1, 2, 1);
INSERT INTO TMSYSTEM.TMS103FRMTXT(FRMTXTFRM, FRMTXTBLK, FRMTXTFTX, FRMTXTWHL, FRMTXTLFD, FRMTXTART)
  VALUES('ueberzeiten', 'start', 9, 2, 3, 1);
INSERT INTO TMSYSTEM.TMS103FRMTXT(FRMTXTFRM, FRMTXTBLK, FRMTXTFTX, FRMTXTWHL, FRMTXTLFD, FRMTXTART)
  VALUES('ueberzeiten', 'start', 9, 3, 4, 1);
INSERT INTO TMSYSTEM.TMS103FRMTXT(FRMTXTFRM, FRMTXTBLK, FRMTXTFTX, FRMTXTWHL, FRMTXTLFD, FRMTXTART)
  VALUES('ueberzeiten', 'start', 9, 4, 5, 1);
INSERT INTO TMSYSTEM.TMS103FRMTXT(FRMTXTFRM, FRMTXTBLK, FRMTXTFTX, FRMTXTWHL, FRMTXTLFD, FRMTXTART)
  VALUES('ueberzeiten', 'start', 9, 5, 6, 1);
INSERT INTO TMSYSTEM.TMS103FRMTXT(FRMTXTFRM, FRMTXTBLK, FRMTXTFTX, FRMTXTWHL, FRMTXTLFD, FRMTXTART)
  VALUES('ueberzeiten', 'start', 9, 6, 7, 1);
INSERT INTO TMSYSTEM.TMS103FRMTXT(FRMTXTFRM, FRMTXTBLK, FRMTXTFTX, FRMTXTWHL, FRMTXTLFD, FRMTXTART)
  VALUES('ueberzeiten', 'start', 9, 8, 8, 1);
INSERT INTO TMSYSTEM.TMS103FRMTXT(FRMTXTFRM, FRMTXTBLK, FRMTXTFTX, FRMTXTWHL, FRMTXTLFD, FRMTXTART)
  VALUES('ueberzeiten', 'start', 9, 9, 9, 1);
INSERT INTO TMSYSTEM.TMS103FRMTXT(FRMTXTFRM, FRMTXTBLK, FRMTXTFTX, FRMTXTWHL, FRMTXTLFD, FRMTXTART)
  VALUES('ueberzeiten', 'start', 9, 11, 10, 1);
INSERT INTO TMSYSTEM.TMS103FRMTXT(FRMTXTFRM, FRMTXTBLK, FRMTXTFTX, FRMTXTWHL, FRMTXTLFD, FRMTXTART)
  VALUES('ueberzeiten', 'start', 9, 20, 11, 1);
INSERT INTO TMSYSTEM.TMS103FRMTXT(FRMTXTFRM, FRMTXTBLK, FRMTXTFTX, FRMTXTWHL, FRMTXTLFD, FRMTXTART)
  VALUES('ueberzeiten', 'start', 9, 21, 12, 1);
INSERT INTO TMSYSTEM.TMS103FRMTXT(FRMTXTFRM, FRMTXTBLK, FRMTXTFTX, FRMTXTWHL, FRMTXTLFD, FRMTXTART)
  VALUES('ueberzeiten', 'start', 9, 23, 13, 1);
INSERT INTO TMSYSTEM.TMS103FRMTXT(FRMTXTFRM, FRMTXTBLK, FRMTXTFTX, FRMTXTWHL, FRMTXTLFD, FRMTXTART)
  VALUES('ueberzeiten', 'start', 5, 126, 14, 1);
INSERT INTO TMSYSTEM.TMS103FRMTXT(FRMTXTFRM, FRMTXTBLK, FRMTXTFTX, FRMTXTWHL, FRMTXTLFD, FRMTXTART)
  VALUES('ueberzeiten', 'start', 5, 127, 15, 1);
INSERT INTO TMSYSTEM.TMS103FRMTXT(FRMTXTFRM, FRMTXTBLK, FRMTXTFTX, FRMTXTWHL, FRMTXTLFD, FRMTXTART)
  VALUES('ueberzeiten', 'start', 5, 37, 16, 1);
INSERT INTO TMSYSTEM.TMS103FRMTXT(FRMTXTFRM, FRMTXTBLK, FRMTXTFTX, FRMTXTWHL, FRMTXTLFD, FRMTXTART)
 VALUES('ueberzeiten', 'start', 12, 0, 17, 1);
INSERT INTO TMSYSTEM.TMS103FRMTXT(FRMTXTFRM, FRMTXTBLK, FRMTXTFTX, FRMTXTWHL, FRMTXTLFD, FRMTXTART)
 VALUES('ueberzeiten', 'start', 120101, 213, 18, 1);
INSERT INTO TMSYSTEM.TMS103FRMTXT(FRMTXTFRM, FRMTXTBLK, FRMTXTFTX, FRMTXTWHL, FRMTXTLFD, FRMTXTART)
 VALUES('ueberzeiten', 'start', 5, 387, 19, 1);
INSERT INTO TMSYSTEM.TMS103FRMTXT(FRMTXTFRM, FRMTXTBLK, FRMTXTFTX, FRMTXTWHL, FRMTXTLFD, FRMTXTART)
 VALUES('ueberzeiten', 'start', 5, 9, 20, 1);
INSERT INTO TMSYSTEM.TMS103FRMTXT(FRMTXTFRM, FRMTXTBLK, FRMTXTFTX, FRMTXTWHL, FRMTXTLFD, FRMTXTART)
 VALUES('ueberzeiten', 'start', 5, 15, 21, 1);
INSERT INTO TMSYSTEM.TMS103FRMTXT(FRMTXTFRM, FRMTXTBLK, FRMTXTFTX, FRMTXTWHL, FRMTXTLFD, FRMTXTART)
 VALUES('ueberzeiten', 'start', 5, 36, 22, 1);
INSERT INTO TMSYSTEM.TMS103FRMTXT(FRMTXTFRM, FRMTXTBLK, FRMTXTFTX, FRMTXTWHL, FRMTXTLFD, FRMTXTART)
 VALUES('ueberzeiten', 'start', 5, 16, 23, 1);
INSERT INTO TMSYSTEM.TMS103FRMTXT(FRMTXTFRM, FRMTXTBLK, FRMTXTFTX, FRMTXTWHL, FRMTXTLFD, FRMTXTART)
 VALUES('ueberzeiten', 'start', 5, 274, 24, 1);
INSERT INTO TMSYSTEM.TMS103FRMTXT(FRMTXTFRM, FRMTXTBLK, FRMTXTFTX, FRMTXTWHL, FRMTXTLFD, FRMTXTART)
 VALUES('ueberzeiten', 'start', 6, 103, 25, 1);
INSERT INTO TMSYSTEM.TMS103FRMTXT(FRMTXTFRM, FRMTXTBLK, FRMTXTFTX, FRMTXTWHL, FRMTXTLFD, FRMTXTART)
 VALUES('ueberzeiten', 'start', 6, 58, 26, 1);
INSERT INTO TMSYSTEM.TMS103FRMTXT(FRMTXTFRM, FRMTXTBLK, FRMTXTFTX, FRMTXTWHL, FRMTXTLFD, FRMTXTART)
 VALUES('ueberzeiten', 'start', 6, 348, 27, 1);
INSERT INTO TMSYSTEM.TMS103FRMTXT(FRMTXTFRM, FRMTXTBLK, FRMTXTFTX, FRMTXTWHL, FRMTXTLFD, FRMTXTART)
 VALUES('ueberzeiten', 'start', 6, 370, 28, 1);
INSERT INTO TMSYSTEM.TMS103FRMTXT(FRMTXTFRM, FRMTXTBLK, FRMTXTFTX, FRMTXTWHL, FRMTXTLFD, FRMTXTART)
 VALUES('ueberzeiten', 'start', 5, 388, 29, 1);
INSERT INTO TMSYSTEM.TMS103FRMTXT(FRMTXTFRM, FRMTXTBLK, FRMTXTFTX, FRMTXTWHL, FRMTXTLFD, FRMTXTART)
 VALUES('ueberzeiten', 'start', 6, 182, 30, 1);
INSERT INTO TMSYSTEM.TMS103FRMTXT(FRMTXTFRM, FRMTXTBLK, FRMTXTFTX, FRMTXTWHL, FRMTXTLFD, FRMTXTART)
 VALUES('ueberzeiten', 'start', 9, 12, 31, 1);
INSERT INTO TMSYSTEM.TMS103FRMTXT(FRMTXTFRM, FRMTXTBLK, FRMTXTFTX, FRMTXTWHL, FRMTXTLFD, FRMTXTART)
 VALUES('ueberzeiten', 'start', 30001, 0, 32, 1);
INSERT INTO TMSYSTEM.TMS103FRMTXT(FRMTXTFRM, FRMTXTBLK, FRMTXTFTX, FRMTXTWHL, FRMTXTLFD, FRMTXTART)
 VALUES('ueberzeiten', 'start', 30010, 0, 33, 1);
INSERT INTO TMSYSTEM.TMS103FRMTXT(FRMTXTFRM, FRMTXTBLK, FRMTXTFTX, FRMTXTWHL, FRMTXTLFD, FRMTXTART)
 VALUES('ueberzeiten', 'start', 13302, 0, 34, 1);
INSERT INTO TMSYSTEM.TMS103FRMTXT(FRMTXTFRM, FRMTXTBLK, FRMTXTFTX, FRMTXTWHL, FRMTXTLFD, FRMTXTART)
 VALUES('ueberzeiten', 'start', 12, 0, 35, 1);
INSERT INTO TMSYSTEM.TMS103FRMTXT(FRMTXTFRM, FRMTXTBLK, FRMTXTFTX, FRMTXTWHL, FRMTXTLFD, FRMTXTART)
 VALUES('ueberzeiten', 'start', 6, 385, 36, 1);
INSERT INTO TMSYSTEM.TMS103FRMTXT(FRMTXTFRM, FRMTXTBLK, FRMTXTFTX, FRMTXTWHL, FRMTXTLFD, FRMTXTART)
 VALUES('ueberzeiten', 'start', 6, 712, 37, 1);
INSERT INTO TMSYSTEM.TMS103FRMTXT(FRMTXTFRM, FRMTXTBLK, FRMTXTFTX, FRMTXTWHL, FRMTXTLFD, FRMTXTART)
 VALUES('ueberzeiten', 'start', 5, 30, 38, 1);
INSERT INTO TMSYSTEM.TMS103FRMTXT(FRMTXTFRM, FRMTXTBLK, FRMTXTFTX, FRMTXTWHL, FRMTXTLFD, FRMTXTART)
 VALUES('ueberzeiten', 'start', 5, 32, 39, 1);
INSERT INTO TMSYSTEM.TMS103FRMTXT(FRMTXTFRM, FRMTXTBLK, FRMTXTFTX, FRMTXTWHL, FRMTXTLFD, FRMTXTART)
 VALUES('ueberzeiten', 'start', 120101, 101, 40, 1);
INSERT INTO TMSYSTEM.TMS103FRMTXT(FRMTXTFRM, FRMTXTBLK, FRMTXTFTX, FRMTXTWHL, FRMTXTLFD, FRMTXTART)
 VALUES('ueberzeiten', 'start', 120101, 103, 41, 1);
INSERT INTO TMSYSTEM.TMS103FRMTXT(FRMTXTFRM, FRMTXTBLK, FRMTXTFTX, FRMTXTWHL, FRMTXTLFD, FRMTXTART)
 VALUES('ueberzeiten', 'start', 400075, 0, 42, 1);
INSERT INTO TMSYSTEM.TMS103FRMTXT(FRMTXTFRM, FRMTXTBLK, FRMTXTFTX, FRMTXTWHL, FRMTXTLFD, FRMTXTART)
 VALUES('ueberzeiten', 'start', 400076, 0, 43, 1);
INSERT INTO TMSYSTEM.TMS103FRMTXT(FRMTXTFRM, FRMTXTBLK, FRMTXTFTX, FRMTXTWHL, FRMTXTLFD, FRMTXTART)
 VALUES('ueberzeiten', 'start', 5, 305, 44, 1);
INSERT INTO TMSYSTEM.TMS103FRMTXT(FRMTXTFRM, FRMTXTBLK, FRMTXTFTX, FRMTXTWHL, FRMTXTLFD, FRMTXTART)
 VALUES('ueberzeiten', 'start', 5, 389, 45, 1);
INSERT INTO TMSYSTEM.TMS103FRMTXT(FRMTXTFRM, FRMTXTBLK, FRMTXTFTX, FRMTXTWHL, FRMTXTLFD, FRMTXTART)
 VALUES('ueberzeiten', 'start', 6, 372, 46, 1);
INSERT INTO TMSYSTEM.TMS103FRMTXT(FRMTXTFRM, FRMTXTBLK, FRMTXTFTX, FRMTXTWHL, FRMTXTLFD, FRMTXTART)
 VALUES('ueberzeiten', 'start', 6, 713, 47, 1);
INSERT INTO TMSYSTEM.TMS103FRMTXT(FRMTXTFRM, FRMTXTBLK, FRMTXTFTX, FRMTXTWHL, FRMTXTLFD, FRMTXTART)
VALUES('ueberzeiten', 'start', 6, 18, 48, 1);
DELETE FROM TMSYSTEM.TMS103FRMTXT where FRMTXTFRM = 'uebzeitMaske';
INSERT INTO TMSYSTEM.TMS103FRMTXT(FRMTXTFRM, FRMTXTBLK, FRMTXTFTX, FRMTXTWHL, FRMTXTLFD, FRMTXTART)
 VALUES('uebzeitMaske', 'start', 120101, 101, 1, 1);
INSERT INTO TMSYSTEM.TMS103FRMTXT(FRMTXTFRM, FRMTXTBLK, FRMTXTFTX, FRMTXTWHL, FRMTXTLFD, FRMTXTART)
 VALUES('uebzeitMaske', 'start', 120101, 103, 2, 1);
INSERT INTO TMSYSTEM.TMS103FRMTXT(FRMTXTFRM, FRMTXTBLK, FRMTXTFTX, FRMTXTWHL, FRMTXTLFD, FRMTXTART)
 VALUES('uebzeitMaske', 'start', 11, 1, 3, 1);
INSERT INTO TMSYSTEM.TMS103FRMTXT(FRMTXTFRM, FRMTXTBLK, FRMTXTFTX, FRMTXTWHL, FRMTXTLFD, FRMTXTART)
 VALUES('uebzeitMaske', 'start', 11, 2, 4, 1);
INSERT INTO TMSYSTEM.TMS103FRMTXT(FRMTXTFRM, FRMTXTBLK, FRMTXTFTX, FRMTXTWHL, FRMTXTLFD, FRMTXTART)
 VALUES('uebzeitMaske', 'start', 11, 3, 5, 1);
INSERT INTO TMSYSTEM.TMS103FRMTXT(FRMTXTFRM, FRMTXTBLK, FRMTXTFTX, FRMTXTWHL, FRMTXTLFD, FRMTXTART)
 VALUES('uebzeitMaske', 'start', 11, 4, 6, 1);
INSERT INTO TMSYSTEM.TMS103FRMTXT(FRMTXTFRM, FRMTXTBLK, FRMTXTFTX, FRMTXTWHL, FRMTXTLFD, FRMTXTART)
VALUES('uebzeitMaske', 'start', 11, 5, 7, 1);
INSERT INTO TMSYSTEM.TMS103FRMTXT(FRMTXTFRM, FRMTXTBLK, FRMTXTFTX, FRMTXTWHL, FRMTXTLFD, FRMTXTART)
VALUES('uebzeitMaske', 'start', 11, 6, 8, 1);
INSERT INTO TMSYSTEM.TMS103FRMTXT(FRMTXTFRM, FRMTXTBLK, FRMTXTFTX, FRMTXTWHL, FRMTXTLFD, FRMTXTART)
VALUES('uebzeitMaske', 'start', 11, 7, 9, 1);
INSERT INTO TMSYSTEM.TMS103FRMTXT(FRMTXTFRM, FRMTXTBLK, FRMTXTFTX, FRMTXTWHL, FRMTXTLFD, FRMTXTART)
VALUES('uebzeitMaske', 'start', 10105, 0, 10, 1);
INSERT INTO TMSYSTEM.TMS103FRMTXT(FRMTXTFRM, FRMTXTBLK, FRMTXTFTX, FRMTXTWHL, FRMTXTLFD, FRMTXTART)
VALUES('uebzeitMaske', 'start', 15312, 0, 11, 1);
INSERT INTO TMSYSTEM.TMS103FRMTXT(FRMTXTFRM, FRMTXTBLK, FRMTXTFTX, FRMTXTWHL, FRMTXTLFD, FRMTXTART)
VALUES('uebzeitMaske', 'start', 5, 4, 12, 1);
INSERT INTO TMSYSTEM.TMS103FRMTXT(FRMTXTFRM, FRMTXTBLK, FRMTXTFTX, FRMTXTWHL, FRMTXTLFD, FRMTXTART)
VALUES('uebzeitMaske', 'start', 5, 5, 13, 1);
INSERT INTO TMSYSTEM.TMS103FRMTXT(FRMTXTFRM, FRMTXTBLK, FRMTXTFTX, FRMTXTWHL, FRMTXTLFD, FRMTXTART)
VALUES('uebzeitMaske', 'start', 5, 390, 14, 1);
INSERT INTO TMSYSTEM.TMS103FRMTXT(FRMTXTFRM, FRMTXTBLK, FRMTXTFTX, FRMTXTWHL, FRMTXTLFD, FRMTXTART)
VALUES('uebzeitMaske', 'start', 5, 391, 15, 1);
INSERT INTO TMSYSTEM.TMS103FRMTXT(FRMTXTFRM, FRMTXTBLK, FRMTXTFTX, FRMTXTWHL, FRMTXTLFD, FRMTXTART)
VALUES('uebzeitMaske', 'start', 5, 393, 16, 1);
INSERT INTO TMSYSTEM.TMS103FRMTXT(FRMTXTFRM, FRMTXTBLK, FRMTXTFTX, FRMTXTWHL, FRMTXTLFD, FRMTXTART)
VALUES('uebzeitMaske', 'start', 5, 394, 17, 1);
INSERT INTO %SCHEMA%.TMS010TAZ(TAZDEF, TAZMSK) VALUES('schnellerfassen', 'schnellerfassen');
DELETE FROM TMSYSTEM.TMS103FRMTXT where FRMTXTFRM = 'schnellerfassen';
INSERT INTO TMSYSTEM.TMS103FRMTXT(FRMTXTFRM, FRMTXTBLK, FRMTXTFTX, FRMTXTWHL, FRMTXTLFD, FRMTXTART)
VALUES('schnellerfassen', 'start', 120101, 221, 0, 1);
INSERT INTO TMSYSTEM.TMS103FRMTXT(FRMTXTFRM, FRMTXTBLK, FRMTXTFTX, FRMTXTWHL, FRMTXTLFD, FRMTXTART)
  VALUES('schnellerfassen', 'start', 9, 0, 1, 1);
INSERT INTO TMSYSTEM.TMS103FRMTXT(FRMTXTFRM, FRMTXTBLK, FRMTXTFTX, FRMTXTWHL, FRMTXTLFD, FRMTXTART)
  VALUES('schnellerfassen', 'start', 9, 1, 2, 1);
INSERT INTO TMSYSTEM.TMS103FRMTXT(FRMTXTFRM, FRMTXTBLK, FRMTXTFTX, FRMTXTWHL, FRMTXTLFD, FRMTXTART)
  VALUES('schnellerfassen', 'start', 9, 2, 3, 1);
INSERT INTO TMSYSTEM.TMS103FRMTXT(FRMTXTFRM, FRMTXTBLK, FRMTXTFTX, FRMTXTWHL, FRMTXTLFD, FRMTXTART)
  VALUES('schnellerfassen', 'start', 9, 3, 4, 1);
INSERT INTO TMSYSTEM.TMS103FRMTXT(FRMTXTFRM, FRMTXTBLK, FRMTXTFTX, FRMTXTWHL, FRMTXTLFD, FRMTXTART)
  VALUES('schnellerfassen', 'start', 9, 4, 5, 1);
INSERT INTO TMSYSTEM.TMS103FRMTXT(FRMTXTFRM, FRMTXTBLK, FRMTXTFTX, FRMTXTWHL, FRMTXTLFD, FRMTXTART)
  VALUES('schnellerfassen', 'start', 9, 5, 6, 1);
INSERT INTO TMSYSTEM.TMS103FRMTXT(FRMTXTFRM, FRMTXTBLK, FRMTXTFTX, FRMTXTWHL, FRMTXTLFD, FRMTXTART)
  VALUES('schnellerfassen', 'start', 9, 6, 7, 1);
INSERT INTO TMSYSTEM.TMS103FRMTXT(FRMTXTFRM, FRMTXTBLK, FRMTXTFTX, FRMTXTWHL, FRMTXTLFD, FRMTXTART)
  VALUES('schnellerfassen', 'start', 9, 8, 8, 1);
INSERT INTO TMSYSTEM.TMS103FRMTXT(FRMTXTFRM, FRMTXTBLK, FRMTXTFTX, FRMTXTWHL, FRMTXTLFD, FRMTXTART)
  VALUES('schnellerfassen', 'start', 9, 9, 9, 1);
INSERT INTO TMSYSTEM.TMS103FRMTXT(FRMTXTFRM, FRMTXTBLK, FRMTXTFTX, FRMTXTWHL, FRMTXTLFD, FRMTXTART)
  VALUES('schnellerfassen', 'start', 9, 11, 10, 1);
INSERT INTO TMSYSTEM.TMS103FRMTXT(FRMTXTFRM, FRMTXTBLK, FRMTXTFTX, FRMTXTWHL, FRMTXTLFD, FRMTXTART)
  VALUES('schnellerfassen', 'start', 9, 20, 11, 1);
INSERT INTO TMSYSTEM.TMS103FRMTXT(FRMTXTFRM, FRMTXTBLK, FRMTXTFTX, FRMTXTWHL, FRMTXTLFD, FRMTXTART)
  VALUES('schnellerfassen', 'start', 9, 21, 12, 1);
INSERT INTO TMSYSTEM.TMS103FRMTXT(FRMTXTFRM, FRMTXTBLK, FRMTXTFTX, FRMTXTWHL, FRMTXTLFD, FRMTXTART)
  VALUES('schnellerfassen', 'start', 9, 23, 13, 1);
INSERT INTO TMSYSTEM.TMS103FRMTXT(FRMTXTFRM, FRMTXTBLK, FRMTXTFTX, FRMTXTWHL, FRMTXTLFD, FRMTXTART)
  VALUES('schnellerfassen', 'start', 5, 126, 14, 1);
INSERT INTO TMSYSTEM.TMS103FRMTXT(FRMTXTFRM, FRMTXTBLK, FRMTXTFTX, FRMTXTWHL, FRMTXTLFD, FRMTXTART)
  VALUES('schnellerfassen', 'start', 5, 127, 15, 1);
INSERT INTO TMSYSTEM.TMS103FRMTXT(FRMTXTFRM, FRMTXTBLK, FRMTXTFTX, FRMTXTWHL, FRMTXTLFD, FRMTXTART)
  VALUES('schnellerfassen', 'start', 15, 0, 16, 1);
INSERT INTO TMSYSTEM.TMS103FRMTXT(FRMTXTFRM, FRMTXTBLK, FRMTXTFTX, FRMTXTWHL, FRMTXTLFD, FRMTXTART)
 VALUES('schnellerfassen', 'start', 12, 0, 17, 1);
INSERT INTO TMSYSTEM.TMS103FRMTXT(FRMTXTFRM, FRMTXTBLK, FRMTXTFTX, FRMTXTWHL, FRMTXTLFD, FRMTXTART)
 VALUES('schnellerfassen', 'start', 120101, 213, 18, 1);
INSERT INTO TMSYSTEM.TMS103FRMTXT(FRMTXTFRM, FRMTXTBLK, FRMTXTFTX, FRMTXTWHL, FRMTXTLFD, FRMTXTART)
 VALUES('schnellerfassen', 'start', 13101, 0, 19, 1);
INSERT INTO TMSYSTEM.TMS103FRMTXT(FRMTXTFRM, FRMTXTBLK, FRMTXTFTX, FRMTXTWHL, FRMTXTLFD, FRMTXTART)
 VALUES('schnellerfassen', 'start', 5, 9, 20, 1);
INSERT INTO TMSYSTEM.TMS103FRMTXT(FRMTXTFRM, FRMTXTBLK, FRMTXTFTX, FRMTXTWHL, FRMTXTLFD, FRMTXTART)
 VALUES('schnellerfassen', 'start', 5, 15, 21, 1);
INSERT INTO TMSYSTEM.TMS103FRMTXT(FRMTXTFRM, FRMTXTBLK, FRMTXTFTX, FRMTXTWHL, FRMTXTLFD, FRMTXTART)
 VALUES('schnellerfassen', 'start', 5, 397, 22, 1);
INSERT INTO TMSYSTEM.TMS103FRMTXT(FRMTXTFRM, FRMTXTBLK, FRMTXTFTX, FRMTXTWHL, FRMTXTLFD, FRMTXTART)
 VALUES('schnellerfassen', 'start', 5, 16, 23, 1);
INSERT INTO TMSYSTEM.TMS103FRMTXT(FRMTXTFRM, FRMTXTBLK, FRMTXTFTX, FRMTXTWHL, FRMTXTLFD, FRMTXTART)
 VALUES('schnellerfassen', 'start', 5, 274, 24, 1);
INSERT INTO TMSYSTEM.TMS103FRMTXT(FRMTXTFRM, FRMTXTBLK, FRMTXTFTX, FRMTXTWHL, FRMTXTLFD, FRMTXTART)
 VALUES('schnellerfassen', 'start', 6, 103, 25, 1);
INSERT INTO TMSYSTEM.TMS103FRMTXT(FRMTXTFRM, FRMTXTBLK, FRMTXTFTX, FRMTXTWHL, FRMTXTLFD, FRMTXTART)
 VALUES('schnellerfassen', 'start', 6, 58, 26, 1);
INSERT INTO TMSYSTEM.TMS103FRMTXT(FRMTXTFRM, FRMTXTBLK, FRMTXTFTX, FRMTXTWHL, FRMTXTLFD, FRMTXTART)
 VALUES('schnellerfassen', 'start', 6, 348, 27, 1);
INSERT INTO TMSYSTEM.TMS103FRMTXT(FRMTXTFRM, FRMTXTBLK, FRMTXTFTX, FRMTXTWHL, FRMTXTLFD, FRMTXTART)
 VALUES('schnellerfassen', 'start', 6, 370, 28, 1);
INSERT INTO TMSYSTEM.TMS103FRMTXT(FRMTXTFRM, FRMTXTBLK, FRMTXTFTX, FRMTXTWHL, FRMTXTLFD, FRMTXTART)
 VALUES('schnellerfassen', 'start', 5, 396, 29, 1);
INSERT INTO TMSYSTEM.TMS103FRMTXT(FRMTXTFRM, FRMTXTBLK, FRMTXTFTX, FRMTXTWHL, FRMTXTLFD, FRMTXTART)
 VALUES('schnellerfassen', 'start', 6, 182, 30, 1);
INSERT INTO TMSYSTEM.TMS103FRMTXT(FRMTXTFRM, FRMTXTBLK, FRMTXTFTX, FRMTXTWHL, FRMTXTLFD, FRMTXTART)
 VALUES('schnellerfassen', 'start', 9, 12, 31, 1);
INSERT INTO TMSYSTEM.TMS103FRMTXT(FRMTXTFRM, FRMTXTBLK, FRMTXTFTX, FRMTXTWHL, FRMTXTLFD, FRMTXTART)
 VALUES('schnellerfassen', 'start', 30001, 0, 32, 1);
INSERT INTO TMSYSTEM.TMS103FRMTXT(FRMTXTFRM, FRMTXTBLK, FRMTXTFTX, FRMTXTWHL, FRMTXTLFD, FRMTXTART)
 VALUES('schnellerfassen', 'start', 30010, 0, 33, 1);
INSERT INTO TMSYSTEM.TMS103FRMTXT(FRMTXTFRM, FRMTXTBLK, FRMTXTFTX, FRMTXTWHL, FRMTXTLFD, FRMTXTART)
 VALUES('schnellerfassen', 'start', 13302, 0, 34, 1);
INSERT INTO TMSYSTEM.TMS103FRMTXT(FRMTXTFRM, FRMTXTBLK, FRMTXTFTX, FRMTXTWHL, FRMTXTLFD, FRMTXTART)
 VALUES('schnellerfassen', 'start', 12, 0, 35, 1);
INSERT INTO TMSYSTEM.TMS103FRMTXT(FRMTXTFRM, FRMTXTBLK, FRMTXTFTX, FRMTXTWHL, FRMTXTLFD, FRMTXTART)
 VALUES('schnellerfassen', 'start', 6, 385, 36, 1);
INSERT INTO TMSYSTEM.TMS103FRMTXT(FRMTXTFRM, FRMTXTBLK, FRMTXTFTX, FRMTXTWHL, FRMTXTLFD, FRMTXTART)
 VALUES('schnellerfassen', 'start', 5, 398, 37, 1);
INSERT INTO TMSYSTEM.TMS103FRMTXT(FRMTXTFRM, FRMTXTBLK, FRMTXTFTX, FRMTXTWHL, FRMTXTLFD, FRMTXTART)
 VALUES('schnellerfassen', 'start', 5, 399, 38, 1);
INSERT INTO TMSYSTEM.TMS103FRMTXT(FRMTXTFRM, FRMTXTBLK, FRMTXTFTX, FRMTXTWHL, FRMTXTLFD, FRMTXTART)
 VALUES('schnellerfassen', 'start', 5, 400, 39, 1);
INSERT INTO TMSYSTEM.TMS103FRMTXT(FRMTXTFRM, FRMTXTBLK, FRMTXTFTX, FRMTXTWHL, FRMTXTLFD, FRMTXTART)
 VALUES('schnellerfassen', 'start', 6, 361, 40, 1);
INSERT INTO TMSYSTEM.TMS103FRMTXT(FRMTXTFRM, FRMTXTBLK, FRMTXTFTX, FRMTXTWHL, FRMTXTLFD, FRMTXTART)
 VALUES('schnellerfassen', 'start', 6, 705, 41, 1);
DELETE FROM TMSYSTEM.TMS103FRMTXT where FRMTXTFRM = 'schnerfMaske';
INSERT INTO TMSYSTEM.TMS103FRMTXT(FRMTXTFRM, FRMTXTBLK, FRMTXTFTX, FRMTXTWHL, FRMTXTLFD, FRMTXTART)
VALUES('schnerfMaske', 'start', 120101, 417, 1, 1);
INSERT INTO TMSYSTEM.TMS103FRMTXT(FRMTXTFRM, FRMTXTBLK, FRMTXTFTX, FRMTXTWHL, FRMTXTLFD, FRMTXTART)
VALUES('schnerfMaske', 'start', 11, 1, 2, 1);
INSERT INTO TMSYSTEM.TMS103FRMTXT(FRMTXTFRM, FRMTXTBLK, FRMTXTFTX, FRMTXTWHL, FRMTXTLFD, FRMTXTART)
 VALUES('schnerfMaske', 'start', 11, 2, 3, 1);
INSERT INTO TMSYSTEM.TMS103FRMTXT(FRMTXTFRM, FRMTXTBLK, FRMTXTFTX, FRMTXTWHL, FRMTXTLFD, FRMTXTART)
 VALUES('schnerfMaske', 'start', 11, 3, 4, 1);
INSERT INTO TMSYSTEM.TMS103FRMTXT(FRMTXTFRM, FRMTXTBLK, FRMTXTFTX, FRMTXTWHL, FRMTXTLFD, FRMTXTART)
 VALUES('schnerfMaske', 'start', 11, 4, 5, 1);
INSERT INTO TMSYSTEM.TMS103FRMTXT(FRMTXTFRM, FRMTXTBLK, FRMTXTFTX, FRMTXTWHL, FRMTXTLFD, FRMTXTART)
VALUES('schnerfMaske', 'start', 11, 5, 6, 1);
INSERT INTO TMSYSTEM.TMS103FRMTXT(FRMTXTFRM, FRMTXTBLK, FRMTXTFTX, FRMTXTWHL, FRMTXTLFD, FRMTXTART)
VALUES('schnerfMaske', 'start', 11, 6, 7, 1);
INSERT INTO TMSYSTEM.TMS103FRMTXT(FRMTXTFRM, FRMTXTBLK, FRMTXTFTX, FRMTXTWHL, FRMTXTLFD, FRMTXTART)
VALUES('schnerfMaske', 'start', 11, 7, 8, 1);
INSERT INTO TMSYSTEM.TMS103FRMTXT(FRMTXTFRM, FRMTXTBLK, FRMTXTFTX, FRMTXTWHL, FRMTXTLFD, FRMTXTART)
VALUES('schnerfMaske', 'start', 10105, 0, 9, 1);
INSERT INTO TMSYSTEM.TMS103FRMTXT(FRMTXTFRM, FRMTXTBLK, FRMTXTFTX, FRMTXTWHL, FRMTXTLFD, FRMTXTART)
VALUES('schnerfMaske', 'start', 15312, 0, 10, 1);
INSERT INTO TMSYSTEM.TMS103FRMTXT(FRMTXTFRM, FRMTXTBLK, FRMTXTFTX, FRMTXTWHL, FRMTXTLFD, FRMTXTART)
VALUES('schnerfMaske', 'start', 5, 4, 11, 1);
INSERT INTO TMSYSTEM.TMS103FRMTXT(FRMTXTFRM, FRMTXTBLK, FRMTXTFTX, FRMTXTWHL, FRMTXTLFD, FRMTXTART)
VALUES('schnerfMaske', 'start', 5, 5, 12, 1);
INSERT INTO TMSYSTEM.TMS103FRMTXT(FRMTXTFRM, FRMTXTBLK, FRMTXTFTX, FRMTXTWHL, FRMTXTLFD, FRMTXTART)
VALUES('schnerfMaske', 'start', 11422, 0, 13, 1);
INSERT INTO TMSYSTEM.TMS103FRMTXT(FRMTXTFRM, FRMTXTBLK, FRMTXTFTX, FRMTXTWHL, FRMTXTLFD, FRMTXTART)
VALUES('schnerfMaske', 'start', 100401, 0, 14, 1);
INSERT INTO TMSYSTEM.TMS103FRMTXT(FRMTXTFRM, FRMTXTBLK, FRMTXTFTX, FRMTXTWHL, FRMTXTLFD, FRMTXTART)
VALUES('schnerfMaske', 'start', 13108, 0, 15, 1);
INSERT INTO TMSYSTEM.TMS103FRMTXT(FRMTXTFRM, FRMTXTBLK, FRMTXTFTX, FRMTXTWHL, FRMTXTLFD, FRMTXTART)
VALUES('schnerfMaske', 'start', 13105, 0, 16, 1);
INSERT INTO TMSYSTEM.TMS103FRMTXT(FRMTXTFRM, FRMTXTBLK, FRMTXTFTX, FRMTXTWHL, FRMTXTLFD, FRMTXTART)
VALUES('schnerfMaske', 'start', 5, 65, 17, 1);
INSERT INTO %SCHEMA%.TMS010TAZ(TAZDEF, TAZMSK) VALUES('tagesdaten', 'tagesdaten');
DELETE FROM TMSYSTEM.TMS103FRMTXT where FRMTXTFRM = 'tagesdaten';
INSERT INTO TMSYSTEM.TMS103FRMTXT(FRMTXTFRM, FRMTXTBLK, FRMTXTFTX, FRMTXTWHL, FRMTXTLFD, FRMTXTART)
VALUES('tagesdaten', 'start', 120101, 221, 0, 1);
INSERT INTO TMSYSTEM.TMS103FRMTXT(FRMTXTFRM, FRMTXTBLK, FRMTXTFTX, FRMTXTWHL, FRMTXTLFD, FRMTXTART)
  VALUES('tagesdaten', 'start', 9, 0, 1, 1);
INSERT INTO TMSYSTEM.TMS103FRMTXT(FRMTXTFRM, FRMTXTBLK, FRMTXTFTX, FRMTXTWHL, FRMTXTLFD, FRMTXTART)
  VALUES('tagesdaten', 'start', 9, 1, 2, 1);
INSERT INTO TMSYSTEM.TMS103FRMTXT(FRMTXTFRM, FRMTXTBLK, FRMTXTFTX, FRMTXTWHL, FRMTXTLFD, FRMTXTART)
  VALUES('tagesdaten', 'start', 9, 2, 3, 1);
INSERT INTO TMSYSTEM.TMS103FRMTXT(FRMTXTFRM, FRMTXTBLK, FRMTXTFTX, FRMTXTWHL, FRMTXTLFD, FRMTXTART)
  VALUES('tagesdaten', 'start', 9, 3, 4, 1);
INSERT INTO TMSYSTEM.TMS103FRMTXT(FRMTXTFRM, FRMTXTBLK, FRMTXTFTX, FRMTXTWHL, FRMTXTLFD, FRMTXTART)
  VALUES('tagesdaten', 'start', 9, 4, 5, 1);
INSERT INTO TMSYSTEM.TMS103FRMTXT(FRMTXTFRM, FRMTXTBLK, FRMTXTFTX, FRMTXTWHL, FRMTXTLFD, FRMTXTART)
  VALUES('tagesdaten', 'start', 9, 5, 6, 1);
INSERT INTO TMSYSTEM.TMS103FRMTXT(FRMTXTFRM, FRMTXTBLK, FRMTXTFTX, FRMTXTWHL, FRMTXTLFD, FRMTXTART)
  VALUES('tagesdaten', 'start', 9, 6, 7, 1);
INSERT INTO TMSYSTEM.TMS103FRMTXT(FRMTXTFRM, FRMTXTBLK, FRMTXTFTX, FRMTXTWHL, FRMTXTLFD, FRMTXTART)
  VALUES('tagesdaten', 'start', 9, 8, 8, 1);
INSERT INTO TMSYSTEM.TMS103FRMTXT(FRMTXTFRM, FRMTXTBLK, FRMTXTFTX, FRMTXTWHL, FRMTXTLFD, FRMTXTART)
  VALUES('tagesdaten', 'start', 9, 9, 9, 1);
INSERT INTO TMSYSTEM.TMS103FRMTXT(FRMTXTFRM, FRMTXTBLK, FRMTXTFTX, FRMTXTWHL, FRMTXTLFD, FRMTXTART)
  VALUES('tagesdaten', 'start', 9, 11, 10, 1);
INSERT INTO TMSYSTEM.TMS103FRMTXT(FRMTXTFRM, FRMTXTBLK, FRMTXTFTX, FRMTXTWHL, FRMTXTLFD, FRMTXTART)
  VALUES('tagesdaten', 'start', 9, 20, 11, 1);
INSERT INTO TMSYSTEM.TMS103FRMTXT(FRMTXTFRM, FRMTXTBLK, FRMTXTFTX, FRMTXTWHL, FRMTXTLFD, FRMTXTART)
  VALUES('tagesdaten', 'start', 9, 21, 12, 1);
INSERT INTO TMSYSTEM.TMS103FRMTXT(FRMTXTFRM, FRMTXTBLK, FRMTXTFTX, FRMTXTWHL, FRMTXTLFD, FRMTXTART)
  VALUES('tagesdaten', 'start', 9, 23, 13, 1);
INSERT INTO TMSYSTEM.TMS103FRMTXT(FRMTXTFRM, FRMTXTBLK, FRMTXTFTX, FRMTXTWHL, FRMTXTLFD, FRMTXTART)
  VALUES('tagesdaten', 'start', 5, 126, 14, 1);
INSERT INTO TMSYSTEM.TMS103FRMTXT(FRMTXTFRM, FRMTXTBLK, FRMTXTFTX, FRMTXTWHL, FRMTXTLFD, FRMTXTART)
  VALUES('tagesdaten', 'start', 5, 127, 15, 1);
INSERT INTO TMSYSTEM.TMS103FRMTXT(FRMTXTFRM, FRMTXTBLK, FRMTXTFTX, FRMTXTWHL, FRMTXTLFD, FRMTXTART)
  VALUES('tagesdaten', 'start', 14001, 0, 16, 1);
INSERT INTO TMSYSTEM.TMS103FRMTXT(FRMTXTFRM, FRMTXTBLK, FRMTXTFTX, FRMTXTWHL, FRMTXTLFD, FRMTXTART)
 VALUES('tagesdaten', 'start', 12, 0, 17, 1);
INSERT INTO TMSYSTEM.TMS103FRMTXT(FRMTXTFRM, FRMTXTBLK, FRMTXTFTX, FRMTXTWHL, FRMTXTLFD, FRMTXTART)
 VALUES('tagesdaten', 'start', 120101, 213, 18, 1);
INSERT INTO TMSYSTEM.TMS103FRMTXT(FRMTXTFRM, FRMTXTBLK, FRMTXTFTX, FRMTXTWHL, FRMTXTLFD, FRMTXTART)
 VALUES('tagesdaten', 'start', 5, 174, 19, 1);
INSERT INTO TMSYSTEM.TMS103FRMTXT(FRMTXTFRM, FRMTXTBLK, FRMTXTFTX, FRMTXTWHL, FRMTXTLFD, FRMTXTART)
 VALUES('tagesdaten', 'start', 5, 9, 20, 1);
INSERT INTO TMSYSTEM.TMS103FRMTXT(FRMTXTFRM, FRMTXTBLK, FRMTXTFTX, FRMTXTWHL, FRMTXTLFD, FRMTXTART)
 VALUES('tagesdaten', 'start', 5, 15, 21, 1);
INSERT INTO TMSYSTEM.TMS103FRMTXT(FRMTXTFRM, FRMTXTBLK, FRMTXTFTX, FRMTXTWHL, FRMTXTLFD, FRMTXTART)
 VALUES('tagesdaten', 'start', 5, 395, 22, 1);
INSERT INTO TMSYSTEM.TMS103FRMTXT(FRMTXTFRM, FRMTXTBLK, FRMTXTFTX, FRMTXTWHL, FRMTXTLFD, FRMTXTART)
 VALUES('tagesdaten', 'start', 5, 16, 23, 1);
INSERT INTO TMSYSTEM.TMS103FRMTXT(FRMTXTFRM, FRMTXTBLK, FRMTXTFTX, FRMTXTWHL, FRMTXTLFD, FRMTXTART)
 VALUES('tagesdaten', 'start', 5, 274, 24, 1);
INSERT INTO TMSYSTEM.TMS103FRMTXT(FRMTXTFRM, FRMTXTBLK, FRMTXTFTX, FRMTXTWHL, FRMTXTLFD, FRMTXTART)
 VALUES('tagesdaten', 'start', 14101, 0, 25, 1);
INSERT INTO TMSYSTEM.TMS103FRMTXT(FRMTXTFRM, FRMTXTBLK, FRMTXTFTX, FRMTXTWHL, FRMTXTLFD, FRMTXTART)
 VALUES('tagesdaten', 'start', 6, 58, 26, 1);
INSERT INTO TMSYSTEM.TMS103FRMTXT(FRMTXTFRM, FRMTXTBLK, FRMTXTFTX, FRMTXTWHL, FRMTXTLFD, FRMTXTART)
 VALUES('tagesdaten', 'start', 6, 348, 27, 1);
INSERT INTO TMSYSTEM.TMS103FRMTXT(FRMTXTFRM, FRMTXTBLK, FRMTXTFTX, FRMTXTWHL, FRMTXTLFD, FRMTXTART)
 VALUES('tagesdaten', 'start', 6, 370, 28, 1);
INSERT INTO TMSYSTEM.TMS103FRMTXT(FRMTXTFRM, FRMTXTBLK, FRMTXTFTX, FRMTXTWHL, FRMTXTLFD, FRMTXTART)
 VALUES('tagesdaten', 'start', 5, 174, 29, 1);
INSERT INTO TMSYSTEM.TMS103FRMTXT(FRMTXTFRM, FRMTXTBLK, FRMTXTFTX, FRMTXTWHL, FRMTXTLFD, FRMTXTART)
 VALUES('tagesdaten', 'start', 6, 182, 30, 1);
INSERT INTO TMSYSTEM.TMS103FRMTXT(FRMTXTFRM, FRMTXTBLK, FRMTXTFTX, FRMTXTWHL, FRMTXTLFD, FRMTXTART)
 VALUES('tagesdaten', 'start', 9, 12, 31, 1);
INSERT INTO TMSYSTEM.TMS103FRMTXT(FRMTXTFRM, FRMTXTBLK, FRMTXTFTX, FRMTXTWHL, FRMTXTLFD, FRMTXTART)
 VALUES('tagesdaten', 'start', 30001, 0, 32, 1);
INSERT INTO TMSYSTEM.TMS103FRMTXT(FRMTXTFRM, FRMTXTBLK, FRMTXTFTX, FRMTXTWHL, FRMTXTLFD, FRMTXTART)
 VALUES('tagesdaten', 'start', 30010, 0, 33, 1);
INSERT INTO TMSYSTEM.TMS103FRMTXT(FRMTXTFRM, FRMTXTBLK, FRMTXTFTX, FRMTXTWHL, FRMTXTLFD, FRMTXTART)
 VALUES('tagesdaten', 'start', 13302, 0, 34, 1);
INSERT INTO TMSYSTEM.TMS103FRMTXT(FRMTXTFRM, FRMTXTBLK, FRMTXTFTX, FRMTXTWHL, FRMTXTLFD, FRMTXTART)
 VALUES('tagesdaten', 'start', 12, 0, 35, 1);
INSERT INTO TMSYSTEM.TMS103FRMTXT(FRMTXTFRM, FRMTXTBLK, FRMTXTFTX, FRMTXTWHL, FRMTXTLFD, FRMTXTART)
 VALUES('tagesdaten', 'start', 6, 385, 36, 1);
INSERT INTO TMSYSTEM.TMS103FRMTXT(FRMTXTFRM, FRMTXTBLK, FRMTXTFTX, FRMTXTWHL, FRMTXTLFD, FRMTXTART)
 VALUES('tagesdaten', 'start', 16011, 0, 37, 1);
INSERT INTO TMSYSTEM.TMS103FRMTXT(FRMTXTFRM, FRMTXTBLK, FRMTXTFTX, FRMTXTWHL, FRMTXTLFD, FRMTXTART)
 VALUES('tagesdaten', 'start', 6, 717, 38, 1);
INSERT INTO TMSYSTEM.TMS103FRMTXT(FRMTXTFRM, FRMTXTBLK, FRMTXTFTX, FRMTXTWHL, FRMTXTLFD, FRMTXTART)
 VALUES('tagesdaten', 'start', 6, 719, 39, 1);
INSERT INTO TMSYSTEM.TMS103FRMTXT(FRMTXTFRM, FRMTXTBLK, FRMTXTFTX, FRMTXTWHL, FRMTXTLFD, FRMTXTART)
VALUES('tagesdaten', 'start', 6, 18, 40, 1);
INSERT INTO %SCHEMA%.G1303FRMRTESCHALT(FRTSFLRTE, FRTSFLFRM, FRTSFLNUM, FRTSFLSTA, FRTSFLERF)
(SELECT FRENUM, 'PzmGrpKorrektur', 'TMS068', 1, 'TIMESYS' FROM %SCHEMA%.O1301FRMRECHT
WHERE (select COUNT(*) from %SCHEMA%.G1301FRMRTE where FRMRTEFRM =  'PzmGrpKorrektur' and FRENUM = FRMRTENUM) > 0);
INSERT INTO %SCHEMA%.G1303FRMRTESCHALT(FRTSFLRTE, FRTSFLFRM, FRTSFLNUM, FRTSFLSTA, FRTSFLERF)
(SELECT FRENUM, 'schnellerfassen', 'TMS068', 1, 'TIMESYS' FROM %SCHEMA%.O1301FRMRECHT
WHERE (select COUNT(*) from %SCHEMA%.G1301FRMRTE where FRMRTEFRM =  'schnellerfassen' and FRENUM = FRMRTENUM) > 0);
INSERT INTO %SCHEMA%.G1303FRMRTESCHALT(FRTSFLRTE, FRTSFLFRM, FRTSFLNUM, FRTSFLSTA, FRTSFLERF)
(SELECT FRENUM, 'belegerfassen', 'TMS068', 1, 'TIMESYS' FROM %SCHEMA%.O1301FRMRECHT
WHERE (select COUNT(*) from %SCHEMA%.G1301FRMRTE where FRMRTEFRM =  'belegerfassen' and FRENUM = FRMRTENUM) > 0);
INSERT INTO %SCHEMA%.G1303FRMRTESCHALT(FRTSFLRTE, FRTSFLFRM, FRTSFLNUM, FRTSFLSTA, FRTSFLERF)
(SELECT FRENUM, 'tagesdaten', 'TMS068', 1, 'TIMESYS' FROM %SCHEMA%.O1301FRMRECHT
WHERE (select COUNT(*) from %SCHEMA%.G1301FRMRTE where FRMRTEFRM =  'tagesdaten' and FRENUM = FRMRTENUM) > 0);
INSERT INTO %SCHEMA%.G1303FRMRTESCHALT(FRTSFLRTE, FRTSFLFRM, FRTSFLNUM, FRTSFLSTA, FRTSFLERF)
(SELECT FRENUM, 'ueberzeiten', 'TMS068', 1, 'TIMESYS' FROM %SCHEMA%.O1301FRMRECHT
WHERE (select COUNT(*) from %SCHEMA%.G1301FRMRTE where FRMRTEFRM =  'ueberzeiten' and FRENUM = FRMRTENUM) > 0);
delete from %SCHEMA%.G1303FRMRTESCHALT  where FRTSFLFRM ='PzmBelegerfassung';
delete from tmsystem.O1803FRMSCHALTLST where frmsflfrm ='PzmBelegerfassung';
delete from %SCHEMA%.G1302FRMRTELST where FRMRTEFMR ='PzmBelegerfassung';
delete from %SCHEMA%.G1301RTRRTE where RTRRTERTR ='PzmBelegerfassung';
delete from %SCHEMA%.G1301FRMRTE where frmrteFrm ='PzmBelegerfassung';
delete from tmsystem.TMS103FRMTXT where frmtxtfrm ='PzmBelegerfassung';
delete from %SCHEMA%.TMS103FRMPNR where PfrFrm ='PzmBelegerfassung';
delete from tmsystem.TMS103FRM where frmnam ='PzmBelegerfassung';
delete from tmsystem.Tms100Tbs where TbsTna ='PzmBelegerfassung';
delete from %SCHEMA%.G1303FRMRTESCHALT  where FRTSFLFRM ='Tms321Uzg';
delete from tmsystem.O1803FRMSCHALTLST where frmsflfrm ='Tms321Uzg';
delete from %SCHEMA%.G1302FRMRTELST where FRMRTEFMR ='Tms321Uzg';
delete from %SCHEMA%.G1301RTRRTE where RTRRTERTR ='Tms321Uzg';
delete from %SCHEMA%.G1301FRMRTE where frmrteFrm ='Tms321Uzg';
delete from tmsystem.TMS103FRMTXT where frmtxtfrm ='Tms321Uzg';
delete from %SCHEMA%.TMS103FRMPNR where PfrFrm ='Tms321Uzg';
delete from tmsystem.TMS103FRM where frmnam ='Tms321Uzg';
delete from tmsystem.Tms100Tbs where TbsTna ='Tms321Uzg';
delete from %SCHEMA%.G1303FRMRTESCHALT  where FRTSFLFRM ='PzmSchnellerfassung';
delete from tmsystem.O1803FRMSCHALTLST where frmsflfrm ='PzmSchnellerfassung';
delete from %SCHEMA%.G1302FRMRTELST where FRMRTEFMR ='PzmSchnellerfassung';
delete from %SCHEMA%.G1301RTRRTE where RTRRTERTR ='PzmSchnellerfassung';
delete from %SCHEMA%.G1301FRMRTE where frmrteFrm ='PzmSchnellerfassung';
delete from tmsystem.TMS103FRMTXT where frmtxtfrm ='PzmSchnellerfassung';
delete from %SCHEMA%.TMS103FRMPNR where PfrFrm ='PzmSchnellerfassung';
delete from tmsystem.TMS103FRM where frmnam ='PzmSchnellerfassung';
delete from tmsystem.Tms100Tbs where TbsTna ='PzmSchnellerfassung';
delete from %SCHEMA%.G1303FRMRTESCHALT  where FRTSFLFRM ='PzmTagesdatenAend';
delete from tmsystem.O1803FRMSCHALTLST where frmsflfrm ='PzmTagesdatenAend';
delete from %SCHEMA%.G1302FRMRTELST where FRMRTEFMR ='PzmTagesdatenAend';
delete from %SCHEMA%.G1301RTRRTE where RTRRTERTR ='PzmTagesdatenAend';
delete from %SCHEMA%.G1301FRMRTE where frmrteFrm ='PzmTagesdatenAend';
delete from tmsystem.TMS103FRMTXT where frmtxtfrm ='PzmTagesdatenAend';
delete from %SCHEMA%.TMS103FRMPNR where PfrFrm ='PzmTagesdatenAend';
delete from tmsystem.TMS103FRM where frmnam ='PzmTagesdatenAend';
delete from tmsystem.Tms100Tbs where TbsTna ='PzmTagesdatenAend';
delete from tmsystem.TMS103FRMRTR where RTRNUM ='PzmKorrekturenGruppe';
delete from tmsystem.Tms901Tabellen where TabNam ='PzmTagesdatenAend';
delete from tmsystem.o1201formular where fmrnum ='PzmTagesdatenAend';
delete from tmsystem.Tms901Tabellen where TabNam ='Tms321Uzg';
delete from tmsystem.o1201formular where fmrnum ='Tms321Uzg';
delete from tmsystem.Tms901Tabellen where TabNam ='PzmSchnellerfassung';
delete from tmsystem.o1201formular where fmrnum ='PzmSchnellerfassung';
delete from tmsystem.Tms901Tabellen where TabNam ='PzmBelegerfassung';
delete from tmsystem.o1201formular where fmrnum ='PzmBelegerfassung';
delete from %SCHEMA%.G1303FRMRTESCHALT  where FRTSFLFRM ='PzmKorrekturenGruppe';
delete from tmsystem.O1803FRMSCHALTLST where frmsflfrm ='PzmKorrekturenGruppe';
delete from %SCHEMA%.G1302FRMRTELST where FRMRTEFMR ='PzmKorrekturenGruppe';
delete from %SCHEMA%.G1301RTRRTE where RTRRTERTR ='PzmKorrekturenGruppe';
delete from %SCHEMA%.G1301FRMRTE where frmrteFrm ='PzmKorrekturenGruppe';
delete from tmsystem.TMS103FRMTXT where frmtxtfrm ='PzmKorrekturenGruppe';
delete from %SCHEMA%.TMS103FRMPNR where PfrFrm ='PzmKorrekturenGruppe';
delete from tmsystem.TMS103FRM where frmnam ='PzmKorrekturenGruppe';
delete from tmsystem.Tms100Tbs where TbsTna ='PzmKorrekturenGruppe';
delete from tmsystem.Tms901Tabellen where TabNam ='PzmKorrekturenGruppe';
delete from tmsystem.o1201formular where fmrnum ='PzmKorrekturenGruppe';
-- Auftragsnummer : 160217 Zuständig: Golla --------------
INSERT INTO TMSYSTEM.TMS103FRMTXT(FRMTXTFRM, FRMTXTBLK, FRMTXTFTX, FRMTXTWHL, FRMTXTLFD, FRMTXTART)
VALUES('zeitnachweis', 'start', 300153, 2, 68, 1);
INSERT INTO TMSYSTEM.TMS103FRMTXT(FRMTXTFRM, FRMTXTBLK, FRMTXTFTX, FRMTXTWHL, FRMTXTLFD, FRMTXTART)
VALUES('zeitnachweis', 'start', 11801, 7, 69, 1);
INSERT INTO TMSYSTEM.TMS103FRMTXT(FRMTXTFRM, FRMTXTBLK, FRMTXTFTX, FRMTXTWHL, FRMTXTLFD, FRMTXTART)
VALUES('zeitnachweis', 'start', 300085, 2, 70, 1);
INSERT INTO TMSYSTEM.TMS102WHL(FTXNUMSPR, FTXWHL, FTXSPR, FTXT50, FTXT30) VALUES(180102, 71, 1, 'Drucken PDF ', 'Drucken PDF');
INSERT INTO TMSYSTEM.TMS102WHL(FTXNUMSPR, FTXWHL, FTXSPR, FTXT50, FTXT30) VALUES(180102, 72, 1, 'Drucken Word', 'Drucken Word');
INSERT INTO TMSYSTEM.O1801SCHALT(SFLNUM, SFLTXT, SFLKTX, SFLFLD, SFLWHL, SFLLNK, SFLBEF, SFLHOE, SFLBRE, SFLSTA)
VALUES('TMS071', 'Drucken PDF', 'PDF', 180102, 71, '/Timension/Images/Allgemein/img_printPDF',
'zeitnachweisDrucken()', 26, 30, 1);
INSERT INTO TMSYSTEM.O1801SCHALT(SFLNUM, SFLTXT, SFLKTX, SFLFLD, SFLWHL, SFLLNK, SFLBEF, SFLHOE, SFLBRE, SFLSTA)
VALUES('TMS072', 'Drucken RTF', 'RTF', 180102, 72, '/Timension/Images/Allgemein/img_printRTF',
'zeitnachweisRtf()', 26, 30, 1);
insert into TMSYSTEM.O1803FRMSCHALTLST (FRMSFLFRM,FRMSFLSCH,FRMSFLFUN,FRMSFLSTA,FRMSFLERF,FRMSFLDAT)
(select  FRMSFLFRM,'TMS071',FRMSFLFUN,FRMSFLSTA,FRMSFLERF,FRMSFLDAT
from TMSYSTEM.O1803FRMSCHALTLST where FRMSFLFRM like 'zeitnachweis%' and FRMSFLSCH = 'TMS017');
update %SCHEMA%.G1303FRMRTESCHALT set FRTSFLNUM = 'TMS071' where FRTSFLFRM like 'zeitnachweis%' and FRTSFLNUM = 'TMS017';
delete from TMSYSTEM.O1803FRMSCHALTLST where FRMSFLFRM like 'zeitnachweis%' and FRMSFLSCH = 'TMS017';
INSERT INTO TMSYSTEM.O1803FRMSCHALTLST(FRMSFLFRM, FRMSFLSCH, FRMSFLFUN, FRMSFLSTA, FRMSFLERF)
  VALUES('zeitnachweis', 'TMS072', 'zeitnachweisRtf()', 1, 'TIMESYS');
INSERT INTO TMSYSTEM.O1803FRMSCHALTLST(FRMSFLFRM, FRMSFLSCH, FRMSFLFUN, FRMSFLSTA, FRMSFLERF)
  VALUES('zeitnachweis1', 'TMS072', 'zeitnachweisRtf()', 1, 'TIMESYS');
INSERT INTO TMSYSTEM.O1803FRMSCHALTLST(FRMSFLFRM, FRMSFLSCH, FRMSFLFUN, FRMSFLSTA, FRMSFLERF)
  VALUES('zeitnachweis2', 'TMS072', 'zeitnachweisRtf()', 1, 'TIMESYS');
INSERT INTO TMSYSTEM.O1803FRMSCHALTLST(FRMSFLFRM, FRMSFLSCH, FRMSFLFUN, FRMSFLSTA, FRMSFLERF)
  VALUES('zeitnachweis3', 'TMS072', 'zeitnachweisRtf()', 1, 'TIMESYS');
INSERT INTO TMSYSTEM.O1803FRMSCHALTLST(FRMSFLFRM, FRMSFLSCH, FRMSFLFUN, FRMSFLSTA, FRMSFLERF)
  VALUES('zeitnachweis4', 'TMS072', 'zeitnachweisRtf()', 1, 'TIMESYS');
INSERT INTO TMSYSTEM.O1803FRMSCHALTLST(FRMSFLFRM, FRMSFLSCH, FRMSFLFUN, FRMSFLSTA, FRMSFLERF)
  VALUES('zeitnachweis5', 'TMS072', 'zeitnachweisRtf()', 1, 'TIMESYS');
INSERT INTO %SCHEMA%.G1303FRMRTESCHALT(FRTSFLRTE, FRTSFLFRM, FRTSFLNUM, FRTSFLSTA, FRTSFLERF)
values ('Alles', 'zeitnachweis', 'TMS072', 1, 'Timesys-0344' );
INSERT INTO %SCHEMA%.G1303FRMRTESCHALT(FRTSFLRTE, FRTSFLFRM, FRTSFLNUM, FRTSFLSTA, FRTSFLERF)
values ('Alles', 'zeitnachweis1', 'TMS072', 1, 'Timesys-0344' );
INSERT INTO %SCHEMA%.G1303FRMRTESCHALT(FRTSFLRTE, FRTSFLFRM, FRTSFLNUM, FRTSFLSTA, FRTSFLERF)
values ('Alles', 'zeitnachweis2', 'TMS072', 1, 'Timesys-0344' );
INSERT INTO %SCHEMA%.G1303FRMRTESCHALT(FRTSFLRTE, FRTSFLFRM, FRTSFLNUM, FRTSFLSTA, FRTSFLERF)
values ('Alles', 'zeitnachweis3', 'TMS072', 1, 'Timesys-0344' );
INSERT INTO %SCHEMA%.G1303FRMRTESCHALT(FRTSFLRTE, FRTSFLFRM, FRTSFLNUM, FRTSFLSTA, FRTSFLERF)
values ('Alles', 'zeitnachweis4', 'TMS072', 1, 'Timesys-0344' );
INSERT INTO %SCHEMA%.G1303FRMRTESCHALT(FRTSFLRTE, FRTSFLFRM, FRTSFLNUM, FRTSFLSTA, FRTSFLERF)
values ('Alles', 'zeitnachweis5', 'TMS072', 1, 'Timesys-0344' );
-- Auftragsnummer : 160577 Zuständig: mueller --------------
delete from %SCHEMA%.G1501FCDLISTE where FRLFCD = '024';
delete from %SCHEMA%.O3001BCH where BCHFCD = '024';
delete from %SCHEMA%.TMS131FCD where FCDNUM = '024';
-- Auftragsnummer : 160620 Zuständig: Kowalsky --------------
delete from tmsystem.O2007TRMTYP where TMTNAM = '7744-616';
INSERT INTO TMSYSTEM.O2007TRMTYP(TMTNAM, TMTTXT, TMTCMD, TMTSTA, TMTERF, TMTTYP)
  VALUES('7744-616', 'Varioterminal Applikation', 'D7744606', 1, 'TIMESYS', 'APL');
-- Auftragsnummer : 160654 Zuständig: Nuehlen --------------
CREATE TABLE TMSYSTEM.TMS122DIC (
    DICKEY VARCHAR(64) BINARY ,
    DICFNA VARCHAR(9)  BINARY ,
    DICTNA VARCHAR(20) BINARY ,
    DICFNK VARCHAR(50) BINARY ,
    DICFNR DECIMAL(11,0) ,
    DICWHL DECIMAL(5,0)  ,
    DICSTS NUMERIC(5,0)  ,
    DICDAT DATETIME      ,
    DICERF VARCHAR(50) BINARY ,
    PRIMARY KEY(
      DICKEY,DICFNA
    )
) ENGINE=InnoDB DEFAULT CHARSET=latin1 COMMENT='TIMENSION';;
INSERT INTO tmsystem.TMS122DIC(DICKEY,DICFNA,DICTNA,DICFNK,DICFNR,DICWHL,DICSTS,DICERF) VALUES('002#','FCDTXT','Tms131Fcd','FcdNum',13101,83,1,'TIMESYS');
INSERT INTO tmsystem.TMS122DIC(DICKEY,DICFNA,DICTNA,DICFNK,DICFNR,DICWHL,DICSTS,DICERF) VALUES('003#','FCDTXT','Tms131Fcd','FcdNum',13101,83,1,'TIMESYS');
INSERT INTO tmsystem.TMS122DIC(DICKEY,DICFNA,DICTNA,DICFNK,DICFNR,DICWHL,DICSTS,DICERF) VALUES('004#','FCDTXT','Tms131Fcd','FcdNum',13101,83,1,'TIMESYS');
INSERT INTO tmsystem.TMS122DIC(DICKEY,DICFNA,DICTNA,DICFNK,DICFNR,DICWHL,DICSTS,DICERF) VALUES('005#','FCDTXT','Tms131Fcd','FcdNum',13101,83,1,'TIMESYS');
INSERT INTO tmsystem.TMS122DIC(DICKEY,DICFNA,DICTNA,DICFNK,DICFNR,DICWHL,DICSTS,DICERF) VALUES('006#','FCDTXT','Tms131Fcd','FcdNum',13101,83,1,'TIMESYS');
INSERT INTO tmsystem.TMS122DIC(DICKEY,DICFNA,DICTNA,DICFNK,DICFNR,DICWHL,DICSTS,DICERF) VALUES('007#','FCDTXT','Tms131Fcd','FcdNum',13101,83,1,'TIMESYS');
INSERT INTO tmsystem.TMS122DIC(DICKEY,DICFNA,DICTNA,DICFNK,DICFNR,DICWHL,DICSTS,DICERF) VALUES('008#','FCDTXT','Tms131Fcd','FcdNum',13101,83,1,'TIMESYS');
INSERT INTO tmsystem.TMS122DIC(DICKEY,DICFNA,DICTNA,DICFNK,DICFNR,DICWHL,DICSTS,DICERF) VALUES('009#','FCDTXT','Tms131Fcd','FcdNum',13101,83,1,'TIMESYS');
INSERT INTO tmsystem.TMS122DIC(DICKEY,DICFNA,DICTNA,DICFNK,DICFNR,DICWHL,DICSTS,DICERF) VALUES('010#','FCDTXT','Tms131Fcd','FcdNum',13101,83,1,'TIMESYS');
INSERT INTO tmsystem.TMS122DIC(DICKEY,DICFNA,DICTNA,DICFNK,DICFNR,DICWHL,DICSTS,DICERF) VALUES('011#','FCDTXT','Tms131Fcd','FcdNum',13101,83,1,'TIMESYS');
INSERT INTO tmsystem.TMS122DIC(DICKEY,DICFNA,DICTNA,DICFNK,DICFNR,DICWHL,DICSTS,DICERF) VALUES('012#','FCDTXT','Tms131Fcd','FcdNum',13101,83,1,'TIMESYS');
INSERT INTO tmsystem.TMS122DIC(DICKEY,DICFNA,DICTNA,DICFNK,DICFNR,DICWHL,DICSTS,DICERF) VALUES('013#','FCDTXT','Tms131Fcd','FcdNum',13101,83,1,'TIMESYS');
INSERT INTO tmsystem.TMS122DIC(DICKEY,DICFNA,DICTNA,DICFNK,DICFNR,DICWHL,DICSTS,DICERF) VALUES('014#','FCDTXT','Tms131Fcd','FcdNum',13101,83,1,'TIMESYS');
INSERT INTO tmsystem.TMS122DIC(DICKEY,DICFNA,DICTNA,DICFNK,DICFNR,DICWHL,DICSTS,DICERF) VALUES('015#','FCDTXT','Tms131Fcd','FcdNum',13101,83,1,'TIMESYS');
INSERT INTO tmsystem.TMS122DIC(DICKEY,DICFNA,DICTNA,DICFNK,DICFNR,DICWHL,DICSTS,DICERF) VALUES('016#','FCDTXT','Tms131Fcd','FcdNum',13101,83,1,'TIMESYS');
INSERT INTO tmsystem.TMS122DIC(DICKEY,DICFNA,DICTNA,DICFNK,DICFNR,DICWHL,DICSTS,DICERF) VALUES('017#','FCDTXT','Tms131Fcd','FcdNum',13101,83,1,'TIMESYS');
INSERT INTO tmsystem.TMS122DIC(DICKEY,DICFNA,DICTNA,DICFNK,DICFNR,DICWHL,DICSTS,DICERF) VALUES('018#','FCDTXT','Tms131Fcd','FcdNum',13101,83,1,'TIMESYS');
INSERT INTO tmsystem.TMS122DIC(DICKEY,DICFNA,DICTNA,DICFNK,DICFNR,DICWHL,DICSTS,DICERF) VALUES('019#','FCDTXT','Tms131Fcd','FcdNum',13101,83,1,'TIMESYS');
INSERT INTO tmsystem.TMS122DIC(DICKEY,DICFNA,DICTNA,DICFNK,DICFNR,DICWHL,DICSTS,DICERF) VALUES('020#','FCDTXT','Tms131Fcd','FcdNum',13101,83,1,'TIMESYS');
INSERT INTO tmsystem.TMS122DIC(DICKEY,DICFNA,DICTNA,DICFNK,DICFNR,DICWHL,DICSTS,DICERF) VALUES('021#','FCDTXT','Tms131Fcd','FcdNum',13101,83,1,'TIMESYS');
INSERT INTO tmsystem.TMS122DIC(DICKEY,DICFNA,DICTNA,DICFNK,DICFNR,DICWHL,DICSTS,DICERF) VALUES('022#','FCDTXT','Tms131Fcd','FcdNum',13101,83,1,'TIMESYS');
INSERT INTO tmsystem.TMS122DIC(DICKEY,DICFNA,DICTNA,DICFNK,DICFNR,DICWHL,DICSTS,DICERF) VALUES('023#','FCDTXT','Tms131Fcd','FcdNum',13101,83,1,'TIMESYS');
INSERT INTO tmsystem.TMS122DIC(DICKEY,DICFNA,DICTNA,DICFNK,DICFNR,DICWHL,DICSTS,DICERF) VALUES('024#','FCDTXT','Tms131Fcd','FcdNum',13101,83,1,'TIMESYS');
INSERT INTO tmsystem.TMS122DIC(DICKEY,DICFNA,DICTNA,DICFNK,DICFNR,DICWHL,DICSTS,DICERF) VALUES('025#','FCDTXT','Tms131Fcd','FcdNum',13101,83,1,'TIMESYS');
INSERT INTO tmsystem.TMS122DIC(DICKEY,DICFNA,DICTNA,DICFNK,DICFNR,DICWHL,DICSTS,DICERF) VALUES('026#','FCDTXT','Tms131Fcd','FcdNum',13101,83,1,'TIMESYS');
INSERT INTO tmsystem.TMS122DIC(DICKEY,DICFNA,DICTNA,DICFNK,DICFNR,DICWHL,DICSTS,DICERF) VALUES('027#','FCDTXT','Tms131Fcd','FcdNum',13101,83,1,'TIMESYS');
INSERT INTO tmsystem.TMS122DIC(DICKEY,DICFNA,DICTNA,DICFNK,DICFNR,DICWHL,DICSTS,DICERF) VALUES('028#','FCDTXT','Tms131Fcd','FcdNum',13101,83,1,'TIMESYS');
INSERT INTO tmsystem.TMS122DIC(DICKEY,DICFNA,DICTNA,DICFNK,DICFNR,DICWHL,DICSTS,DICERF) VALUES('029#','FCDTXT','Tms131Fcd','FcdNum',13101,83,1,'TIMESYS');
CREATE TABLE TMSYSTEM.TMS122DI2 (
    DI2KEY VARCHAR(64)  BINARY ,
    DI2FNA VARCHAR(9)   BINARY ,
    DI2SPR DECIMAL(5,0) ,
    DI2TXT VARCHAR(120) BINARY ,
    DI2STS DECIMAL(5,0) ,
    DI2DAT DATETIME     ,
    DI2ERF VARCHAR(50)  BINARY ,
    PRIMARY KEY(
      DI2KEY,DI2FNA,DI2SPR
    )
) ENGINE=InnoDB DEFAULT CHARSET=latin1 COMMENT='TIMENSION';;
INSERT INTO tmsystem.TMS122DI2(DI2KEY,DI2FNA,DI2SPR,DI2TXT,DI2STS,DI2ERF) VALUES('001#','FCDTXT',2,'Time and attendance - clocking', 1,'TIMESYS');
INSERT INTO tmsystem.TMS122DI2(DI2KEY,DI2FNA,DI2SPR,DI2TXT,DI2STS,DI2ERF) VALUES('001#','FCDTXT',3,'Saisie des horaires ArrivÃ©e',  1,'TIMESYS');
INSERT INTO tmsystem.TMS122DI2(DI2KEY,DI2FNA,DI2SPR,DI2TXT,DI2STS,DI2ERF) VALUES('001#','FCDTXT',4,'Tijdregistratie Komen',        1,'TIMESYS');
INSERT INTO tmsystem.TMS122DI2(DI2KEY,DI2FNA,DI2SPR,DI2TXT,DI2STS,DI2ERF) VALUES('001#','FCDTXT',5,'Rilevazione presenze Entrata', 1,'TIMESYS');
INSERT INTO tmsystem.TMS122DI2(DI2KEY,DI2FNA,DI2SPR,DI2TXT,DI2STS,DI2ERF) VALUES('001#','FCDTXT',7,'Control de presencia Entrada', 1,'TIMESYS');
INSERT INTO tmsystem.TMS122DI2(DI2KEY,DI2FNA,DI2SPR,DI2TXT,DI2STS,DI2ERF) VALUES('002#','FCDTXT',1,'Zeiterfassung Gehen',          1,'TIMESYS');
INSERT INTO tmsystem.TMS122DI2(DI2KEY,DI2FNA,DI2SPR,DI2TXT,DI2STS,DI2ERF) VALUES('002#','FCDTXT',2,'Time and attendance -  clockin', 1,'TIMESYS');
INSERT INTO tmsystem.TMS122DI2(DI2KEY,DI2FNA,DI2SPR,DI2TXT,DI2STS,DI2ERF) VALUES('002#','FCDTXT',3,'Saisie des horaires DÃ©part',   1,'TIMESYS');
INSERT INTO tmsystem.TMS122DI2(DI2KEY,DI2FNA,DI2SPR,DI2TXT,DI2STS,DI2ERF) VALUES('002#','FCDTXT',4,'Tijdregistratie Gaan',         1,'TIMESYS');
INSERT INTO tmsystem.TMS122DI2(DI2KEY,DI2FNA,DI2SPR,DI2TXT,DI2STS,DI2ERF) VALUES('002#','FCDTXT',5,'Rilevazione presenze Uscita',  1,'TIMESYS');
INSERT INTO tmsystem.TMS122DI2(DI2KEY,DI2FNA,DI2SPR,DI2TXT,DI2STS,DI2ERF) VALUES('002#','FCDTXT',7,'Control de presencia Salida',  1,'TIMESYS');
INSERT INTO tmsystem.TMS122DI2(DI2KEY,DI2FNA,DI2SPR,DI2TXT,DI2STS,DI2ERF) VALUES('003#','FCDTXT',1,'Pause',                        1,'TIMESYS');
INSERT INTO tmsystem.TMS122DI2(DI2KEY,DI2FNA,DI2SPR,DI2TXT,DI2STS,DI2ERF) VALUES('003#','FCDTXT',2,'Break',                        1,'TIMESYS');
INSERT INTO tmsystem.TMS122DI2(DI2KEY,DI2FNA,DI2SPR,DI2TXT,DI2STS,DI2ERF) VALUES('003#','FCDTXT',3,'Pause',                        1,'TIMESYS');
INSERT INTO tmsystem.TMS122DI2(DI2KEY,DI2FNA,DI2SPR,DI2TXT,DI2STS,DI2ERF) VALUES('003#','FCDTXT',4,'Pauze',                        1,'TIMESYS');
INSERT INTO tmsystem.TMS122DI2(DI2KEY,DI2FNA,DI2SPR,DI2TXT,DI2STS,DI2ERF) VALUES('003#','FCDTXT',5,'Pausa',                        1,'TIMESYS');
INSERT INTO tmsystem.TMS122DI2(DI2KEY,DI2FNA,DI2SPR,DI2TXT,DI2STS,DI2ERF) VALUES('003#','FCDTXT',7,'Descanso',                     1,'TIMESYS');
INSERT INTO tmsystem.TMS122DI2(DI2KEY,DI2FNA,DI2SPR,DI2TXT,DI2STS,DI2ERF) VALUES('004#','FCDTXT',1,'Dienstgang',                   1,'TIMESYS');
INSERT INTO tmsystem.TMS122DI2(DI2KEY,DI2FNA,DI2SPR,DI2TXT,DI2STS,DI2ERF) VALUES('004#','FCDTXT',2,'Off-site work',                1,'TIMESYS');
INSERT INTO tmsystem.TMS122DI2(DI2KEY,DI2FNA,DI2SPR,DI2TXT,DI2STS,DI2ERF) VALUES('004#','FCDTXT',3,'DÃ©placement professionnel',    1,'TIMESYS');
INSERT INTO tmsystem.TMS122DI2(DI2KEY,DI2FNA,DI2SPR,DI2TXT,DI2STS,DI2ERF) VALUES('004#','FCDTXT',4,'Dienstreis',                   1,'TIMESYS');
INSERT INTO tmsystem.TMS122DI2(DI2KEY,DI2FNA,DI2SPR,DI2TXT,DI2STS,DI2ERF) VALUES('004#','FCDTXT',5,'Viaggio di affari',            1,'TIMESYS');
INSERT INTO tmsystem.TMS122DI2(DI2KEY,DI2FNA,DI2SPR,DI2TXT,DI2STS,DI2ERF) VALUES('004#','FCDTXT',7,'Viaje de negocios',            1,'TIMESYS');
INSERT INTO tmsystem.TMS122DI2(DI2KEY,DI2FNA,DI2SPR,DI2TXT,DI2STS,DI2ERF) VALUES('005#','FCDTXT',1,'Gehen Dienstreise',            1,'TIMESYS');
INSERT INTO tmsystem.TMS122DI2(DI2KEY,DI2FNA,DI2SPR,DI2TXT,DI2STS,DI2ERF) VALUES('005#','FCDTXT',2,'Out Business trip',            1,'TIMESYS');
INSERT INTO tmsystem.TMS122DI2(DI2KEY,DI2FNA,DI2SPR,DI2TXT,DI2STS,DI2ERF) VALUES('005#','FCDTXT',3,'DÃ©part DÃ©placement professionn', 1,'TIMESYS');
INSERT INTO tmsystem.TMS122DI2(DI2KEY,DI2FNA,DI2SPR,DI2TXT,DI2STS,DI2ERF) VALUES('005#','FCDTXT',4,'Gaan Dienstreis',              1,'TIMESYS');
INSERT INTO tmsystem.TMS122DI2(DI2KEY,DI2FNA,DI2SPR,DI2TXT,DI2STS,DI2ERF) VALUES('005#','FCDTXT',5,'Uscita viaggio di lavoro',     1,'TIMESYS');
INSERT INTO tmsystem.TMS122DI2(DI2KEY,DI2FNA,DI2SPR,DI2TXT,DI2STS,DI2ERF) VALUES('005#','FCDTXT',7,'Salida viaje de empresa',      1,'TIMESYS');
INSERT INTO tmsystem.TMS122DI2(DI2KEY,DI2FNA,DI2SPR,DI2TXT,DI2STS,DI2ERF) VALUES('006#','FCDTXT',1,'Arztgang',                     1,'TIMESYS');
INSERT INTO tmsystem.TMS122DI2(DI2KEY,DI2FNA,DI2SPR,DI2TXT,DI2STS,DI2ERF) VALUES('006#','FCDTXT',2,'Doctor visit',                 1,'TIMESYS');
INSERT INTO tmsystem.TMS122DI2(DI2KEY,DI2FNA,DI2SPR,DI2TXT,DI2STS,DI2ERF) VALUES('006#','FCDTXT',3,'Consultation mÃ©dicale',        1,'TIMESYS');
INSERT INTO tmsystem.TMS122DI2(DI2KEY,DI2FNA,DI2SPR,DI2TXT,DI2STS,DI2ERF) VALUES('006#','FCDTXT',4,'Doktersbezoek',                1,'TIMESYS');
INSERT INTO tmsystem.TMS122DI2(DI2KEY,DI2FNA,DI2SPR,DI2TXT,DI2STS,DI2ERF) VALUES('006#','FCDTXT',5,'Visita medica',                1,'TIMESYS');
INSERT INTO tmsystem.TMS122DI2(DI2KEY,DI2FNA,DI2SPR,DI2TXT,DI2STS,DI2ERF) VALUES('006#','FCDTXT',7,'Visita al mÃ©dico',             1,'TIMESYS');
INSERT INTO tmsystem.TMS122DI2(DI2KEY,DI2FNA,DI2SPR,DI2TXT,DI2STS,DI2ERF) VALUES('007#','FCDTXT',1,'Gehen',                        1,'TIMESYS');
INSERT INTO tmsystem.TMS122DI2(DI2KEY,DI2FNA,DI2SPR,DI2TXT,DI2STS,DI2ERF) VALUES('007#','FCDTXT',2,'Out',                          1,'TIMESYS');
INSERT INTO tmsystem.TMS122DI2(DI2KEY,DI2FNA,DI2SPR,DI2TXT,DI2STS,DI2ERF) VALUES('007#','FCDTXT',3,'DÃ©part',                       1,'TIMESYS');
INSERT INTO tmsystem.TMS122DI2(DI2KEY,DI2FNA,DI2SPR,DI2TXT,DI2STS,DI2ERF) VALUES('007#','FCDTXT',4,'Gaan',                         1,'TIMESYS');
INSERT INTO tmsystem.TMS122DI2(DI2KEY,DI2FNA,DI2SPR,DI2TXT,DI2STS,DI2ERF) VALUES('007#','FCDTXT',5,'Uscita',                       1,'TIMESYS');
INSERT INTO tmsystem.TMS122DI2(DI2KEY,DI2FNA,DI2SPR,DI2TXT,DI2STS,DI2ERF) VALUES('007#','FCDTXT',7,'Salida',                       1,'TIMESYS');
INSERT INTO tmsystem.TMS122DI2(DI2KEY,DI2FNA,DI2SPR,DI2TXT,DI2STS,DI2ERF) VALUES('008#','FCDTXT',1,'Gehen Krank',                  1,'TIMESYS');
INSERT INTO tmsystem.TMS122DI2(DI2KEY,DI2FNA,DI2SPR,DI2TXT,DI2STS,DI2ERF) VALUES('008#','FCDTXT',2,'Out Sick',                     1,'TIMESYS');
INSERT INTO tmsystem.TMS122DI2(DI2KEY,DI2FNA,DI2SPR,DI2TXT,DI2STS,DI2ERF) VALUES('008#','FCDTXT',3,'DÃ©part Maladie',               1,'TIMESYS');
INSERT INTO tmsystem.TMS122DI2(DI2KEY,DI2FNA,DI2SPR,DI2TXT,DI2STS,DI2ERF) VALUES('008#','FCDTXT',4,'Gaan Ziek',                    1,'TIMESYS');
INSERT INTO tmsystem.TMS122DI2(DI2KEY,DI2FNA,DI2SPR,DI2TXT,DI2STS,DI2ERF) VALUES('008#','FCDTXT',5,'Uscita Malattia',              1,'TIMESYS');
INSERT INTO tmsystem.TMS122DI2(DI2KEY,DI2FNA,DI2SPR,DI2TXT,DI2STS,DI2ERF) VALUES('008#','FCDTXT',7,'Salida Enfermo',               1,'TIMESYS');
INSERT INTO tmsystem.TMS122DI2(DI2KEY,DI2FNA,DI2SPR,DI2TXT,DI2STS,DI2ERF) VALUES('009#','FCDTXT',1,'Gehen Urlaub',                 1,'TIMESYS');
INSERT INTO tmsystem.TMS122DI2(DI2KEY,DI2FNA,DI2SPR,DI2TXT,DI2STS,DI2ERF) VALUES('009#','FCDTXT',2,'Out Vacation',                 1,'TIMESYS');
INSERT INTO tmsystem.TMS122DI2(DI2KEY,DI2FNA,DI2SPR,DI2TXT,DI2STS,DI2ERF) VALUES('009#','FCDTXT',3,'DÃ©part CongÃ©',                 1,'TIMESYS');
INSERT INTO tmsystem.TMS122DI2(DI2KEY,DI2FNA,DI2SPR,DI2TXT,DI2STS,DI2ERF) VALUES('009#','FCDTXT',4,'Gaan Vakantie',                1,'TIMESYS');
INSERT INTO tmsystem.TMS122DI2(DI2KEY,DI2FNA,DI2SPR,DI2TXT,DI2STS,DI2ERF) VALUES('009#','FCDTXT',5,'Uscita Ferie',                 1,'TIMESYS');
INSERT INTO tmsystem.TMS122DI2(DI2KEY,DI2FNA,DI2SPR,DI2TXT,DI2STS,DI2ERF) VALUES('009#','FCDTXT',7,'Salida Vacaciones',            1,'TIMESYS');
INSERT INTO tmsystem.TMS122DI2(DI2KEY,DI2FNA,DI2SPR,DI2TXT,DI2STS,DI2ERF) VALUES('010#','FCDTXT',1,'Info',                         1,'TIMESYS');
INSERT INTO tmsystem.TMS122DI2(DI2KEY,DI2FNA,DI2SPR,DI2TXT,DI2STS,DI2ERF) VALUES('010#','FCDTXT',2,'Info',                         1,'TIMESYS');
INSERT INTO tmsystem.TMS122DI2(DI2KEY,DI2FNA,DI2SPR,DI2TXT,DI2STS,DI2ERF) VALUES('010#','FCDTXT',3,'Info',                         1,'TIMESYS');
INSERT INTO tmsystem.TMS122DI2(DI2KEY,DI2FNA,DI2SPR,DI2TXT,DI2STS,DI2ERF) VALUES('010#','FCDTXT',4,'Info',                         1,'TIMESYS');
INSERT INTO tmsystem.TMS122DI2(DI2KEY,DI2FNA,DI2SPR,DI2TXT,DI2STS,DI2ERF) VALUES('010#','FCDTXT',5,'Info',                         1,'TIMESYS');
INSERT INTO tmsystem.TMS122DI2(DI2KEY,DI2FNA,DI2SPR,DI2TXT,DI2STS,DI2ERF) VALUES('010#','FCDTXT',7,'Info',                         1,'TIMESYS');
INSERT INTO tmsystem.TMS122DI2(DI2KEY,DI2FNA,DI2SPR,DI2TXT,DI2STS,DI2ERF) VALUES('011#','FCDTXT',1,'Kostenstellenwechsel',         1,'TIMESYS');
INSERT INTO tmsystem.TMS122DI2(DI2KEY,DI2FNA,DI2SPR,DI2TXT,DI2STS,DI2ERF) VALUES('011#','FCDTXT',2,'Cost center change',           1,'TIMESYS');
INSERT INTO tmsystem.TMS122DI2(DI2KEY,DI2FNA,DI2SPR,DI2TXT,DI2STS,DI2ERF) VALUES('011#','FCDTXT',3,'Changement de centre de coÃ»ts', 1,'TIMESYS');
INSERT INTO tmsystem.TMS122DI2(DI2KEY,DI2FNA,DI2SPR,DI2TXT,DI2STS,DI2ERF) VALUES('011#','FCDTXT',4,'Kostenplaatswissel',           1,'TIMESYS');
INSERT INTO tmsystem.TMS122DI2(DI2KEY,DI2FNA,DI2SPR,DI2TXT,DI2STS,DI2ERF) VALUES('011#','FCDTXT',5,'Cambio di centro di costo',    1,'TIMESYS');
INSERT INTO tmsystem.TMS122DI2(DI2KEY,DI2FNA,DI2SPR,DI2TXT,DI2STS,DI2ERF) VALUES('011#','FCDTXT',7,'Cambio centros de costes',     1,'TIMESYS');
INSERT INTO tmsystem.TMS122DI2(DI2KEY,DI2FNA,DI2SPR,DI2TXT,DI2STS,DI2ERF) VALUES('012#','FCDTXT',1,'Kommen',                       1,'TIMESYS');
INSERT INTO tmsystem.TMS122DI2(DI2KEY,DI2FNA,DI2SPR,DI2TXT,DI2STS,DI2ERF) VALUES('012#','FCDTXT',2,'In',                           1,'TIMESYS');
INSERT INTO tmsystem.TMS122DI2(DI2KEY,DI2FNA,DI2SPR,DI2TXT,DI2STS,DI2ERF) VALUES('012#','FCDTXT',3,'ArrivÃ©e',                      1,'TIMESYS');
INSERT INTO tmsystem.TMS122DI2(DI2KEY,DI2FNA,DI2SPR,DI2TXT,DI2STS,DI2ERF) VALUES('012#','FCDTXT',4,'Komen',                        1,'TIMESYS');
INSERT INTO tmsystem.TMS122DI2(DI2KEY,DI2FNA,DI2SPR,DI2TXT,DI2STS,DI2ERF) VALUES('012#','FCDTXT',5,'Entrata',                      1,'TIMESYS');
INSERT INTO tmsystem.TMS122DI2(DI2KEY,DI2FNA,DI2SPR,DI2TXT,DI2STS,DI2ERF) VALUES('012#','FCDTXT',7,'Entrada',                      1,'TIMESYS');
INSERT INTO tmsystem.TMS122DI2(DI2KEY,DI2FNA,DI2SPR,DI2TXT,DI2STS,DI2ERF) VALUES('013#','FCDTXT',1,'Seminar',                      1,'TIMESYS');
INSERT INTO tmsystem.TMS122DI2(DI2KEY,DI2FNA,DI2SPR,DI2TXT,DI2STS,DI2ERF) VALUES('013#','FCDTXT',2,'Seminar',                      1,'TIMESYS');
INSERT INTO tmsystem.TMS122DI2(DI2KEY,DI2FNA,DI2SPR,DI2TXT,DI2STS,DI2ERF) VALUES('013#','FCDTXT',3,'SÃ©minaire',                    1,'TIMESYS');
INSERT INTO tmsystem.TMS122DI2(DI2KEY,DI2FNA,DI2SPR,DI2TXT,DI2STS,DI2ERF) VALUES('013#','FCDTXT',4,'Seminar',                      1,'TIMESYS');
INSERT INTO tmsystem.TMS122DI2(DI2KEY,DI2FNA,DI2SPR,DI2TXT,DI2STS,DI2ERF) VALUES('013#','FCDTXT',5,'Seminario',                    1,'TIMESYS');
INSERT INTO tmsystem.TMS122DI2(DI2KEY,DI2FNA,DI2SPR,DI2TXT,DI2STS,DI2ERF) VALUES('013#','FCDTXT',7,'Seminario',                    1,'TIMESYS');
INSERT INTO tmsystem.TMS122DI2(DI2KEY,DI2FNA,DI2SPR,DI2TXT,DI2STS,DI2ERF) VALUES('014#','FCDTXT',1,'Gleitzeitsaldoabbau',          1,'TIMESYS');
INSERT INTO tmsystem.TMS122DI2(DI2KEY,DI2FNA,DI2SPR,DI2TXT,DI2STS,DI2ERF) VALUES('014#','FCDTXT',2,'Disable flextime balance ',    1,'TIMESYS');
INSERT INTO tmsystem.TMS122DI2(DI2KEY,DI2FNA,DI2SPR,DI2TXT,DI2STS,DI2ERF) VALUES('014#','FCDTXT',3,'Compression solde d''horaires f', 1,'TIMESYS');
INSERT INTO tmsystem.TMS122DI2(DI2KEY,DI2FNA,DI2SPR,DI2TXT,DI2STS,DI2ERF) VALUES('014#','FCDTXT',4,'Reductie variabele werktijd',  1,'TIMESYS');
INSERT INTO tmsystem.TMS122DI2(DI2KEY,DI2FNA,DI2SPR,DI2TXT,DI2STS,DI2ERF) VALUES('014#','FCDTXT',5,'Disable flextime balance',     1,'TIMESYS');
INSERT INTO tmsystem.TMS122DI2(DI2KEY,DI2FNA,DI2SPR,DI2TXT,DI2STS,DI2ERF) VALUES('014#','FCDTXT',7,'Disable flextime balance',     1,'TIMESYS');
INSERT INTO tmsystem.TMS122DI2(DI2KEY,DI2FNA,DI2SPR,DI2TXT,DI2STS,DI2ERF) VALUES('015#','FCDTXT',1,'Vorholzeitabbau',              1,'TIMESYS');
INSERT INTO tmsystem.TMS122DI2(DI2KEY,DI2FNA,DI2SPR,DI2TXT,DI2STS,DI2ERF) VALUES('015#','FCDTXT',2,'Disable compensation time',    1,'TIMESYS');
INSERT INTO tmsystem.TMS122DI2(DI2KEY,DI2FNA,DI2SPR,DI2TXT,DI2STS,DI2ERF) VALUES('015#','FCDTXT',3,'Compression heures de rÃ©cupÃ©ra', 1,'TIMESYS');
INSERT INTO tmsystem.TMS122DI2(DI2KEY,DI2FNA,DI2SPR,DI2TXT,DI2STS,DI2ERF) VALUES('015#','FCDTXT',4,'Reductie compensatietijd',     1,'TIMESYS');
INSERT INTO tmsystem.TMS122DI2(DI2KEY,DI2FNA,DI2SPR,DI2TXT,DI2STS,DI2ERF) VALUES('015#','FCDTXT',5,'Riduzione tempo anticipato',   1,'TIMESYS');
INSERT INTO tmsystem.TMS122DI2(DI2KEY,DI2FNA,DI2SPR,DI2TXT,DI2STS,DI2ERF) VALUES('015#','FCDTXT',7,'CancelaciÃ³n tiempo de recupera', 1,'TIMESYS');
INSERT INTO tmsystem.TMS122DI2(DI2KEY,DI2FNA,DI2SPR,DI2TXT,DI2STS,DI2ERF) VALUES('016#','FCDTXT',1,'Ã¿berstunden',                  1,'TIMESYS');
INSERT INTO tmsystem.TMS122DI2(DI2KEY,DI2FNA,DI2SPR,DI2TXT,DI2STS,DI2ERF) VALUES('016#','FCDTXT',2,'Overtime',                     1,'TIMESYS');
INSERT INTO tmsystem.TMS122DI2(DI2KEY,DI2FNA,DI2SPR,DI2TXT,DI2STS,DI2ERF) VALUES('016#','FCDTXT',3,'Heures supplÃ©mentaires',       1,'TIMESYS');
INSERT INTO tmsystem.TMS122DI2(DI2KEY,DI2FNA,DI2SPR,DI2TXT,DI2STS,DI2ERF) VALUES('016#','FCDTXT',4,'Overuren',                     1,'TIMESYS');
INSERT INTO tmsystem.TMS122DI2(DI2KEY,DI2FNA,DI2SPR,DI2TXT,DI2STS,DI2ERF) VALUES('016#','FCDTXT',5,'Ore di straordinario',         1,'TIMESYS');
INSERT INTO tmsystem.TMS122DI2(DI2KEY,DI2FNA,DI2SPR,DI2TXT,DI2STS,DI2ERF) VALUES('016#','FCDTXT',7,'Horas extra',                  1,'TIMESYS');
INSERT INTO tmsystem.TMS122DI2(DI2KEY,DI2FNA,DI2SPR,DI2TXT,DI2STS,DI2ERF) VALUES('017#','FCDTXT',1,'Privatgang',                   1,'TIMESYS');
INSERT INTO tmsystem.TMS122DI2(DI2KEY,DI2FNA,DI2SPR,DI2TXT,DI2STS,DI2ERF) VALUES('017#','FCDTXT',2,'Private absence',              1,'TIMESYS');
INSERT INTO tmsystem.TMS122DI2(DI2KEY,DI2FNA,DI2SPR,DI2TXT,DI2STS,DI2ERF) VALUES('017#','FCDTXT',3,'DÃ©placement privÃ©',            1,'TIMESYS');
INSERT INTO tmsystem.TMS122DI2(DI2KEY,DI2FNA,DI2SPR,DI2TXT,DI2STS,DI2ERF) VALUES('017#','FCDTXT',4,'PrivÃ©',                        1,'TIMESYS');
INSERT INTO tmsystem.TMS122DI2(DI2KEY,DI2FNA,DI2SPR,DI2TXT,DI2STS,DI2ERF) VALUES('017#','FCDTXT',5,'Uscita per motivi privati',    1,'TIMESYS');
INSERT INTO tmsystem.TMS122DI2(DI2KEY,DI2FNA,DI2SPR,DI2TXT,DI2STS,DI2ERF) VALUES('017#','FCDTXT',7,'Salida por motivos personales', 1,'TIMESYS');
INSERT INTO tmsystem.TMS122DI2(DI2KEY,DI2FNA,DI2SPR,DI2TXT,DI2STS,DI2ERF) VALUES('018#','FCDTXT',1,'Saldo',                        1,'TIMESYS');
INSERT INTO tmsystem.TMS122DI2(DI2KEY,DI2FNA,DI2SPR,DI2TXT,DI2STS,DI2ERF) VALUES('018#','FCDTXT',2,'Balance',                      1,'TIMESYS');
INSERT INTO tmsystem.TMS122DI2(DI2KEY,DI2FNA,DI2SPR,DI2TXT,DI2STS,DI2ERF) VALUES('018#','FCDTXT',3,'Solde',                        1,'TIMESYS');
INSERT INTO tmsystem.TMS122DI2(DI2KEY,DI2FNA,DI2SPR,DI2TXT,DI2STS,DI2ERF) VALUES('018#','FCDTXT',4,'Saldo',                        1,'TIMESYS');
INSERT INTO tmsystem.TMS122DI2(DI2KEY,DI2FNA,DI2SPR,DI2TXT,DI2STS,DI2ERF) VALUES('018#','FCDTXT',5,'Saldo',                        1,'TIMESYS');
INSERT INTO tmsystem.TMS122DI2(DI2KEY,DI2FNA,DI2SPR,DI2TXT,DI2STS,DI2ERF) VALUES('018#','FCDTXT',7,'Saldo',                        1,'TIMESYS');
INSERT INTO tmsystem.TMS122DI2(DI2KEY,DI2FNA,DI2SPR,DI2TXT,DI2STS,DI2ERF) VALUES('019#','FCDTXT',1,'Raucherpause',                 1,'TIMESYS');
INSERT INTO tmsystem.TMS122DI2(DI2KEY,DI2FNA,DI2SPR,DI2TXT,DI2STS,DI2ERF) VALUES('019#','FCDTXT',2,'Cigarette break',              1,'TIMESYS');
INSERT INTO tmsystem.TMS122DI2(DI2KEY,DI2FNA,DI2SPR,DI2TXT,DI2STS,DI2ERF) VALUES('019#','FCDTXT',3,'Pause fumeur',                 1,'TIMESYS');
INSERT INTO tmsystem.TMS122DI2(DI2KEY,DI2FNA,DI2SPR,DI2TXT,DI2STS,DI2ERF) VALUES('019#','FCDTXT',4,'Rokerspauze',                  1,'TIMESYS');
INSERT INTO tmsystem.TMS122DI2(DI2KEY,DI2FNA,DI2SPR,DI2TXT,DI2STS,DI2ERF) VALUES('019#','FCDTXT',5,'Pausa fumatori',               1,'TIMESYS');
INSERT INTO tmsystem.TMS122DI2(DI2KEY,DI2FNA,DI2SPR,DI2TXT,DI2STS,DI2ERF) VALUES('019#','FCDTXT',7,'Descanso para fumadores',      1,'TIMESYS');
INSERT INTO tmsystem.TMS122DI2(DI2KEY,DI2FNA,DI2SPR,DI2TXT,DI2STS,DI2ERF) VALUES('020#','FCDTXT',1,'Betriebsrat',                  1,'TIMESYS');
INSERT INTO tmsystem.TMS122DI2(DI2KEY,DI2FNA,DI2SPR,DI2TXT,DI2STS,DI2ERF) VALUES('020#','FCDTXT',2,NULL,                           1,'TIMESYS');
INSERT INTO tmsystem.TMS122DI2(DI2KEY,DI2FNA,DI2SPR,DI2TXT,DI2STS,DI2ERF) VALUES('020#','FCDTXT',3,NULL,                           1,'TIMESYS');
INSERT INTO tmsystem.TMS122DI2(DI2KEY,DI2FNA,DI2SPR,DI2TXT,DI2STS,DI2ERF) VALUES('020#','FCDTXT',4,NULL,                           1,'TIMESYS');
INSERT INTO tmsystem.TMS122DI2(DI2KEY,DI2FNA,DI2SPR,DI2TXT,DI2STS,DI2ERF) VALUES('020#','FCDTXT',5,NULL,                           1,'TIMESYS');
INSERT INTO tmsystem.TMS122DI2(DI2KEY,DI2FNA,DI2SPR,DI2TXT,DI2STS,DI2ERF) VALUES('020#','FCDTXT',7,NULL,                           1,'TIMESYS');
INSERT INTO tmsystem.TMS122DI2(DI2KEY,DI2FNA,DI2SPR,DI2TXT,DI2STS,DI2ERF) VALUES('021#','FCDTXT',1,'Bereitschaft',                 1,'TIMESYS');
INSERT INTO tmsystem.TMS122DI2(DI2KEY,DI2FNA,DI2SPR,DI2TXT,DI2STS,DI2ERF) VALUES('021#','FCDTXT',2,'Standby-duty',                 1,'TIMESYS');
INSERT INTO tmsystem.TMS122DI2(DI2KEY,DI2FNA,DI2SPR,DI2TXT,DI2STS,DI2ERF) VALUES('021#','FCDTXT',3,'DisponibilitÃ©',                1,'TIMESYS');
INSERT INTO tmsystem.TMS122DI2(DI2KEY,DI2FNA,DI2SPR,DI2TXT,DI2STS,DI2ERF) VALUES('021#','FCDTXT',4,'Bereikbaarheidsdienst',        1,'TIMESYS');
INSERT INTO tmsystem.TMS122DI2(DI2KEY,DI2FNA,DI2SPR,DI2TXT,DI2STS,DI2ERF) VALUES('021#','FCDTXT',5,'DisponibilitÃ ',                1,'TIMESYS');
INSERT INTO tmsystem.TMS122DI2(DI2KEY,DI2FNA,DI2SPR,DI2TXT,DI2STS,DI2ERF) VALUES('021#','FCDTXT',7,'Guardia',                      1,'TIMESYS');
INSERT INTO tmsystem.TMS122DI2(DI2KEY,DI2FNA,DI2SPR,DI2TXT,DI2STS,DI2ERF) VALUES('022#','FCDTXT',1,'Parken',                       1,'TIMESYS');
INSERT INTO tmsystem.TMS122DI2(DI2KEY,DI2FNA,DI2SPR,DI2TXT,DI2STS,DI2ERF) VALUES('022#','FCDTXT',2,NULL,                           1,'TIMESYS');
INSERT INTO tmsystem.TMS122DI2(DI2KEY,DI2FNA,DI2SPR,DI2TXT,DI2STS,DI2ERF) VALUES('022#','FCDTXT',3,NULL,                           1,'TIMESYS');
INSERT INTO tmsystem.TMS122DI2(DI2KEY,DI2FNA,DI2SPR,DI2TXT,DI2STS,DI2ERF) VALUES('022#','FCDTXT',4,NULL,                           1,'TIMESYS');
INSERT INTO tmsystem.TMS122DI2(DI2KEY,DI2FNA,DI2SPR,DI2TXT,DI2STS,DI2ERF) VALUES('022#','FCDTXT',5,NULL,                           1,'TIMESYS');
INSERT INTO tmsystem.TMS122DI2(DI2KEY,DI2FNA,DI2SPR,DI2TXT,DI2STS,DI2ERF) VALUES('022#','FCDTXT',7,NULL,                           1,'TIMESYS');
INSERT INTO tmsystem.TMS122DI2(DI2KEY,DI2FNA,DI2SPR,DI2TXT,DI2STS,DI2ERF) VALUES('023#','FCDTXT',1,'Ausweis',                      1,'TIMESYS');
INSERT INTO tmsystem.TMS122DI2(DI2KEY,DI2FNA,DI2SPR,DI2TXT,DI2STS,DI2ERF) VALUES('023#','FCDTXT',2,'Badge',                        1,'TIMESYS');
INSERT INTO tmsystem.TMS122DI2(DI2KEY,DI2FNA,DI2SPR,DI2TXT,DI2STS,DI2ERF) VALUES('023#','FCDTXT',3,'Laissez-passer',               1,'TIMESYS');
INSERT INTO tmsystem.TMS122DI2(DI2KEY,DI2FNA,DI2SPR,DI2TXT,DI2STS,DI2ERF) VALUES('023#','FCDTXT',4,'ID-card',                      1,'TIMESYS');
INSERT INTO tmsystem.TMS122DI2(DI2KEY,DI2FNA,DI2SPR,DI2TXT,DI2STS,DI2ERF) VALUES('023#','FCDTXT',5,'Documento',                    1,'TIMESYS');
INSERT INTO tmsystem.TMS122DI2(DI2KEY,DI2FNA,DI2SPR,DI2TXT,DI2STS,DI2ERF) VALUES('023#','FCDTXT',7,'IdentificaciÃ³n',               1,'TIMESYS');
INSERT INTO tmsystem.TMS122DI2(DI2KEY,DI2FNA,DI2SPR,DI2TXT,DI2STS,DI2ERF) VALUES('024#','FCDTXT',1,'Zutritt',                      1,'TIMESYS');
INSERT INTO tmsystem.TMS122DI2(DI2KEY,DI2FNA,DI2SPR,DI2TXT,DI2STS,DI2ERF) VALUES('024#','FCDTXT',2,'Access',                       1,'TIMESYS');
INSERT INTO tmsystem.TMS122DI2(DI2KEY,DI2FNA,DI2SPR,DI2TXT,DI2STS,DI2ERF) VALUES('024#','FCDTXT',3,'ContrÃ´le d''accÃ¨s',            1,'TIMESYS');
INSERT INTO tmsystem.TMS122DI2(DI2KEY,DI2FNA,DI2SPR,DI2TXT,DI2STS,DI2ERF) VALUES('024#','FCDTXT',4,'Toegang',                      1,'TIMESYS');
INSERT INTO tmsystem.TMS122DI2(DI2KEY,DI2FNA,DI2SPR,DI2TXT,DI2STS,DI2ERF) VALUES('024#','FCDTXT',5,'Accesso',                      1,'TIMESYS');
INSERT INTO tmsystem.TMS122DI2(DI2KEY,DI2FNA,DI2SPR,DI2TXT,DI2STS,DI2ERF) VALUES('024#','FCDTXT',7,'Acceso',                       1,'TIMESYS');
INSERT INTO tmsystem.TMS122DI2(DI2KEY,DI2FNA,DI2SPR,DI2TXT,DI2STS,DI2ERF) VALUES('025#','FCDTXT',1,'Krank mit Entgelt',            1,'TIMESYS');
INSERT INTO tmsystem.TMS122DI2(DI2KEY,DI2FNA,DI2SPR,DI2TXT,DI2STS,DI2ERF) VALUES('025#','FCDTXT',2,NULL,                           1,'TIMESYS');
INSERT INTO tmsystem.TMS122DI2(DI2KEY,DI2FNA,DI2SPR,DI2TXT,DI2STS,DI2ERF) VALUES('025#','FCDTXT',3,NULL,                           1,'TIMESYS');
INSERT INTO tmsystem.TMS122DI2(DI2KEY,DI2FNA,DI2SPR,DI2TXT,DI2STS,DI2ERF) VALUES('025#','FCDTXT',4,NULL,                           1,'TIMESYS');
INSERT INTO tmsystem.TMS122DI2(DI2KEY,DI2FNA,DI2SPR,DI2TXT,DI2STS,DI2ERF) VALUES('025#','FCDTXT',5,NULL,                           1,'TIMESYS');
INSERT INTO tmsystem.TMS122DI2(DI2KEY,DI2FNA,DI2SPR,DI2TXT,DI2STS,DI2ERF) VALUES('025#','FCDTXT',7,NULL,                           1,'TIMESYS');
INSERT INTO tmsystem.TMS122DI2(DI2KEY,DI2FNA,DI2SPR,DI2TXT,DI2STS,DI2ERF) VALUES('026#','FCDTXT',1,'Krank ohne Entgelt',           1,'TIMESYS');
INSERT INTO tmsystem.TMS122DI2(DI2KEY,DI2FNA,DI2SPR,DI2TXT,DI2STS,DI2ERF) VALUES('026#','FCDTXT',2,NULL,                           1,'TIMESYS');
INSERT INTO tmsystem.TMS122DI2(DI2KEY,DI2FNA,DI2SPR,DI2TXT,DI2STS,DI2ERF) VALUES('026#','FCDTXT',3,NULL,                           1,'TIMESYS');
INSERT INTO tmsystem.TMS122DI2(DI2KEY,DI2FNA,DI2SPR,DI2TXT,DI2STS,DI2ERF) VALUES('026#','FCDTXT',4,NULL,                           1,'TIMESYS');
INSERT INTO tmsystem.TMS122DI2(DI2KEY,DI2FNA,DI2SPR,DI2TXT,DI2STS,DI2ERF) VALUES('026#','FCDTXT',5,NULL,                           1,'TIMESYS');
INSERT INTO tmsystem.TMS122DI2(DI2KEY,DI2FNA,DI2SPR,DI2TXT,DI2STS,DI2ERF) VALUES('026#','FCDTXT',7,NULL,                           1,'TIMESYS');
INSERT INTO tmsystem.TMS122DI2(DI2KEY,DI2FNA,DI2SPR,DI2TXT,DI2STS,DI2ERF) VALUES('027#','FCDTXT',1,'Urlaub',                       1,'TIMESYS');
INSERT INTO tmsystem.TMS122DI2(DI2KEY,DI2FNA,DI2SPR,DI2TXT,DI2STS,DI2ERF) VALUES('027#','FCDTXT',2,'Vacation',                     1,'TIMESYS');
INSERT INTO tmsystem.TMS122DI2(DI2KEY,DI2FNA,DI2SPR,DI2TXT,DI2STS,DI2ERF) VALUES('027#','FCDTXT',3,'CongÃ©',                        1,'TIMESYS');
INSERT INTO tmsystem.TMS122DI2(DI2KEY,DI2FNA,DI2SPR,DI2TXT,DI2STS,DI2ERF) VALUES('027#','FCDTXT',4,'Vakantie',                     1,'TIMESYS');
INSERT INTO tmsystem.TMS122DI2(DI2KEY,DI2FNA,DI2SPR,DI2TXT,DI2STS,DI2ERF) VALUES('027#','FCDTXT',5,'Ferie',                        1,'TIMESYS');
INSERT INTO tmsystem.TMS122DI2(DI2KEY,DI2FNA,DI2SPR,DI2TXT,DI2STS,DI2ERF) VALUES('027#','FCDTXT',7,'Vacaciones',                   1,'TIMESYS');
INSERT INTO tmsystem.TMS122DI2(DI2KEY,DI2FNA,DI2SPR,DI2TXT,DI2STS,DI2ERF) VALUES('028#','FCDTXT',1,'Gleitzeit',                    1,'TIMESYS');
INSERT INTO tmsystem.TMS122DI2(DI2KEY,DI2FNA,DI2SPR,DI2TXT,DI2STS,DI2ERF) VALUES('028#','FCDTXT',2,'Flextime',                     1,'TIMESYS');
INSERT INTO tmsystem.TMS122DI2(DI2KEY,DI2FNA,DI2SPR,DI2TXT,DI2STS,DI2ERF) VALUES('028#','FCDTXT',3,'Horaires variables',           1,'TIMESYS');
INSERT INTO tmsystem.TMS122DI2(DI2KEY,DI2FNA,DI2SPR,DI2TXT,DI2STS,DI2ERF) VALUES('028#','FCDTXT',4,'Vvariabele werktijd',          1,'TIMESYS');
INSERT INTO tmsystem.TMS122DI2(DI2KEY,DI2FNA,DI2SPR,DI2TXT,DI2STS,DI2ERF) VALUES('028#','FCDTXT',5,'Orario flessibile',            1,'TIMESYS');
INSERT INTO tmsystem.TMS122DI2(DI2KEY,DI2FNA,DI2SPR,DI2TXT,DI2STS,DI2ERF) VALUES('028#','FCDTXT',7,'Tiempo flexible',              1,'TIMESYS');
INSERT INTO tmsystem.TMS122DI2(DI2KEY,DI2FNA,DI2SPR,DI2TXT,DI2STS,DI2ERF) VALUES('029#','FCDTXT',1,'Mehrarbeit',                   1,'TIMESYS');
INSERT INTO tmsystem.TMS122DI2(DI2KEY,DI2FNA,DI2SPR,DI2TXT,DI2STS,DI2ERF) VALUES('029#','FCDTXT',2,'Extra work time',              1,'TIMESYS');
INSERT INTO tmsystem.TMS122DI2(DI2KEY,DI2FNA,DI2SPR,DI2TXT,DI2STS,DI2ERF) VALUES('029#','FCDTXT',3,'Travail supplÃ©ment',           1,'TIMESYS');
INSERT INTO tmsystem.TMS122DI2(DI2KEY,DI2FNA,DI2SPR,DI2TXT,DI2STS,DI2ERF) VALUES('029#','FCDTXT',4,'Meerwerk',                     1,'TIMESYS');
INSERT INTO tmsystem.TMS122DI2(DI2KEY,DI2FNA,DI2SPR,DI2TXT,DI2STS,DI2ERF) VALUES('029#','FCDTXT',5,'Lavoro extra',                 1,'TIMESYS');
INSERT INTO tmsystem.TMS122DI2(DI2KEY,DI2FNA,DI2SPR,DI2TXT,DI2STS,DI2ERF) VALUES('029#','FCDTXT',7,'Trabajo extraordinario',       1,'TIMESYS');
-- Auftragsnummer : 160744 Zuständig: Phiesel --------------
INSERT INTO TMSYSTEM.TMS102FTX(FTXNUM, FTXTYP, FTXLAN, FTXDEZ, FTXSTA, FTXDAT, FTXERF) VALUES(30031, 2, 2, 0, 1, CURRENT_TIMESTAMP, 'TIMESYS_0369');
UPDATE TMSYSTEM.TMS102FTX SET FTXTYP = 2 WHERE FTXNUM = 30031;
INSERT INTO TMSYSTEM.TMS102WHL(FTXNUMSPR, FTXWHL, FTXSPR, FTXMSK, FTXT50, FTXDOK, FTXSTASPR, FTXDATSPR, FTXERFSPR) VALUES(30031, 0, 1, 1, 'Keine Eingabe', 'Hilfe zu ''Keine Eingabe''', 1, CURRENT_TIMESTAMP, 'TIMESYS-0369');
INSERT INTO TMSYSTEM.TMS100TBS(TBSTNA, TBSLFD, TBSFNA, TBSFNR, TBSAUS, TBSINI, TBSFNU, TBSBZG, TBSKEY, TBSIND, TBSMUS, TBSSTA, TBSDAT, TBSERF)
VALUES('personalstamm', 76, 'PstPnrAGe', 30031, 0, NULL, NULL, 0, 0, 1, 0, 1, CURRENT_TIMESTAMP, 'TIMESYS-0369');
INSERT INTO TMSYSTEM.TMS103FRM(FRMNAM, FRMLFD, FRMFLD, FRMBEA, FRMTXT, FRMBBR, FRMBXP, FRMBYP, FRMWBR, FRMWXP, FRMWYP, FRMAUF, FRMABF, FRMPOS, FRMCLS, FRMZRR, FRMFFO, FRMPRF, FRMBOX, FRMSTA, FRMDAT, FRMERF, FRMIDX)
VALUES('personalstamm', 76, 'PstPnrAGe', 5, 1, 5, 1, 1, 5, 1, 1, 1, NULL, 1, NULL, 1, NULL, 0, 0, 1, CURRENT_TIMESTAMP, 'TIMESYS-0369', 0);
INSERT INTO TMSYSTEM.TMS103FRMTXT(FRMTXTFRM, FRMTXTBLK, FRMTXTFTX, FRMTXTWHL, FRMTXTLFD, FRMTXTART)
VALUES('personalstamm_detail', 'start', 30031, 0, 65, 1);
INSERT INTO %SCHEMA%.G1302FRMRTELST
SELECT FRMRTENAM, FRMRTEFMR, 'PstPnrAGe' as FRMRTEFLD, FRMRTEDAR, FRMRTESTA, 'TIMESYS' AS FRMRTEERF, CURRENT_TIMESTAMP as FRMRTEDAT, FRMRTEBKZ, FRMRTEMDU
FROM %SCHEMA%.G1302FRMRTELST WHERE FRMRTEFMR = 'personalstamm' AND FRMRTEFLD = 'PstPnrGeb';
-- Auftragsnummer : 160761 Zuständig: Kowalsky --------------
INSERT INTO TMSYSTEM.TMS102FTX(FTXNUM,FTXTYP,FTXLAN,FTXDEZ,FTXSTA,FTXERF)
VALUES( 114941, 1, 50, 0, 1, 'TIMESYS-0037');
INSERT INTO TMSYSTEM.TMS102FTX(FTXNUM, FTXTYP, FTXLAN, FTXDEZ, FTXSTA, FTXERF)
  VALUES(1000042, 1, 50, 0, 1, 'TIMESYS-0013');
INSERT INTO TMSYSTEM.TMS102FTX(FTXNUM, FTXTYP, FTXLAN, FTXDEZ, FTXSTA, FTXERF)
  VALUES(1000043, 1, 50, 0, 1, 'TIMESYS-0013');
INSERT INTO TMSYSTEM.TMS102FTX(FTXNUM, FTXTYP, FTXLAN, FTXDEZ, FTXSTA, FTXERF)
  VALUES(1000044, 1, 50, 0, 1, 'TIMESYS-0013');
INSERT INTO TMSYSTEM.TMS102FTX(FTXNUM, FTXTYP, FTXLAN, FTXDEZ, FTXSTA, FTXERF)
  VALUES(1000045, 1, 50, 0, 1, 'TIMESYS-0013');
INSERT INTO TMSYSTEM.TMS102FTX(FTXNUM, FTXTYP, FTXLAN, FTXDEZ, FTXSTA, FTXERF)
  VALUES(1000046, 1, 50, 0, 1, 'TIMESYS-0013');
INSERT INTO TMSYSTEM.TMS102WHL(FTXNUMSPR, FTXWHL, FTXSPR, FTXT50, FTXT30, FTXT10, FTXT05, FTXMSK, FTXDOK, FTXPRG, FTXCLS, FTXSTASPR,  FTXERFSPR)
  VALUES(114941, 18, 1, 'Standard-Tastatur 7733-023', 'Standard-Tastatur 7733-023', NULL, NULL, 1, NULL, NULL, NULL, 1, 'TIMESYS-0037');
INSERT INTO TMSYSTEM.TMS102WHL(FTXNUMSPR, FTXWHL, FTXSPR, FTXT50, FTXT30, FTXT10, FTXT05, FTXMSK, FTXDOK, FTXPRG, FTXCLS, FTXSTASPR,  FTXERFSPR)
  VALUES(114941, 18, 2, 'Standard keyboard  7733-023', 'Standard keyboard  7733-023', NULL, NULL, 1, NULL, NULL, NULL, 1, 'TIMESYS-0037');
INSERT INTO TMSYSTEM.TMS102WHL(FTXNUMSPR, FTXWHL, FTXSPR, FTXT50, FTXT30, FTXT10, FTXT05, FTXMSK, FTXDOK, FTXPRG, FTXCLS, FTXSTASPR,  FTXERFSPR)
  VALUES(114941, 18, 3, 'Clavier standard 7733-023', 'Clavier standard 7733-023', NULL, NULL, 1, NULL, NULL, NULL, 1, 'TIMESYS-0037');
INSERT INTO TMSYSTEM.TMS102WHL(FTXNUMSPR, FTXWHL, FTXSPR, FTXT50, FTXT30, FTXT10, FTXT05, FTXMSK, FTXDOK, FTXPRG, FTXCLS, FTXSTASPR,  FTXERFSPR)
  VALUES(114941, 18, 4, 'Standaard toetsenbord 7733-023', 'Standaard toetsenbord 7733-023', NULL, NULL, 1, NULL, NULL, NULL, 1, 'TIMESYS-0037');
INSERT INTO TMSYSTEM.TMS102WHL(FTXNUMSPR, FTXWHL, FTXSPR, FTXT50, FTXT30, FTXT10, FTXT05, FTXMSK, FTXDOK, FTXPRG, FTXCLS, FTXSTASPR,  FTXERFSPR)
  VALUES(114941, 18, 5, 'Tastiera standard 7733-023', 'Tastiera standard 7733-023', NULL, NULL, 1, NULL, NULL, NULL, 1, 'TIMESYS-0037');
INSERT INTO TMSYSTEM.TMS102WHL(FTXNUMSPR, FTXWHL, FTXSPR, FTXT50, FTXT30, FTXT10, FTXT05, FTXMSK, FTXDOK, FTXPRG, FTXCLS, FTXSTASPR,  FTXERFSPR)
  VALUES(114941, 18, 7, 'Teclado estándar 7733-023', 'Teclado estándar 7733-023', NULL, NULL, 1, NULL, NULL, NULL, 1, 'TIMESYS-0037');
INSERT INTO TMSYSTEM.TMS102WHL(FTXNUMSPR, FTXWHL, FTXSPR, FTXT50, FTXT30, FTXT10, FTXT05, FTXMSK, FTXDOK, FTXPRG, FTXCLS, FTXSTASPR,  FTXERFSPR)
  VALUES(114326, 85, 1, 'Storno', '7733-023/Storno_DE.gif', '5', NULL, 1, '7733-023/Storno_DE_g.gif', NULL, NULL, 1, 'TIMESYS-0037');
INSERT INTO TMSYSTEM.TMS102WHL(FTXNUMSPR, FTXWHL, FTXSPR, FTXT50, FTXT30, FTXT10, FTXT05, FTXMSK, FTXDOK, FTXPRG, FTXCLS, FTXSTASPR,  FTXERFSPR)
  VALUES(114326, 85, 2, 'Cancel', '7733-023/Storno_EN.gif', '5', NULL, 1, '7733-023/Storno_EN_g.gif', NULL, NULL, 1, 'TIMESYS-0037');
INSERT INTO TMSYSTEM.TMS102WHL(FTXNUMSPR, FTXWHL, FTXSPR, FTXT50, FTXT30, FTXT10, FTXT05, FTXMSK, FTXDOK, FTXPRG, FTXCLS, FTXSTASPR,  FTXERFSPR)
  VALUES(114326, 85, 3, 'Annulation', '7733-023/Storno_FR.gif', '5', NULL, 1, '7733-023/Storno_FR_g.gif', NULL, NULL, 1, 'TIMESYS-0037');
INSERT INTO TMSYSTEM.TMS102WHL(FTXNUMSPR, FTXWHL, FTXSPR, FTXT50, FTXT30, FTXT10, FTXT05, FTXMSK, FTXDOK, FTXPRG, FTXCLS, FTXSTASPR,  FTXERFSPR)
  VALUES(114326, 85, 4, 'Storneren', '7733-023/Storno_NL.gif', '5', NULL, 1, '7733-023/Storno_NL_g.gif', NULL, NULL, 1, 'TIMESYS-0037');
INSERT INTO TMSYSTEM.TMS102WHL(FTXNUMSPR, FTXWHL, FTXSPR, FTXT50, FTXT30, FTXT10, FTXT05, FTXMSK, FTXDOK, FTXPRG, FTXCLS, FTXSTASPR,  FTXERFSPR)
  VALUES(114326, 85, 5, 'Storno', '7733-023/Storno_IT.gif', '5', NULL, 1, '7733-023/Storno_IT_g.gif', NULL, NULL, 1, 'TIMESYS-0037');
INSERT INTO TMSYSTEM.TMS102WHL(FTXNUMSPR, FTXWHL, FTXSPR, FTXT50, FTXT30, FTXT10, FTXT05, FTXMSK, FTXDOK, FTXPRG, FTXCLS, FTXSTASPR,  FTXERFSPR)
  VALUES(114326, 85, 7, 'Cancelación', '7733-023/Storno_ES.gif', '5', NULL, 1, '7733-023/Storno_ES_g.gif', NULL, NULL, 1, 'TIMESYS-0037');
UPDATE TMSYSTEM.TMS102WHL
SET FTXT50= 'Standard-Tastatur 7733-023', FTXT30= 'Standard-Tastatur 7733-023', FTXDOK= ''
WHERE FTXNUMSPR=114941 AND FTXWHL=18 AND FTXSPR=1;
INSERT INTO TMSYSTEM.TMS102WHL(FTXNUMSPR, FTXWHL, FTXSPR, FTXMSK, FTXPRG, FTXCLS, FTXSTASPR, FTXERFSPR)
(SELECT FTXNUMSPR, FTXWHL, 7, FTXMSK, FTXPRG, FTXCLS, FTXSTASPR,  FTXERFSPR
FROM TMSYSTEM.TMS102WHL
WHERE FTXNUMSPR = 114941 AND FTXWHL=18 AND FTXSPR=1);
UPDATE TMSYSTEM.TMS102WHL
SET FTXT50= 'Teclado estándar 7733-023' , FTXERFSPR='TIMESYS-0037'
WHERE FTXNUMSPR = 114941 AND FTXWHL=18 AND FTXSPR=7;
INSERT INTO TMSYSTEM.TMS112TTA(TTANUM, TTATYP, TTAMNU, TTATAS, TTABCH, TTAPOS, TTATXT, TTADNC, TTAFTP, TTADAT, TTAERF, TTAF01, TTAF02, TTAF03, TTAF04, TTAF05, TTAF06, TTAF07, TTAF08, TTAF09, TTAF10, TTAF11, TTAF12, TTAFCD, TTAAPS, TTATAV, TTALIZ, TTAMND)
(SELECT TTANUM, TTATYP, TTAMNU, 5, TTABCH, 5, TTATXT, TTADNC, TTAFTP, TTADAT, TTAERF, TTAF01, TTAF02, TTAF03, TTAF04, TTAF05, TTAF06, TTAF07, TTAF08, TTAF09, TTAF10, TTAF11, TTAF12, TTAFCD, 5, TTATAV, TTALIZ, TTAMND
FROM TMSYSTEM.TMS112TTA
WHERE TTATYP = '7733-023'
AND   TTATAS = 4);
-- Auftragsnummer : 160841 Zuständig: mueller --------------
UPDATE TMSYSTEM.O1803FRMSCHALTLST SET FRMSFLFUN = 'myTimension()' WHERE FRMSFLSCH = 'TMS033';
DELETE FROM TMSYSTEM.TMS510ZSP;
-- Auftragsnummer : 160966 Zuständig: mueller --------------
DELETE FROM TMSYSTEM.O1803FRMSCHALTLST WHERE FRMSFLSCH = 'TMS205';
DELETE FROM TMSYSTEM.O1801SCHALT WHERE SFLNUM = 'TMS205';
INSERT INTO TMSYSTEM.O1801SCHALT(SFLNUM, SFLTXT, SFLKTX, SFLFLD, SFLWHL, SFLLNK, SFLBEF, SFLHOE, SFLBRE, SFLSTA, SFLERF)
  VALUES('TMS205', 'TIMENSION Nachrichten', NULL, 120101, 1900, '/Timension/Images/Allgemein/img_info', 'clickTmMessage()', 26, 30, 1, 'TIMESYS-0079');
INSERT INTO TMSYSTEM.O1803FRMSCHALTLST(FRMSFLFRM, FRMSFLSCH, FRMSFLFUN, FRMSFLSTA, FRMSFLERF)
 (SELECT DISTINCT(FRMSFLFRM), 'TMS205', 'clickTmMessage()', 1, 'TIMESYS' FROM TMSYSTEM.O1803FRMSCHALTLST WHERE FRMSFLSCH = 'TMS030');
DELETE FROM TMSYSTEM.TMS510ZSP;
INSERT INTO TMSYSTEM.TMS102FTX(FTXNUM, FTXTYP, FTXLAN, FTXDEZ, FTXSTA, FTXERF)  VALUES(132009, 1, 20, 0, 1, 'TIMESYS-0079');
INSERT INTO TMSYSTEM.O1201FORMULAR (FMRNUM, FMRART, FMRLNK, FMRFLD, FMRWHL, FMRTXT, FMRSTA, FMRERF, FMRMOD, FMRFRM, FMRRTE, FMRMNU)
VALUES('TmMessage', 1, 'common/nachrichten/TmMessage.php', 120101, 1900, 'TIMENSION Nachrichten', 1, 'TIMESYS', 3, 1, 0, 0);
INSERT INTO TMSYSTEM.O1201FORMULAR(FMRNUM, FMRART, FMRLNK, FMRFLD, FMRWHL, FMRTXT, FMRSTA, FMRERF, FMRMOD, FMRFRM, FMRRTE, FMRMNU)
  VALUES('TMMSG_Request', 2, 'common/nachrichten/TmMessage_request.php', 120101, 1900, NULL, 1, 'Timesys', NULL, 1, 0, 0);
INSERT INTO TMSYSTEM.TMS103FRMTXT(FRMTXTFRM, FRMTXTBLK, FRMTXTFTX, FRMTXTWHL, FRMTXTLFD, FRMTXTART)
  VALUES('TmMessage', 'start', 6, 695, 1, 1);
INSERT INTO TMSYSTEM.TMS103FRMTXT(FRMTXTFRM, FRMTXTBLK, FRMTXTFTX, FRMTXTWHL, FRMTXTLFD, FRMTXTART)
  VALUES('TmMessage', 'start', 6, 693, 2, 1);
INSERT INTO TMSYSTEM.TMS103FRMTXT(FRMTXTFRM, FRMTXTBLK, FRMTXTFTX, FRMTXTWHL, FRMTXTLFD, FRMTXTART)
  VALUES('TmMessage', 'start', 6, 694, 3, 1);
INSERT INTO TMSYSTEM.TMS103FRMTXT(FRMTXTFRM, FRMTXTBLK, FRMTXTFTX, FRMTXTWHL, FRMTXTLFD, FRMTXTART)
  VALUES('TmMessage', 'start', 120101, 1900, 4, 1);
INSERT INTO TMSYSTEM.TMS103FRMTXT(FRMTXTFRM, FRMTXTBLK, FRMTXTFTX, FRMTXTWHL, FRMTXTLFD, FRMTXTART)
  VALUES('TmMessage', 'start', 5, 411, 5, 1);
INSERT INTO TMSYSTEM.TMS103FRMTXT(FRMTXTFRM, FRMTXTBLK, FRMTXTFTX, FRMTXTWHL, FRMTXTLFD, FRMTXTART)
  VALUES('TmMessage', 'start', 5, 412, 6, 1);
INSERT INTO TMSYSTEM.TMS103FRMTXT(FRMTXTFRM, FRMTXTBLK, FRMTXTFTX, FRMTXTWHL, FRMTXTLFD, FRMTXTART)
  VALUES('TmMessage', 'start', 5, 179, 7, 1);
INSERT INTO TMSYSTEM.TMS103FRMTXT(FRMTXTFRM, FRMTXTBLK, FRMTXTFTX, FRMTXTWHL, FRMTXTLFD, FRMTXTART)
  VALUES('TmMessage', 'start', 5, 413, 8, 1);
INSERT INTO TMSYSTEM.TMS103FRMTXT(FRMTXTFRM, FRMTXTBLK, FRMTXTFTX, FRMTXTWHL, FRMTXTLFD, FRMTXTART)
  VALUES('TmMessage', 'start', 114001, 0, 9, 1);
INSERT INTO TMSYSTEM.TMS103FRMTXT(FRMTXTFRM, FRMTXTBLK, FRMTXTFTX, FRMTXTWHL, FRMTXTLFD, FRMTXTART)
  VALUES('TmMessage', 'start', 5, 414, 10, 1);
INSERT INTO TMSYSTEM.TMS103FRMTXT(FRMTXTFRM, FRMTXTBLK, FRMTXTFTX, FRMTXTWHL, FRMTXTLFD, FRMTXTART)
  VALUES('TmMessage', 'start', 5, 415, 11, 1);
INSERT INTO TMSYSTEM.TMS103FRMTXT(FRMTXTFRM, FRMTXTBLK, FRMTXTFTX, FRMTXTWHL, FRMTXTLFD, FRMTXTART)
  VALUES('TmMessage', 'start', 5, 416, 12, 1);
INSERT INTO TMSYSTEM.TMS103FRMTXT(FRMTXTFRM, FRMTXTBLK, FRMTXTFTX, FRMTXTWHL, FRMTXTLFD, FRMTXTART)
  VALUES('TmMessage', 'start', 5, 162, 13, 1);
INSERT INTO TMSYSTEM.TMS103FRMTXT(FRMTXTFRM, FRMTXTBLK, FRMTXTFTX, FRMTXTWHL, FRMTXTLFD, FRMTXTART)
  VALUES('TmMessage', 'start', 5, 417, 14, 1);
INSERT INTO TMSYSTEM.TMS103FRMTXT(FRMTXTFRM, FRMTXTBLK, FRMTXTFTX, FRMTXTWHL, FRMTXTLFD, FRMTXTART)
  VALUES('TmMessage', 'start', 5, 418, 15, 1);
INSERT INTO TMSYSTEM.TMS103FRMTXT(FRMTXTFRM, FRMTXTBLK, FRMTXTFTX, FRMTXTWHL, FRMTXTLFD, FRMTXTART)
  VALUES('TmMessage', 'start', 5, 419, 16, 1);
INSERT INTO TMSYSTEM.TMS103FRMTXT(FRMTXTFRM, FRMTXTBLK, FRMTXTFTX, FRMTXTWHL, FRMTXTLFD, FRMTXTART)
  VALUES('TmMessage', 'start', 6, 743, 17, 1);
INSERT INTO TMSYSTEM.TMS103FRMTXT(FRMTXTFRM, FRMTXTBLK, FRMTXTFTX, FRMTXTWHL, FRMTXTLFD, FRMTXTART)
  VALUES('MyTime', 'start', 132009, 0, 43, 0);
INSERT INTO TMSYSTEM.TMS103FRMTXT(FRMTXTFRM, FRMTXTBLK, FRMTXTFTX, FRMTXTWHL, FRMTXTLFD, FRMTXTART)
  VALUES('MyTime', 'start', 132009, -9, 44, 0);
INSERT INTO TMSYSTEM.TMS103FRMTXT(FRMTXTFRM, FRMTXTBLK, FRMTXTFTX, FRMTXTWHL, FRMTXTLFD, FRMTXTART)
  VALUES('MyTime', 'start', 132009, 1, 45, 0);
INSERT INTO TMSYSTEM.TMS103FRMTXT(FRMTXTFRM, FRMTXTBLK, FRMTXTFTX, FRMTXTWHL, FRMTXTLFD, FRMTXTART)
  VALUES('MyTime', 'start', 132009, 2, 46, 0);
INSERT INTO TMSYSTEM.TMS103FRMTXT(FRMTXTFRM, FRMTXTBLK, FRMTXTFTX, FRMTXTWHL, FRMTXTLFD, FRMTXTART)
  VALUES('MyTime', 'start', 132009, 3, 47, 0);
INSERT INTO TMSYSTEM.TMS103FRMTXT(FRMTXTFRM, FRMTXTBLK, FRMTXTFTX, FRMTXTWHL, FRMTXTLFD, FRMTXTART)
  VALUES('MyTime', 'start', 132009, 4, 48, 0);
INSERT INTO TMSYSTEM.TMS103FRMTXT(FRMTXTFRM, FRMTXTBLK, FRMTXTFTX, FRMTXTWHL, FRMTXTLFD, FRMTXTART)
  VALUES('MyTime', 'start', 132009, 5, 49, 0);
INSERT INTO TMSYSTEM.TMS103FRMTXT(FRMTXTFRM, FRMTXTBLK, FRMTXTFTX, FRMTXTWHL, FRMTXTLFD, FRMTXTART)
  VALUES('MyTime', 'start', 132009, 6, 50, 0);
-- Auftragsnummer : 161022 Zuständig: Phiesel --------------
INSERT INTO TMSYSTEM.TMS102WHL(FTXNUMSPR, FTXWHL, FTXSPR, FTXT50, FTXMSK, FTXSTASPR, FTXDATSPR, FTXERFSPR)
  VALUES(98, 6, 1, 'Palmsonntag', 1, 1, CURRENT_TIMESTAMP, 'TIMESYS-0037');
INSERT INTO TMSYSTEM.TMS102WHL(FTXNUMSPR, FTXWHL, FTXSPR, FTXT50, FTXMSK, FTXSTASPR, FTXDATSPR, FTXERFSPR)
  VALUES(98, 6, 2, 'Palm Sunday', 1, 1, CURRENT_TIMESTAMP, 'TIMESYS-0037');
INSERT INTO TMSYSTEM.TMS102WHL(FTXNUMSPR, FTXWHL, FTXSPR, FTXT50, FTXMSK, FTXSTASPR, FTXDATSPR, FTXERFSPR)
  VALUES(98, 6, 3, 'Dimanche des Rameaux', 1, 1, CURRENT_TIMESTAMP, 'TIMESYS-0037');
INSERT INTO TMSYSTEM.TMS102WHL(FTXNUMSPR, FTXWHL, FTXSPR, FTXT50, FTXMSK, FTXSTASPR, FTXDATSPR, FTXERFSPR)
  VALUES(98, 6, 4, 'Palmzondag', 1, 1, CURRENT_TIMESTAMP, 'TIMESYS-0037');
INSERT INTO TMSYSTEM.TMS102WHL(FTXNUMSPR, FTXWHL, FTXSPR, FTXT50, FTXMSK, FTXSTASPR, FTXDATSPR, FTXERFSPR)
  VALUES(98, 6, 5, 'Domenica delle Palme', 1, 1, CURRENT_TIMESTAMP, 'TIMESYS-0037');
INSERT INTO TMSYSTEM.TMS102WHL(FTXNUMSPR, FTXWHL, FTXSPR, FTXT50, FTXMSK, FTXSTASPR, FTXDATSPR, FTXERFSPR)
  VALUES(98, 6, 7, 'Domingo de Ramos', 1, 1, CURRENT_TIMESTAMP, 'TIMESYS-0037');
INSERT INTO TMSYSTEM.TMS102WHL(FTXNUMSPR, FTXWHL, FTXSPR, FTXT50, FTXMSK, FTXSTASPR, FTXDATSPR, FTXERFSPR)
  VALUES(98, 7, 1, 'Gr&uuml;ndonnerstag', 1, 1, CURRENT_TIMESTAMP, 'TIMESYS-0037');
INSERT INTO TMSYSTEM.TMS102WHL(FTXNUMSPR, FTXWHL, FTXSPR, FTXT50, FTXMSK, FTXSTASPR, FTXDATSPR, FTXERFSPR)
  VALUES(98, 7, 2, 'Maundy Thursday', 1, 1, CURRENT_TIMESTAMP, 'TIMESYS-0037');
INSERT INTO TMSYSTEM.TMS102WHL(FTXNUMSPR, FTXWHL, FTXSPR, FTXT50, FTXMSK, FTXSTASPR, FTXDATSPR, FTXERFSPR)
  VALUES(98, 7, 3, 'Jeudi saint', 1, 1, CURRENT_TIMESTAMP, 'TIMESYS-0037');
INSERT INTO TMSYSTEM.TMS102WHL(FTXNUMSPR, FTXWHL, FTXSPR, FTXT50, FTXMSK, FTXSTASPR, FTXDATSPR, FTXERFSPR)
  VALUES(98, 7, 4, 'Witte Donderdag', 1, 1, CURRENT_TIMESTAMP, 'TIMESYS-0037');
INSERT INTO TMSYSTEM.TMS102WHL(FTXNUMSPR, FTXWHL, FTXSPR, FTXT50, FTXMSK, FTXSTASPR, FTXDATSPR, FTXERFSPR)
  VALUES(98, 7, 5, 'Giovedì santo', 1, 1, CURRENT_TIMESTAMP, 'TIMESYS-0037');
INSERT INTO TMSYSTEM.TMS102WHL(FTXNUMSPR, FTXWHL, FTXSPR, FTXT50, FTXMSK, FTXSTASPR, FTXDATSPR, FTXERFSPR)
  VALUES(98, 7, 7, 'Jueves Santo', 1, 1, CURRENT_TIMESTAMP, 'TIMESYS-0037');
INSERT INTO TMSYSTEM.TMS102WHL(FTXNUMSPR, FTXWHL, FTXSPR, FTXT50, FTXMSK, FTXSTASPR, FTXDATSPR, FTXERFSPR)
  VALUES(98, 33, 1, 'Koningsdag (K&ouml;nigstag)', 1, 1, CURRENT_TIMESTAMP, 'TIMESYS-0037');
INSERT INTO TMSYSTEM.TMS102WHL(FTXNUMSPR, FTXWHL, FTXSPR, FTXT50, FTXMSK, FTXSTASPR, FTXDATSPR, FTXERFSPR)
  VALUES(98, 33, 2, 'Koningsdag (King''s day)', 1, 1, CURRENT_TIMESTAMP, 'TIMESYS-0037');
INSERT INTO TMSYSTEM.TMS102WHL(FTXNUMSPR, FTXWHL, FTXSPR, FTXT50, FTXMSK, FTXSTASPR, FTXDATSPR, FTXERFSPR)
  VALUES(98, 33, 3, 'Koningsdag (jour du roi)', 1, 1, CURRENT_TIMESTAMP, 'TIMESYS-0037');
INSERT INTO TMSYSTEM.TMS102WHL(FTXNUMSPR, FTXWHL, FTXSPR, FTXT50, FTXMSK, FTXSTASPR, FTXDATSPR, FTXERFSPR)
  VALUES(98, 33, 4, 'Koningsdag', 1, 1, CURRENT_TIMESTAMP, 'TIMESYS-0037');
INSERT INTO TMSYSTEM.TMS102WHL(FTXNUMSPR, FTXWHL, FTXSPR, FTXT50, FTXMSK, FTXSTASPR, FTXDATSPR, FTXERFSPR)
  VALUES(98, 33, 5, 'Koningsdag (Giorno del Re)', 1, 1, CURRENT_TIMESTAMP, 'TIMESYS-0037');
INSERT INTO TMSYSTEM.TMS102WHL(FTXNUMSPR, FTXWHL, FTXSPR, FTXT50, FTXMSK, FTXSTASPR, FTXDATSPR, FTXERFSPR)
  VALUES(98, 33, 6, NULL, 1, 1, CURRENT_TIMESTAMP, 'SYSTEM');
INSERT INTO TMSYSTEM.TMS102WHL(FTXNUMSPR, FTXWHL, FTXSPR, FTXT50, FTXMSK, FTXSTASPR, FTXDATSPR, FTXERFSPR)
  VALUES(98, 33, 7, 'Día de la Reina (Países Bajos)', 1, 1, CURRENT_TIMESTAMP, 'TIMESYS-0037');
INSERT INTO TMSYSTEM.TMS102WHL(FTXNUMSPR, FTXWHL, FTXSPR, FTXT50, FTXMSK, FTXSTASPR, FTXDATSPR, FTXERFSPR)
  VALUES(98, 34, 1, 'Staatsfeiertag', 1, 1, CURRENT_TIMESTAMP, 'TIMESYS-0037');
INSERT INTO TMSYSTEM.TMS102WHL(FTXNUMSPR, FTXWHL, FTXSPR, FTXT50, FTXMSK, FTXSTASPR, FTXDATSPR, FTXERFSPR)
  VALUES(98, 34, 2, 'National day Austria', 1, 1, CURRENT_TIMESTAMP, 'TIMESYS-0037');
INSERT INTO TMSYSTEM.TMS102WHL(FTXNUMSPR, FTXWHL, FTXSPR, FTXT50, FTXMSK, FTXSTASPR, FTXDATSPR, FTXERFSPR)
  VALUES(98, 34, 3, 'Fête nationale Autriche', 1, 1, CURRENT_TIMESTAMP, 'TIMESYS-0037');
INSERT INTO TMSYSTEM.TMS102WHL(FTXNUMSPR, FTXWHL, FTXSPR, FTXT50, FTXMSK, FTXSTASPR, FTXDATSPR, FTXERFSPR)
  VALUES(98, 34, 4, 'National day Austria', 1, 1, CURRENT_TIMESTAMP, 'TIMESYS-0037');
INSERT INTO TMSYSTEM.TMS102WHL(FTXNUMSPR, FTXWHL, FTXSPR, FTXT50, FTXMSK, FTXSTASPR, FTXDATSPR, FTXERFSPR)
  VALUES(98, 34, 5, 'Giornata Nazionale Austria', 1, 1, CURRENT_TIMESTAMP, 'TIMESYS-0037');
INSERT INTO TMSYSTEM.TMS102WHL(FTXNUMSPR, FTXWHL, FTXSPR, FTXT50, FTXMSK, FTXSTASPR, FTXDATSPR, FTXERFSPR)
  VALUES(98, 34, 7, 'Día Nacional Austria', 1, 1, CURRENT_TIMESTAMP, 'TIMESYS-0037');
INSERT INTO TMSYSTEM.TMS102WHL(FTXNUMSPR, FTXWHL, FTXSPR, FTXT50, FTXMSK, FTXSTASPR, FTXDATSPR, FTXERFSPR)
  VALUES(98, 35, 1, 'Nationalfeiertag', 1, 1, CURRENT_TIMESTAMP, 'TIMESYS-0037');
INSERT INTO TMSYSTEM.TMS102WHL(FTXNUMSPR, FTXWHL, FTXSPR, FTXT50, FTXMSK, FTXSTASPR, FTXDATSPR, FTXERFSPR)
  VALUES(98, 35, 2, 'Austrian National Day', 1, 1, CURRENT_TIMESTAMP, 'TIMESYS-0037');
INSERT INTO TMSYSTEM.TMS102WHL(FTXNUMSPR, FTXWHL, FTXSPR, FTXT50, FTXMSK, FTXSTASPR, FTXDATSPR, FTXERFSPR)
  VALUES(98, 35, 3, 'Fête nationale Autriche', 1, 1, CURRENT_TIMESTAMP, 'TIMESYS-0037');
INSERT INTO TMSYSTEM.TMS102WHL(FTXNUMSPR, FTXWHL, FTXSPR, FTXT50, FTXMSK, FTXSTASPR, FTXDATSPR, FTXERFSPR)
  VALUES(98, 35, 4, 'Nationale feestdag Oostenrijk', 1, 1, CURRENT_TIMESTAMP, 'TIMESYS-0037');
INSERT INTO TMSYSTEM.TMS102WHL(FTXNUMSPR, FTXWHL, FTXSPR, FTXT50, FTXMSK, FTXSTASPR, FTXDATSPR, FTXERFSPR)
  VALUES(98, 35, 5, 'Festa nazionale Austria', 1, 1, CURRENT_TIMESTAMP, 'TIMESYS-0037');
INSERT INTO TMSYSTEM.TMS102WHL(FTXNUMSPR, FTXWHL, FTXSPR, FTXT50, FTXMSK, FTXSTASPR, FTXDATSPR, FTXERFSPR)
  VALUES(98, 35, 7, 'Fiesta nacional Austria', 1, 1, CURRENT_TIMESTAMP, 'TIMESYS-0037');
INSERT INTO TMSYSTEM.TMS102WHL(FTXNUMSPR, FTXWHL, FTXSPR, FTXT50, FTXMSK, FTXSTASPR, FTXDATSPR, FTXERFSPR)
  VALUES(98, 36, 1, 'Christtag', 1, 1, CURRENT_TIMESTAMP, 'TIMESYS-0037');
INSERT INTO TMSYSTEM.TMS102WHL(FTXNUMSPR, FTXWHL, FTXSPR, FTXT50, FTXMSK, FTXSTASPR, FTXDATSPR, FTXERFSPR)
  VALUES(98, 36, 2, 'Christmas Day', 1, 1, CURRENT_TIMESTAMP, 'TIMESYS-0037');
INSERT INTO TMSYSTEM.TMS102WHL(FTXNUMSPR, FTXWHL, FTXSPR, FTXT50, FTXMSK, FTXSTASPR, FTXDATSPR, FTXERFSPR)
  VALUES(98, 36, 3, 'Jour de Noël', 1, 1, CURRENT_TIMESTAMP, 'TIMESYS-0037');
INSERT INTO TMSYSTEM.TMS102WHL(FTXNUMSPR, FTXWHL, FTXSPR, FTXT50, FTXMSK, FTXSTASPR, FTXDATSPR, FTXERFSPR)
  VALUES(98, 36, 4, 'Eerste kerstdag', 1, 1, CURRENT_TIMESTAMP, 'TIMESYS-0037');
INSERT INTO TMSYSTEM.TMS102WHL(FTXNUMSPR, FTXWHL, FTXSPR, FTXT50, FTXMSK, FTXSTASPR, FTXDATSPR, FTXERFSPR)
  VALUES(98, 36, 5, '1. Giorno di Natale', 1, 1, CURRENT_TIMESTAMP, 'TIMESYS-0037');
INSERT INTO TMSYSTEM.TMS102WHL(FTXNUMSPR, FTXWHL, FTXSPR, FTXT50, FTXMSK, FTXSTASPR, FTXDATSPR, FTXERFSPR)
  VALUES(98, 36, 7, '1er Día de Navidad', 1, 1, CURRENT_TIMESTAMP, 'TIMESYS-0037');
INSERT INTO TMSYSTEM.TMS102WHL(FTXNUMSPR, FTXWHL, FTXSPR, FTXT50, FTXMSK, FTXSTASPR, FTXDATSPR, FTXERFSPR)
  VALUES(98, 37, 1, 'Stefanitag', 1, 1, CURRENT_TIMESTAMP, 'TIMESYS-0037');
INSERT INTO TMSYSTEM.TMS102WHL(FTXNUMSPR, FTXWHL, FTXSPR, FTXT50, FTXMSK, FTXSTASPR, FTXDATSPR, FTXERFSPR)
  VALUES(98, 37, 2, 'Boxing Day', 1, 1, CURRENT_TIMESTAMP, 'TIMESYS-0037');
INSERT INTO TMSYSTEM.TMS102WHL(FTXNUMSPR, FTXWHL, FTXSPR, FTXT50, FTXMSK, FTXSTASPR, FTXDATSPR, FTXERFSPR)
  VALUES(98, 37, 3, 'Lendemain de Noël', 1, 1, CURRENT_TIMESTAMP, 'TIMESYS-0037');
INSERT INTO TMSYSTEM.TMS102WHL(FTXNUMSPR, FTXWHL, FTXSPR, FTXT50, FTXMSK, FTXSTASPR, FTXDATSPR, FTXERFSPR)
  VALUES(98, 37, 4, 'Tweede kerstdag', 1, 1, CURRENT_TIMESTAMP, 'TIMESYS-0037');
INSERT INTO TMSYSTEM.TMS102WHL(FTXNUMSPR, FTXWHL, FTXSPR, FTXT50, FTXMSK, FTXSTASPR, FTXDATSPR, FTXERFSPR)
  VALUES(98, 37, 5, 'Santo Stefano', 1, 1, CURRENT_TIMESTAMP, 'TIMESYS-0037');
INSERT INTO TMSYSTEM.TMS102WHL(FTXNUMSPR, FTXWHL, FTXSPR, FTXT50, FTXMSK, FTXSTASPR, FTXDATSPR, FTXERFSPR)
  VALUES(98, 37, 7, '2o Día de Navidad', 1, 1, CURRENT_TIMESTAMP, 'TIMESYS-0037');
INSERT INTO TMSYSTEM.TMS102WHL(FTXNUMSPR, FTXWHL, FTXSPR, FTXT50, FTXMSK, FTXSTASPR, FTXDATSPR, FTXERFSPR)
  VALUES(98, 38, 1, 'Belgischer Nationalfeiertag', 1, 1, CURRENT_TIMESTAMP, 'TIMESYS-0037');
INSERT INTO TMSYSTEM.TMS102WHL(FTXNUMSPR, FTXWHL, FTXSPR, FTXT50, FTXMSK, FTXSTASPR, FTXDATSPR, FTXERFSPR)
  VALUES(98, 38, 2, 'Belgium National Day', 1, 1, CURRENT_TIMESTAMP, 'TIMESYS-0037');
INSERT INTO TMSYSTEM.TMS102WHL(FTXNUMSPR, FTXWHL, FTXSPR, FTXT50, FTXMSK, FTXSTASPR, FTXDATSPR, FTXERFSPR)
  VALUES(98, 38, 3, 'Fête nationale Belgique', 1, 1, CURRENT_TIMESTAMP, 'TIMESYS-0037');
INSERT INTO TMSYSTEM.TMS102WHL(FTXNUMSPR, FTXWHL, FTXSPR, FTXT50, FTXMSK, FTXSTASPR, FTXDATSPR, FTXERFSPR)
  VALUES(98, 38, 4, 'Nationale feestdag België', 1, 1, CURRENT_TIMESTAMP, 'TIMESYS-0037');
INSERT INTO TMSYSTEM.TMS102WHL(FTXNUMSPR, FTXWHL, FTXSPR, FTXT50, FTXMSK, FTXSTASPR, FTXDATSPR, FTXERFSPR)
  VALUES(98, 38, 5, 'Festa nazionale Belgio', 1, 1, CURRENT_TIMESTAMP, 'TIMESYS-0037');
INSERT INTO TMSYSTEM.TMS102WHL(FTXNUMSPR, FTXWHL, FTXSPR, FTXT50, FTXMSK, FTXSTASPR, FTXDATSPR, FTXERFSPR)
  VALUES(98, 38, 7, 'Fiesta nacional Bélgica', 1, 1, CURRENT_TIMESTAMP, 'TIMESYS-0037');
INSERT INTO TMSYSTEM.TMS102WHL(FTXNUMSPR, FTXWHL, FTXSPR, FTXT50, FTXMSK, FTXSTASPR, FTXDATSPR, FTXERFSPR)
  VALUES(98, 39, 1, 'Waffenstillstand', 1, 1, CURRENT_TIMESTAMP, 'TIMESYS-0037');
INSERT INTO TMSYSTEM.TMS102WHL(FTXNUMSPR, FTXWHL, FTXSPR, FTXT50, FTXMSK, FTXSTASPR, FTXDATSPR, FTXERFSPR)
  VALUES(98, 39, 2, 'Armistice Day', 1, 1, CURRENT_TIMESTAMP, 'TIMESYS-0037');
INSERT INTO TMSYSTEM.TMS102WHL(FTXNUMSPR, FTXWHL, FTXSPR, FTXT50, FTXMSK, FTXSTASPR, FTXDATSPR, FTXERFSPR)
  VALUES(98, 39, 3, ' L''armistice', 1, 1, CURRENT_TIMESTAMP, 'TIMESYS-0037');
INSERT INTO TMSYSTEM.TMS102WHL(FTXNUMSPR, FTXWHL, FTXSPR, FTXT50, FTXMSK, FTXSTASPR, FTXDATSPR, FTXERFSPR)
  VALUES(98, 39, 4, 'Wapenstilstand', 1, 1, CURRENT_TIMESTAMP, 'TIMESYS-0037');
INSERT INTO TMSYSTEM.TMS102WHL(FTXNUMSPR, FTXWHL, FTXSPR, FTXT50, FTXMSK, FTXSTASPR, FTXDATSPR, FTXERFSPR)
  VALUES(98, 39, 5, 'Armistizio', 1, 1, CURRENT_TIMESTAMP, 'TIMESYS-0037');
INSERT INTO TMSYSTEM.TMS102WHL(FTXNUMSPR, FTXWHL, FTXSPR, FTXT50, FTXMSK, FTXSTASPR, FTXDATSPR, FTXERFSPR)
  VALUES(98, 39, 7, 'Armisticio', 1, 1, CURRENT_TIMESTAMP, 'TIMESYS-0037');
INSERT INTO TMSYSTEM.TMS102WHL(FTXNUMSPR, FTXWHL, FTXSPR, FTXT50, FTXMSK, FTXSTASPR, FTXDATSPR, FTXERFSPR)
  VALUES(98, 40, 1, 'Tag des Sieges', 1, 1, CURRENT_TIMESTAMP, 'TIMESYS-0037');
INSERT INTO TMSYSTEM.TMS102WHL(FTXNUMSPR, FTXWHL, FTXSPR, FTXT50, FTXMSK, FTXSTASPR, FTXDATSPR, FTXERFSPR)
  VALUES(98, 40, 2, 'Victory in Europe Day', 1, 1, CURRENT_TIMESTAMP, 'TIMESYS-0037');
INSERT INTO TMSYSTEM.TMS102WHL(FTXNUMSPR, FTXWHL, FTXSPR, FTXT50, FTXMSK, FTXSTASPR, FTXDATSPR, FTXERFSPR)
  VALUES(98, 40, 3, 'Fête de la Victoire', 1, 1, CURRENT_TIMESTAMP, 'TIMESYS-0037');
INSERT INTO TMSYSTEM.TMS102WHL(FTXNUMSPR, FTXWHL, FTXSPR, FTXT50, FTXMSK, FTXSTASPR, FTXDATSPR, FTXERFSPR)
  VALUES(98, 40, 4, 'Feest van de overwinning', 1, 1, CURRENT_TIMESTAMP, 'TIMESYS-0037');
INSERT INTO TMSYSTEM.TMS102WHL(FTXNUMSPR, FTXWHL, FTXSPR, FTXT50, FTXMSK, FTXSTASPR, FTXDATSPR, FTXERFSPR)
  VALUES(98, 40, 5, 'Giornata della Vittoria', 1, 1, CURRENT_TIMESTAMP, 'TIMESYS-0037');
INSERT INTO TMSYSTEM.TMS102WHL(FTXNUMSPR, FTXWHL, FTXSPR, FTXT50, FTXMSK, FTXSTASPR, FTXDATSPR, FTXERFSPR)
  VALUES(98, 40, 7, 'Día de la Victoria en Europa', 1, 1, CURRENT_TIMESTAMP, 'TIMESYS-0037');
INSERT INTO TMSYSTEM.TMS102WHL(FTXNUMSPR, FTXWHL, FTXSPR, FTXT50, FTXMSK, FTXSTASPR, FTXDATSPR, FTXERFSPR)
  VALUES(98, 41, 1, 'Franz&ouml;sischer Nationalfeiertag', 1, 1, CURRENT_TIMESTAMP, 'TIMESYS-0037');
INSERT INTO TMSYSTEM.TMS102WHL(FTXNUMSPR, FTXWHL, FTXSPR, FTXT50, FTXMSK, FTXSTASPR, FTXDATSPR, FTXERFSPR)
  VALUES(98, 41, 2, 'French National Day', 1, 1, CURRENT_TIMESTAMP, 'TIMESYS-0037');
INSERT INTO TMSYSTEM.TMS102WHL(FTXNUMSPR, FTXWHL, FTXSPR, FTXT50, FTXMSK, FTXSTASPR, FTXDATSPR, FTXERFSPR)
  VALUES(98, 41, 3, 'Fête Nationale de la France', 1, 1, CURRENT_TIMESTAMP, 'TIMESYS-0037');
INSERT INTO TMSYSTEM.TMS102WHL(FTXNUMSPR, FTXWHL, FTXSPR, FTXT50, FTXMSK, FTXSTASPR, FTXDATSPR, FTXERFSPR)
  VALUES(98, 41, 4, 'Nationale feestdag Frankrijk', 1, 1, CURRENT_TIMESTAMP, 'TIMESYS-0037');
INSERT INTO TMSYSTEM.TMS102WHL(FTXNUMSPR, FTXWHL, FTXSPR, FTXT50, FTXMSK, FTXSTASPR, FTXDATSPR, FTXERFSPR)
  VALUES(98, 41, 5, 'Festa nazionale Francia', 1, 1, CURRENT_TIMESTAMP, 'TIMESYS-0037');
INSERT INTO TMSYSTEM.TMS102WHL(FTXNUMSPR, FTXWHL, FTXSPR, FTXT50, FTXMSK, FTXSTASPR, FTXDATSPR, FTXERFSPR)
  VALUES(98, 41, 7, 'Fiesta nacional Francia', 1, 1, CURRENT_TIMESTAMP, 'TIMESYS-0037');
INSERT INTO TMSYSTEM.TMS102WHL(FTXNUMSPR, FTXWHL, FTXSPR, FTXT50, FTXMSK, FTXSTASPR, FTXDATSPR, FTXERFSPR)
  VALUES(98, 43, 1, 'Tag der Befreiung', 1, 1, CURRENT_TIMESTAMP, 'TIMESYS-0037');
INSERT INTO TMSYSTEM.TMS102WHL(FTXNUMSPR, FTXWHL, FTXSPR, FTXT50, FTXMSK, FTXSTASPR, FTXDATSPR, FTXERFSPR)
  VALUES(98, 43, 2, 'Liberation Day Italy', 1, 1, CURRENT_TIMESTAMP, 'TIMESYS-0037');
INSERT INTO TMSYSTEM.TMS102WHL(FTXNUMSPR, FTXWHL, FTXSPR, FTXT50, FTXMSK, FTXSTASPR, FTXDATSPR, FTXERFSPR)
  VALUES(98, 43, 3, 'Journée de la Libération Italie', 1, 1, CURRENT_TIMESTAMP, 'TIMESYS-0037');
INSERT INTO TMSYSTEM.TMS102WHL(FTXNUMSPR, FTXWHL, FTXSPR, FTXT50, FTXMSK, FTXSTASPR, FTXDATSPR, FTXERFSPR)
  VALUES(98, 43, 4, 'Bevrijdingsdag Italië', 1, 1, CURRENT_TIMESTAMP, 'TIMESYS-0037');
INSERT INTO TMSYSTEM.TMS102WHL(FTXNUMSPR, FTXWHL, FTXSPR, FTXT50, FTXMSK, FTXSTASPR, FTXDATSPR, FTXERFSPR)
  VALUES(98, 43, 5, 'Anniversario della Liberazione', 1, 1, CURRENT_TIMESTAMP, 'TIMESYS-0037');
INSERT INTO TMSYSTEM.TMS102WHL(FTXNUMSPR, FTXWHL, FTXSPR, FTXT50, FTXMSK, FTXSTASPR, FTXDATSPR, FTXERFSPR)
  VALUES(98, 43, 7, 'Día de la Liberación Italia', 1, 1, CURRENT_TIMESTAMP, 'TIMESYS-0037');
INSERT INTO TMSYSTEM.TMS102WHL(FTXNUMSPR, FTXWHL, FTXSPR, FTXT50, FTXMSK, FTXSTASPR, FTXDATSPR, FTXERFSPR)
  VALUES(98, 44, 1, 'Tag der Republik (Italien)', 1, 1, CURRENT_TIMESTAMP, 'TIMESYS-0037');
INSERT INTO TMSYSTEM.TMS102WHL(FTXNUMSPR, FTXWHL, FTXSPR, FTXT50, FTXMSK, FTXSTASPR, FTXDATSPR, FTXERFSPR)
  VALUES(98, 44, 2, 'Republic Day (Italy)', 1, 1, CURRENT_TIMESTAMP, 'TIMESYS-0037');
INSERT INTO TMSYSTEM.TMS102WHL(FTXNUMSPR, FTXWHL, FTXSPR, FTXT50, FTXMSK, FTXSTASPR, FTXDATSPR, FTXERFSPR)
  VALUES(98, 44, 3, 'Fete de la République Italienne', 1, 1, CURRENT_TIMESTAMP, 'TIMESYS-0037');
INSERT INTO TMSYSTEM.TMS102WHL(FTXNUMSPR, FTXWHL, FTXSPR, FTXT50, FTXMSK, FTXSTASPR, FTXDATSPR, FTXERFSPR)
  VALUES(98, 44, 4, 'Dag van de Republiek Italië', 1, 1, CURRENT_TIMESTAMP, 'TIMESYS-0037');
INSERT INTO TMSYSTEM.TMS102WHL(FTXNUMSPR, FTXWHL, FTXSPR, FTXT50, FTXMSK, FTXSTASPR, FTXDATSPR, FTXERFSPR)
  VALUES(98, 44, 5, 'Festa della Repubblica', 1, 1, CURRENT_TIMESTAMP, 'TIMESYS-0037');
INSERT INTO TMSYSTEM.TMS102WHL(FTXNUMSPR, FTXWHL, FTXSPR, FTXT50, FTXMSK, FTXSTASPR, FTXDATSPR, FTXERFSPR)
  VALUES(98, 44, 7, 'Fiesta de la República Italia', 1, 1, CURRENT_TIMESTAMP, 'TIMESYS-0037');
INSERT INTO TMSYSTEM.TMS102WHL(FTXNUMSPR, FTXWHL, FTXSPR, FTXT50, FTXMSK, FTXSTASPR, FTXDATSPR, FTXERFSPR)
  VALUES(98, 45, 1, 'Maria Empf&auml;ngnis', 1, 1, CURRENT_TIMESTAMP, 'TIMESYS-0037');
INSERT INTO TMSYSTEM.TMS102WHL(FTXNUMSPR, FTXWHL, FTXSPR, FTXT50, FTXMSK, FTXSTASPR, FTXDATSPR, FTXERFSPR)
  VALUES(98, 45, 2, 'Immaculate Conception', 1, 1, CURRENT_TIMESTAMP, 'TIMESYS-0037');
INSERT INTO TMSYSTEM.TMS102WHL(FTXNUMSPR, FTXWHL, FTXSPR, FTXT50, FTXMSK, FTXSTASPR, FTXDATSPR, FTXERFSPR)
  VALUES(98, 45, 3, 'La inmaculada', 1, 1, CURRENT_TIMESTAMP, 'TIMESYS-0037');
INSERT INTO TMSYSTEM.TMS102WHL(FTXNUMSPR, FTXWHL, FTXSPR, FTXT50, FTXMSK, FTXSTASPR, FTXDATSPR, FTXERFSPR)
  VALUES(98, 45, 4, 'Onbevlekte ontvangenis', 1, 1, CURRENT_TIMESTAMP, 'TIMESYS-0037');
INSERT INTO TMSYSTEM.TMS102WHL(FTXNUMSPR, FTXWHL, FTXSPR, FTXT50, FTXMSK, FTXSTASPR, FTXDATSPR, FTXERFSPR)
  VALUES(98, 45, 5, 'Immacolata Concezione ', 1, 1, CURRENT_TIMESTAMP, 'TIMESYS-0037');
INSERT INTO TMSYSTEM.TMS102WHL(FTXNUMSPR, FTXWHL, FTXSPR, FTXT50, FTXMSK, FTXSTASPR, FTXDATSPR, FTXERFSPR)
  VALUES(98, 45, 7, 'La Inmaculada Concepción', 1, 1, CURRENT_TIMESTAMP, 'TIMESYS-0037');
INSERT INTO TMSYSTEM.TMS102WHL(FTXNUMSPR, FTXWHL, FTXSPR, FTXT50, FTXMSK, FTXSTASPR, FTXDATSPR, FTXERFSPR)
  VALUES(98, 46, 1, 'Josefstag (Spanien)', 1, 1, CURRENT_TIMESTAMP, 'TIMESYS-0037');
INSERT INTO TMSYSTEM.TMS102WHL(FTXNUMSPR, FTXWHL, FTXSPR, FTXT50, FTXMSK, FTXSTASPR, FTXDATSPR, FTXERFSPR)
  VALUES(98, 46, 2, 'Saint Joseph (Spain)', 1, 1, CURRENT_TIMESTAMP, 'TIMESYS-0037');
INSERT INTO TMSYSTEM.TMS102WHL(FTXNUMSPR, FTXWHL, FTXSPR, FTXT50, FTXMSK, FTXSTASPR, FTXDATSPR, FTXERFSPR)
  VALUES(98, 46, 3, 'San José (Espagne)', 1, 1, CURRENT_TIMESTAMP, 'TIMESYS-0037');
INSERT INTO TMSYSTEM.TMS102WHL(FTXNUMSPR, FTXWHL, FTXSPR, FTXT50, FTXMSK, FTXSTASPR, FTXDATSPR, FTXERFSPR)
  VALUES(98, 46, 4, 'Sint Jozef (Spanje)', 1, 1, CURRENT_TIMESTAMP, 'TIMESYS-0037');
INSERT INTO TMSYSTEM.TMS102WHL(FTXNUMSPR, FTXWHL, FTXSPR, FTXT50, FTXMSK, FTXSTASPR, FTXDATSPR, FTXERFSPR)
  VALUES(98, 46, 5, ' San Giuseppe (Spagna)', 1, 1, CURRENT_TIMESTAMP, 'TIMESYS-0037');
INSERT INTO TMSYSTEM.TMS102WHL(FTXNUMSPR, FTXWHL, FTXSPR, FTXT50, FTXMSK, FTXSTASPR, FTXDATSPR, FTXERFSPR)
  VALUES(98, 46, 7, 'San José', 1, 1, CURRENT_TIMESTAMP, 'TIMESYS-0037');
INSERT INTO TMSYSTEM.TMS102WHL(FTXNUMSPR, FTXWHL, FTXSPR, FTXT50, FTXMSK, FTXSTASPR, FTXDATSPR, FTXERFSPR)
  VALUES(98, 47, 1, 'St. Jakobus der &Auml;ltere (Spanien)', 1, 1, CURRENT_TIMESTAMP, 'TIMESYS-0037');
INSERT INTO TMSYSTEM.TMS102WHL(FTXNUMSPR, FTXWHL, FTXSPR, FTXT50, FTXMSK, FTXSTASPR, FTXDATSPR, FTXERFSPR)
  VALUES(98, 47, 2, 'Feast of Saint James the Apostle (Spain)', 1, 1, CURRENT_TIMESTAMP, 'TIMESYS-0037');
INSERT INTO TMSYSTEM.TMS102WHL(FTXNUMSPR, FTXWHL, FTXSPR, FTXT50, FTXMSK, FTXSTASPR, FTXDATSPR, FTXERFSPR)
  VALUES(98, 47, 3, 'Fiesta de Santiago Apóstol (Espagne)', 1, 1, CURRENT_TIMESTAMP, 'TIMESYS-0037');
INSERT INTO TMSYSTEM.TMS102WHL(FTXNUMSPR, FTXWHL, FTXSPR, FTXT50, FTXMSK, FTXSTASPR, FTXDATSPR, FTXERFSPR)
  VALUES(98, 47, 4, 'Feestdag Beschermheilige van Spanje', 1, 1, CURRENT_TIMESTAMP, 'TIMESYS-0037');
INSERT INTO TMSYSTEM.TMS102WHL(FTXNUMSPR, FTXWHL, FTXSPR, FTXT50, FTXMSK, FTXSTASPR, FTXDATSPR, FTXERFSPR)
  VALUES(98, 47, 5, 'Santiago Apóstol (Spagna)', 1, 1, CURRENT_TIMESTAMP, 'TIMESYS-0037');
INSERT INTO TMSYSTEM.TMS102WHL(FTXNUMSPR, FTXWHL, FTXSPR, FTXT50, FTXMSK, FTXSTASPR, FTXDATSPR, FTXERFSPR)
  VALUES(98, 47, 7, 'Fiesta de Santiago Apóstol', 1, 1, CURRENT_TIMESTAMP, 'TIMESYS-0037');
INSERT INTO TMSYSTEM.TMS102WHL(FTXNUMSPR, FTXWHL, FTXSPR, FTXT50, FTXMSK, FTXSTASPR, FTXDATSPR, FTXERFSPR)
  VALUES(98, 48, 1, 'Spanischer Nationalfeiertag', 1, 1, CURRENT_TIMESTAMP, 'TIMESYS-0037');
INSERT INTO TMSYSTEM.TMS102WHL(FTXNUMSPR, FTXWHL, FTXSPR, FTXT50, FTXMSK, FTXSTASPR, FTXDATSPR, FTXERFSPR)
  VALUES(98, 48, 2, 'Spanish National Day', 1, 1, CURRENT_TIMESTAMP, 'TIMESYS-0037');
INSERT INTO TMSYSTEM.TMS102WHL(FTXNUMSPR, FTXWHL, FTXSPR, FTXT50, FTXMSK, FTXSTASPR, FTXDATSPR, FTXERFSPR)
  VALUES(98, 48, 3, 'Fête nationale Espagne', 1, 1, CURRENT_TIMESTAMP, 'TIMESYS-0037');
INSERT INTO TMSYSTEM.TMS102WHL(FTXNUMSPR, FTXWHL, FTXSPR, FTXT50, FTXMSK, FTXSTASPR, FTXDATSPR, FTXERFSPR)
  VALUES(98, 48, 4, 'Nationale feestdag Spanje', 1, 1, CURRENT_TIMESTAMP, 'TIMESYS-0037');
INSERT INTO TMSYSTEM.TMS102WHL(FTXNUMSPR, FTXWHL, FTXSPR, FTXT50, FTXMSK, FTXSTASPR, FTXDATSPR, FTXERFSPR)
  VALUES(98, 48, 5, 'Festa nazionale Spagna', 1, 1, CURRENT_TIMESTAMP, 'TIMESYS-0037');
INSERT INTO TMSYSTEM.TMS102WHL(FTXNUMSPR, FTXWHL, FTXSPR, FTXT50, FTXMSK, FTXSTASPR, FTXDATSPR, FTXERFSPR)
  VALUES(98, 48, 7, 'Fiesta nacional', 1, 1, CURRENT_TIMESTAMP, 'TIMESYS-0037');
INSERT INTO TMSYSTEM.TMS102WHL(FTXNUMSPR, FTXWHL, FTXSPR, FTXT50, FTXMSK, FTXSTASPR, FTXDATSPR, FTXERFSPR)
  VALUES(98, 49, 1, 'Tag der Verfassung (Spanien)', 1, 1, CURRENT_TIMESTAMP, 'TIMESYS-0037');
INSERT INTO TMSYSTEM.TMS102WHL(FTXNUMSPR, FTXWHL, FTXSPR, FTXT50, FTXMSK, FTXSTASPR, FTXDATSPR, FTXERFSPR)
  VALUES(98, 49, 2, 'Spain''s Constitution Day', 1, 1, CURRENT_TIMESTAMP, 'TIMESYS-0037');
INSERT INTO TMSYSTEM.TMS102WHL(FTXNUMSPR, FTXWHL, FTXSPR, FTXT50, FTXMSK, FTXSTASPR, FTXDATSPR, FTXERFSPR)
  VALUES(98, 49, 3, 'Jour de la Constitution (Espagne)', 1, 1, CURRENT_TIMESTAMP, 'TIMESYS-0037');
INSERT INTO TMSYSTEM.TMS102WHL(FTXNUMSPR, FTXWHL, FTXSPR, FTXT50, FTXMSK, FTXSTASPR, FTXDATSPR, FTXERFSPR)
  VALUES(98, 49, 4, 'Dag van de grondwet van Spanje', 1, 1, CURRENT_TIMESTAMP, 'TIMESYS-0037');
INSERT INTO TMSYSTEM.TMS102WHL(FTXNUMSPR, FTXWHL, FTXSPR, FTXT50, FTXMSK, FTXSTASPR, FTXDATSPR, FTXERFSPR)
  VALUES(98, 49, 5, 'Giorno della Costituzione (Spagna)', 1, 1, CURRENT_TIMESTAMP, 'TIMESYS-0037');
INSERT INTO TMSYSTEM.TMS102WHL(FTXNUMSPR, FTXWHL, FTXSPR, FTXT50, FTXMSK, FTXSTASPR, FTXDATSPR, FTXERFSPR)
  VALUES(98, 49, 7, 'Día de la Constitución', 1, 1, CURRENT_TIMESTAMP, 'TIMESYS-0037');
INSERT INTO TMSYSTEM.TMS102WHL(FTXNUMSPR, FTXWHL, FTXSPR, FTXT50, FTXMSK, FTXSTASPR, FTXDATSPR, FTXERFSPR)
  VALUES(98, 50, 1, 'Early May Bank Holiday', 1, 1, CURRENT_TIMESTAMP, 'TIMESYS-0037');
INSERT INTO TMSYSTEM.TMS102WHL(FTXNUMSPR, FTXWHL, FTXSPR, FTXT50, FTXMSK, FTXSTASPR, FTXDATSPR, FTXERFSPR)
  VALUES(98, 50, 2, 'Early May Bank Holiday', 1, 1, CURRENT_TIMESTAMP, 'TIMESYS-0037');
INSERT INTO TMSYSTEM.TMS102WHL(FTXNUMSPR, FTXWHL, FTXSPR, FTXT50, FTXMSK, FTXSTASPR, FTXDATSPR, FTXERFSPR)
  VALUES(98, 50, 3, 'Early May Bank Holiday (Angleterre)', 1, 1, CURRENT_TIMESTAMP, 'TIMESYS-0037');
INSERT INTO TMSYSTEM.TMS102WHL(FTXNUMSPR, FTXWHL, FTXSPR, FTXT50, FTXMSK, FTXSTASPR, FTXDATSPR, FTXERFSPR)
  VALUES(98, 50, 4, 'Early May Bank Holiday (Engeland)', 1, 1, CURRENT_TIMESTAMP, 'TIMESYS-0037');
INSERT INTO TMSYSTEM.TMS102WHL(FTXNUMSPR, FTXWHL, FTXSPR, FTXT50, FTXMSK, FTXSTASPR, FTXDATSPR, FTXERFSPR)
  VALUES(98, 50, 5, 'Early May Bank Holiday (Inghilterra)', 1, 1, CURRENT_TIMESTAMP, 'TIMESYS-0037');
INSERT INTO TMSYSTEM.TMS102WHL(FTXNUMSPR, FTXWHL, FTXSPR, FTXT50, FTXMSK, FTXSTASPR, FTXDATSPR, FTXERFSPR)
  VALUES(98, 50, 7, 'Early May Bank Holiday (Inghilterra)', 1, 1, CURRENT_TIMESTAMP, 'TIMESYS-0037');
INSERT INTO TMSYSTEM.TMS102WHL(FTXNUMSPR, FTXWHL, FTXSPR, FTXT50, FTXMSK, FTXSTASPR, FTXDATSPR, FTXERFSPR)
  VALUES(98, 51, 1, 'Spring Bank Holiday', 1, 1, CURRENT_TIMESTAMP, 'TIMESYS-0037');
INSERT INTO TMSYSTEM.TMS102WHL(FTXNUMSPR, FTXWHL, FTXSPR, FTXT50, FTXMSK, FTXSTASPR, FTXDATSPR, FTXERFSPR)
  VALUES(98, 51, 2, 'Spring Bank Holiday', 1, 1, CURRENT_TIMESTAMP, 'TIMESYS-0037');
INSERT INTO TMSYSTEM.TMS102WHL(FTXNUMSPR, FTXWHL, FTXSPR, FTXT50, FTXMSK, FTXSTASPR, FTXDATSPR, FTXERFSPR)
  VALUES(98, 51, 3, 'Spring Bank Holiday (Angleterre)', 1, 1, CURRENT_TIMESTAMP, 'TIMESYS-0037');
INSERT INTO TMSYSTEM.TMS102WHL(FTXNUMSPR, FTXWHL, FTXSPR, FTXT50, FTXMSK, FTXSTASPR, FTXDATSPR, FTXERFSPR)
  VALUES(98, 51, 4, 'Spring Bank Holiday (Engeland)', 1, 1, CURRENT_TIMESTAMP, 'TIMESYS-0037');
INSERT INTO TMSYSTEM.TMS102WHL(FTXNUMSPR, FTXWHL, FTXSPR, FTXT50, FTXMSK, FTXSTASPR, FTXDATSPR, FTXERFSPR)
  VALUES(98, 51, 5, 'Spring Bank Holiday (Inghilterra)', 1, 1, CURRENT_TIMESTAMP, 'TIMESYS-0037');
INSERT INTO TMSYSTEM.TMS102WHL(FTXNUMSPR, FTXWHL, FTXSPR, FTXT50, FTXMSK, FTXSTASPR, FTXDATSPR, FTXERFSPR)
  VALUES(98, 51, 7, 'Spring Bank Holiday (Inghilterra)', 1, 1, CURRENT_TIMESTAMP, 'TIMESYS-0037');
INSERT INTO TMSYSTEM.TMS102WHL(FTXNUMSPR, FTXWHL, FTXSPR, FTXT50, FTXMSK, FTXSTASPR, FTXDATSPR, FTXERFSPR)
  VALUES(98, 52, 1, 'August Bank Holiday', 1, 1, CURRENT_TIMESTAMP, 'TIMESYS-0037');
INSERT INTO TMSYSTEM.TMS102WHL(FTXNUMSPR, FTXWHL, FTXSPR, FTXT50, FTXMSK, FTXSTASPR, FTXDATSPR, FTXERFSPR)
  VALUES(98, 52, 2, 'August Bank Holiday', 1, 1, CURRENT_TIMESTAMP, 'TIMESYS-0037');
INSERT INTO TMSYSTEM.TMS102WHL(FTXNUMSPR, FTXWHL, FTXSPR, FTXT50, FTXMSK, FTXSTASPR, FTXDATSPR, FTXERFSPR)
  VALUES(98, 52, 3, 'August Bank Holiday (Angleterre)', 1, 1, CURRENT_TIMESTAMP, 'TIMESYS-0037');
INSERT INTO TMSYSTEM.TMS102WHL(FTXNUMSPR, FTXWHL, FTXSPR, FTXT50, FTXMSK, FTXSTASPR, FTXDATSPR, FTXERFSPR)
  VALUES(98, 52, 4, 'August Bank Holiday (Engeland)', 1, 1, CURRENT_TIMESTAMP, 'TIMESYS-0037');
INSERT INTO TMSYSTEM.TMS102WHL(FTXNUMSPR, FTXWHL, FTXSPR, FTXT50, FTXMSK, FTXSTASPR, FTXDATSPR, FTXERFSPR)
  VALUES(98, 52, 5, 'August Bank Holiday (Inghilterra)', 1, 1, CURRENT_TIMESTAMP, 'TIMESYS-0037');
INSERT INTO TMSYSTEM.TMS102WHL(FTXNUMSPR, FTXWHL, FTXSPR, FTXT50, FTXMSK, FTXSTASPR, FTXDATSPR, FTXERFSPR)
  VALUES(98, 52, 7, 'August Bank Holiday (Inglaterra)', 1, 1, CURRENT_TIMESTAMP, 'TIMESYS-0037');
INSERT INTO TMSYSTEM.TMS102WHL(FTXNUMSPR, FTXWHL, FTXSPR, FTXT50, FTXMSK, FTXSTASPR, FTXDATSPR, FTXERFSPR)
  VALUES(98, 53, 1, 'Feiertag', 1, 1, CURRENT_TIMESTAMP, 'TIMESYS-0369');
INSERT INTO TMSYSTEM.TMS102WHL(FTXNUMSPR, FTXWHL, FTXSPR, FTXT50, FTXMSK, FTXSTASPR, FTXDATSPR, FTXERFSPR)
  VALUES(98, 53, 2, 'Public holiday', 1, 1, CURRENT_TIMESTAMP, 'TIMESYS-0037');
INSERT INTO TMSYSTEM.TMS102WHL(FTXNUMSPR, FTXWHL, FTXSPR, FTXT50, FTXMSK, FTXSTASPR, FTXDATSPR, FTXERFSPR)
  VALUES(98, 53, 3, 'Jour férié', 1, 1, CURRENT_TIMESTAMP, 'TIMESYS-0037');
INSERT INTO TMSYSTEM.TMS102WHL(FTXNUMSPR, FTXWHL, FTXSPR, FTXT50, FTXMSK, FTXSTASPR, FTXDATSPR, FTXERFSPR)
  VALUES(98, 53, 4, 'Feestdag', 1, 1, CURRENT_TIMESTAMP, 'TIMESYS-0037');
INSERT INTO TMSYSTEM.TMS102WHL(FTXNUMSPR, FTXWHL, FTXSPR, FTXT50, FTXMSK, FTXSTASPR, FTXDATSPR, FTXERFSPR)
  VALUES(98, 53, 5, 'Giorno festivo', 1, 1, CURRENT_TIMESTAMP, 'TIMESYS-0037');
INSERT INTO TMSYSTEM.TMS102WHL(FTXNUMSPR, FTXWHL, FTXSPR, FTXT50, FTXMSK, FTXSTASPR, FTXDATSPR, FTXERFSPR)
  VALUES(98, 53, 7, 'Día festivo', 1, 1, CURRENT_TIMESTAMP, 'TIMESYS-0037');
INSERT INTO TMSYSTEM.TMS102WHL(FTXNUMSPR, FTXWHL, FTXSPR, FTXDOK, FTXMSK, FTXSTASPR, FTXDATSPR, FTXERFSPR)
  VALUES(6, 750, 1, 'Der Kalender ist nicht installiert. Sie k&ouml;nnen weitere Kalender Ihrer Wahl direkt &uuml;ber den TIMESYS Software-Support bestellen. <br>E-Mail: software-support@timesys.de<br> Telefon: +49 (0) 211 618950.', 1, 1, CURRENT_TIMESTAMP, 'TIMESYS-0037');
INSERT INTO TMSYSTEM.TMS102WHL(FTXNUMSPR, FTXWHL, FTXSPR, FTXDOK, FTXMSK, FTXSTASPR, FTXDATSPR, FTXERFSPR)
  VALUES(6, 750, 2, 'The calendar is not installed. You can order additional calendars of your choice directly at the TIMESYS software support. <br> Email: software-support@timesys.de <br>Phone: +49 (0) 211 618950.', 1, 1, CURRENT_TIMESTAMP, 'TIMESYS-0037');
INSERT INTO TMSYSTEM.TMS102WHL(FTXNUMSPR, FTXWHL, FTXSPR, FTXDOK, FTXMSK, FTXSTASPR, FTXDATSPR, FTXERFSPR)
  VALUES(6, 750, 3, 'The calendar is not installed. You can order additional calendars of your choice directly at the TIMESYS software support. <br> Email: software-support@timesys.de <br>Phone: +49 (0) 211 618950.', 1, 1, CURRENT_TIMESTAMP, 'TIMESYS-0037');
INSERT INTO TMSYSTEM.TMS102WHL(FTXNUMSPR, FTXWHL, FTXSPR, FTXDOK, FTXMSK, FTXSTASPR, FTXDATSPR, FTXERFSPR)
  VALUES(6, 750, 4, 'The calendar is not installed. You can order additional calendars of your choice directly at the TIMESYS software support. <br> Email: software-support@timesys.de <br>Phone: +49 (0) 211 618950.', 1, 1, CURRENT_TIMESTAMP, 'TIMESYS-0037');
INSERT INTO TMSYSTEM.TMS102WHL(FTXNUMSPR, FTXWHL, FTXSPR, FTXDOK, FTXMSK, FTXSTASPR, FTXDATSPR, FTXERFSPR)
  VALUES(6, 750, 5, 'The calendar is not installed. You can order additional calendars of your choice directly at the TIMESYS software support. <br> Email: software-support@timesys.de <br>Phone: +49 (0) 211 618950.', 1, 1, CURRENT_TIMESTAMP, 'TIMESYS-0037');
INSERT INTO TMSYSTEM.TMS102WHL(FTXNUMSPR, FTXWHL, FTXSPR, FTXDOK, FTXMSK, FTXSTASPR, FTXDATSPR, FTXERFSPR)
  VALUES(6, 750, 7, 'The calendar is not installed. You can order additional calendars of your choice directly at the TIMESYS software support. <br> Email: software-support@timesys.de <br>Phone: +49 (0) 211 618950.', 1, 1, CURRENT_TIMESTAMP, 'TIMESYS-0037');
INSERT INTO TMSYSTEM.TMS102WHL(FTXNUMSPR, FTXWHL, FTXSPR, FTXDOK, FTXMSK, FTXSTASPR, FTXDATSPR, FTXERFSPR)
  VALUES(6, 757, 1, 'Bitte wenden Sie sich an den TIMESYS Support. Telefon: 0211 61895-0 <br>E-Mail: software-support@timesys.de.', 1, 1, CURRENT_TIMESTAMP, 'TIMESYS-0037');
INSERT INTO TMSYSTEM.TMS102WHL(FTXNUMSPR, FTXWHL, FTXSPR, FTXDOK, FTXMSK, FTXSTASPR, FTXDATSPR, FTXERFSPR)
  VALUES(6, 757, 2, 'Please contact TIMESYS Support. Telephone: 0211 61895-0 <br>E-mail: software-support@timesys.de.', 1, 1, CURRENT_TIMESTAMP, 'TIMESYS-0037');
INSERT INTO TMSYSTEM.TMS102WHL(FTXNUMSPR, FTXWHL, FTXSPR, FTXDOK, FTXMSK, FTXSTASPR, FTXDATSPR, FTXERFSPR)
  VALUES(6, 757, 3, 'Veuillez contacter le service d''assistance TIMESYS. Téléphone: 0211 61895-0 <br>E-mail: software-support@timesys.de.', 1, 1, CURRENT_TIMESTAMP, 'TIMESYS-0037');
INSERT INTO TMSYSTEM.TMS102WHL(FTXNUMSPR, FTXWHL, FTXSPR, FTXDOK, FTXMSK, FTXSTASPR, FTXDATSPR, FTXERFSPR)
  VALUES(6, 757, 4, 'Neem contact op met TIMESYS-support. Telefoon: 0211 61895-0 <br>E-mail: software-support@timesys.de.', 1, 1, CURRENT_TIMESTAMP, 'TIMESYS-0037');
INSERT INTO TMSYSTEM.TMS102WHL(FTXNUMSPR, FTXWHL, FTXSPR, FTXDOK, FTXMSK, FTXSTASPR, FTXDATSPR, FTXERFSPR)
  VALUES(6, 757, 5, 'Per favore rivolgersi al Supporto TIMESYS. Telefono: 0211 61895-0 <br>E-mail: software-support@timesys.de.', 1, 1, CURRENT_TIMESTAMP, 'TIMESYS-0037');
INSERT INTO TMSYSTEM.TMS102WHL(FTXNUMSPR, FTXWHL, FTXSPR, FTXDOK, FTXMSK, FTXSTASPR, FTXDATSPR, FTXERFSPR)
  VALUES(6, 757, 7, 'Póngase en contacto con el servicio de asistencia de TIMESYS. Teléfono: 0211 61895-0 <br>Correo electrónico: software-support@timesys.de.', 1, 1, CURRENT_TIMESTAMP, 'TIMESYS-0037');
INSERT INTO TMSYSTEM.TMS102WHL(FTXNUMSPR, FTXWHL, FTXSPR, FTXDOK, FTXMSK, FTXSTASPR, FTXDATSPR, FTXERFSPR)
  VALUES(120101, 91, 2, 'TIMENSION can manage any number of calendars. This makes it easier to work with different locations. The respective calendar is allocated to the employee in the ''Personnel master''.  <br><br>Day types can be allocated to each calendar via the weekly schedule for the week days Monday to Sunday. It is therefore possible, for example, to treat Saturday as a working day (retailers). When changes are made the days are highlighted in gray. The changes take effect from the date of entry.<br><br>If stored days in the weekly schedule deviate from individual days, these day types can be entered in the calendar. Right-clicking on a calendar day opens a context menu where you can directly specify or edit individual day types (cut, copy, paste).<br><br>The weekday, date and day type are shown when you hover your mouse over a day (mouseover).', 1, 1, CURRENT_TIMESTAMP, 'TIMESYS-0369');
INSERT INTO TMSYSTEM.TMS102WHL(FTXNUMSPR, FTXWHL, FTXSPR, FTXDOK, FTXMSK, FTXSTASPR, FTXDATSPR, FTXERFSPR)
  VALUES(13501, 0, 1, 'Das Kalenderk&uuml;rzel mit seinen unterschiedlichen Tagestypen ist in Kombination mit dem Abrechnungsmodell, der Verrechnungsart und der Arbeitszeitregelung, die Grundlage f&uuml;r die Bewertung der Arbeitsleistung an unterschiedlichen Tagen.', 1, 1, CURRENT_TIMESTAMP, 'TIMESYS-0369');
INSERT INTO TMSYSTEM.TMS102WHL(FTXNUMSPR, FTXWHL, FTXSPR, FTXDOK, FTXMSK, FTXSTASPR, FTXDATSPR, FTXERFSPR)
  VALUES(13501, 0, 2, 'The calendar identifier with its different day types is, in combination with the accounting model, the transaction type and the working time rule, the basis for determining the on-the-job performance on different days.', 1, 1, CURRENT_TIMESTAMP, 'TIMESYS-0369');
INSERT INTO TMSYSTEM.TMS102WHL(FTXNUMSPR, FTXWHL, FTXSPR, FTXDOK, FTXMSK, FTXSTASPR, FTXDATSPR, FTXERFSPR)
  VALUES(13501, 0, 3, 'L''abréviation calendrier avec ses différents types de jours forme la base de l''évaluation des heures travaillées à différents jours, en combinaison avec le modèle d''imputation, le type d''imputation et la réglementation des horaires de travail.', 1, 1, CURRENT_TIMESTAMP, 'TIMESYS-0369');
INSERT INTO TMSYSTEM.TMS102WHL(FTXNUMSPR, FTXWHL, FTXSPR, FTXDOK, FTXMSK, FTXSTASPR, FTXDATSPR, FTXERFSPR)
  VALUES(13501, 0, 4, 'De Kalendervermelding vormt met zijn verschillende type dagen in combinatie met het afrekeningsmodel, de verrekeningscomponent en de werktijdenregeling de basis voor de waardering van de arbeidsprestatie op afzonderlijke dagen.', 1, 1, CURRENT_TIMESTAMP, 'TIMESYS-0369');
INSERT INTO TMSYSTEM.TMS102WHL(FTXNUMSPR, FTXWHL, FTXSPR, FTXDOK, FTXMSK, FTXSTASPR, FTXDATSPR, FTXERFSPR)
  VALUES(13501, 0, 5, 'L''abbreviazione calendario con i suoi diversi tipi di giorno è, in combinazione con il Modello di contabilità, il Tipo di calcolo e la Regolazione tempo di lavoro, la base per la valutazione della prestazione lavorativa nei diversi giorni.', 1, 1, CURRENT_TIMESTAMP, 'TIMESYS-0369');
INSERT INTO TMSYSTEM.TMS102WHL(FTXNUMSPR, FTXWHL, FTXSPR, FTXDOK, FTXMSK, FTXSTASPR, FTXDATSPR, FTXERFSPR)
  VALUES(13501, 0, 6, 'Skrót dla kalendarza (TIMENSION dysponuje kalendarzami w&#322;a&#347;ciwymi dla ka&#380;dego kraju zwi&#261;zkowego) z ró&#380;nymi typami dnia jest w po&#322;&#261;czeniu z modelem rozliczeniowym, sposobem naliczenia i regulacjami dot. czasu pracy, podstaw&#261; dla oceny pracy wykonanej w poszczególne dni.', 1, 1, CURRENT_TIMESTAMP, 'TIMESYS-0369');
INSERT INTO TMSYSTEM.TMS102WHL(FTXNUMSPR, FTXWHL, FTXSPR, FTXDOK, FTXMSK, FTXSTASPR, FTXDATSPR, FTXERFSPR)
  VALUES(13501, 0, 7, 'La abreviatura de calendario con sus diferentes tipos de días, es, en combinación con el modelo de liquidación, la clase de compensación y la regulación del tiempo de trabajo, la base para valorar el rendimiento laboral en diferentes días.', 1, 1, CURRENT_TIMESTAMP, 'TIMESYS-0369');
INSERT INTO TMSYSTEM.TMS103FRMTXT(FRMTXTFRM, FRMTXTBLK, FRMTXTFTX, FRMTXTWHL, FRMTXTLFD, FRMTXTART)
VALUES('TmsPzmKalender', 'start', 6, 750, 36, 2);
INSERT INTO TMSYSTEM.TMS103FRMTXT(FRMTXTFRM, FRMTXTBLK, FRMTXTFTX, FRMTXTWHL, FRMTXTLFD, FRMTXTART)
VALUES('TmsPzmKalender', 'start', 6, 757, 37, 2);
-- Auftragsnummer : 161053 Zuständig: mueller --------------
DELETE FROM TMSYSTEM.TMS103FRMTXT      WHERE FRMTXTFRM = 'konsokreis_detail';
DELETE FROM TMSYSTEM.O1803FRMSCHALTLST WHERE FRMSFLFRM = 'konsokreis_detail';
DELETE FROM TMSYSTEM.TMS103FRM         WHERE FRMNAM    = 'konsokreis';
DELETE FROM TMSYSTEM.TMS100TBS         WHERE TBSTNA    = 'konsokreis';
DELETE FROM TMSYSTEM.TMS901TABELLEN    WHERE TABNAM    = 'konsokreis';
DELETE FROM TMSYSTEM.O1803FRMSCHALTLST WHERE FRMSFLFRM = 'konsokreis';
DELETE FROM TMSYSTEM.TMS010TAZ         WHERE TAZDEF    = 'konsokreis';
DELETE FROM TMSYSTEM.TMS510ZSP         WHERE ZSPFRM LIKE '%konsokreis%';
INSERT INTO TMSYSTEM.TMS102FTX(FTXNUM, FTXTYP, FTXLAN, FTXDEZ, FTXSTA, FTXERF)  VALUES(10033, 1, 30, 0, 1, 'TIMESYS-0079');
INSERT INTO TMSYSTEM.TMS102FTX(FTXNUM, FTXTYP, FTXLAN, FTXDEZ, FTXSTA, FTXERF)  VALUES(10034, 1, 30, 0, 1, 'TIMESYS-0079');
INSERT INTO TMSYSTEM.TMS102FTX(FTXNUM, FTXTYP, FTXLAN, FTXDEZ, FTXSTA, FTXERF)  VALUES(10035,10, 30, 0, 1, 'TIMESYS-0079');
INSERT INTO TMSYSTEM.TMS102FTX(FTXNUM, FTXTYP, FTXLAN, FTXDEZ, FTXSTA, FTXERF)  VALUES(10036,10, 30, 0, 1, 'TIMESYS-0079');
UPDATE TMSYSTEM.TMS102FTX SET FTXTYP = 10 WHERE FTXNUM = 10035;
INSERT INTO TMSYSTEM.O1201FORMULAR (FMRNUM, FMRART, FMRLNK, FMRFLD, FMRWHL, FMRTXT, FMRSTA, FMRERF, FMRMOD, FMRFRM, FMRRTE, FMRMNU)
VALUES('konsokreis', 1, 'common/tabledata/tabledata.php', 120101, 809, 'Firmenkonsolidierungen', 1, 'TIMESYS', 3, 1, 0, 0);
INSERT INTO TMSYSTEM.TMS010TAZ(TAZDEF, TAZMSK) VALUES('konsokreis', 'konsokreis');
INSERT INTO TMSYSTEM.O1803FRMSCHALTLST(FRMSFLFRM, FRMSFLSCH, FRMSFLFUN, FRMSFLSTA, FRMSFLERF)  VALUES('konsokreis', 'TMS002', 'loadTerminalManager(''PZM'')', 1, 'TIMESYS');
INSERT INTO TMSYSTEM.O1803FRMSCHALTLST(FRMSFLFRM, FRMSFLSCH, FRMSFLFUN, FRMSFLSTA, FRMSFLERF)  VALUES('konsokreis', 'TMS007', 'goHome()', 1, 'TIMESYS');
INSERT INTO TMSYSTEM.O1803FRMSCHALTLST(FRMSFLFRM, FRMSFLSCH, FRMSFLFUN, FRMSFLSTA, FRMSFLERF)  VALUES('konsokreis', 'TMS009', 'helpMe()', 1, 'TIMESYS');
INSERT INTO TMSYSTEM.O1803FRMSCHALTLST(FRMSFLFRM, FRMSFLSCH, FRMSFLFUN, FRMSFLSTA, FRMSFLERF)  VALUES('konsokreis', 'TMS012', 'changeFirma()', 1, 'TIMESYS' );
INSERT INTO TMSYSTEM.O1803FRMSCHALTLST(FRMSFLFRM, FRMSFLSCH, FRMSFLFUN, FRMSFLSTA, FRMSFLERF)  VALUES('konsokreis', 'TMS013', 'doAction(''edit'')', 1 , 'TIMESYS');
INSERT INTO TMSYSTEM.O1803FRMSCHALTLST(FRMSFLFRM, FRMSFLSCH, FRMSFLFUN, FRMSFLSTA, FRMSFLERF)  VALUES('konsokreis', 'TMS014', 'doAction(''new'')', 1 , 'TIMESYS');
INSERT INTO TMSYSTEM.O1803FRMSCHALTLST(FRMSFLFRM, FRMSFLSCH, FRMSFLFUN, FRMSFLSTA, FRMSFLERF)  VALUES('konsokreis', 'TMS015', 'doAction(''copy'')', 1 , 'TIMESYS');
INSERT INTO TMSYSTEM.O1803FRMSCHALTLST(FRMSFLFRM, FRMSFLSCH, FRMSFLFUN, FRMSFLSTA, FRMSFLERF)  VALUES('konsokreis', 'TMS016', 'doAction(''delete'')', 1, 'TIMESYS');
INSERT INTO TMSYSTEM.O1803FRMSCHALTLST(FRMSFLFRM, FRMSFLSCH, FRMSFLFUN, FRMSFLSTA, FRMSFLERF)  VALUES('konsokreis', 'TMS020', 'openColumnChoiceWindow()', 1, 'TIMESYS');
INSERT INTO TMSYSTEM.O1803FRMSCHALTLST(FRMSFLFRM, FRMSFLSCH, FRMSFLFUN, FRMSFLSTA, FRMSFLERF)  VALUES('konsokreis', 'TMS030', 'doLogout()', 1, 'TIMESYS');
INSERT INTO TMSYSTEM.O1803FRMSCHALTLST(FRMSFLFRM, FRMSFLSCH, FRMSFLFUN, FRMSFLSTA, FRMSFLERF)  VALUES('konsokreis', 'TMS033', 'myTimension()', 1 , 'TIMESYS');
INSERT INTO TMSYSTEM.O1803FRMSCHALTLST(FRMSFLFRM, FRMSFLSCH, FRMSFLFUN, FRMSFLSTA, FRMSFLERF)  VALUES('konsokreis', 'TMS067', 'listAendHistorie()',1, 'TIMESYS');
INSERT INTO TMSYSTEM.O1803FRMSCHALTLST(FRMSFLFRM, FRMSFLSCH, FRMSFLFUN, FRMSFLSTA, FRMSFLERF)  VALUES('konsokreis', 'TMS204', 'openNewTmWindow()',1, 'TIMESYS');
INSERT INTO TMSYSTEM.O1803FRMSCHALTLST(FRMSFLFRM, FRMSFLSCH, FRMSFLFUN, FRMSFLSTA, FRMSFLERF)  VALUES('konsokreis', 'TMS205', 'showTmMessage()',1, 'TIMESYS');
INSERT INTO TMSYSTEM.TMS901TABELLEN(TABNAM, TABPS1, TABPOS, TABFLD, TABTXT, TABFRM, TABSTA, TABERF, TABREP) VALUES('konsokreis', NULL, NULL, NULL, 'Firmenkonsolidierungen', 'Firmenkonsolidierungen', 1, 'TIMESYS', 'konsokreis');
INSERT INTO TMSYSTEM.TMS100TBS(TBSTNA, TBSLFD, TBSFNA, TBSFNR, TBSAUS, TBSINI, TBSFNU, TBSBZG, TBSKEY, TBSIND, TBSMUS, TBSSTA)  VALUES('konsokreis',  1, 'KONKkrNum',  10033, 0,           NULL, NULL, 0, 1, 1, 1, 1);
INSERT INTO TMSYSTEM.TMS100TBS(TBSTNA, TBSLFD, TBSFNA, TBSFNR, TBSAUS, TBSINI, TBSFNU, TBSBZG, TBSKEY, TBSIND, TBSMUS, TBSSTA)  VALUES('konsokreis',  2, 'KONKkrBez',  10034, 0,           NULL, NULL, 0, 0, 1, 1, 1);
INSERT INTO TMSYSTEM.TMS100TBS(TBSTNA, TBSLFD, TBSFNA, TBSFNR, TBSAUS, TBSINI, TBSFNU, TBSBZG, TBSKEY, TBSIND, TBSMUS, TBSSTA)  VALUES('konsokreis',  3, 'KONFirNam',  10035, 0,           NULL, NULL, 0, 0, 1, 0, 1);
INSERT INTO TMSYSTEM.TMS100TBS(TBSTNA, TBSLFD, TBSFNA, TBSFNR, TBSAUS, TBSINI, TBSFNU, TBSBZG, TBSKEY, TBSIND, TBSMUS, TBSSTA)  VALUES('konsokreis',  4, 'KONKkrSta',  10015, 0,           NULL, NULL, 0, 0, 1, 0, 1);
INSERT INTO TMSYSTEM.TMS103FRM(FRMNAM, FRMLFD, FRMFLD, FRMBEA, FRMTXT, FRMBBR, FRMBXP, FRMBYP, FRMWBR, FRMWXP, FRMWYP, FRMAUF, FRMABF, FRMPOS, FRMCLS, FRMZRR, FRMFFO, FRMPRF, FRMBOX, FRMSTA, FRMERF, FRMIDX)  VALUES('konsokreis',  1, 'KONKkrNum', 5, 1, 5, 10, 0, 5, 305, 0, 1, NULL, 1, NULL, 1, NULL, 0, 0, 1, 'TIMESYS', 1);
INSERT INTO TMSYSTEM.TMS103FRM(FRMNAM, FRMLFD, FRMFLD, FRMBEA, FRMTXT, FRMBBR, FRMBXP, FRMBYP, FRMWBR, FRMWXP, FRMWYP, FRMAUF, FRMABF, FRMPOS, FRMCLS, FRMZRR, FRMFFO, FRMPRF, FRMBOX, FRMSTA, FRMERF, FRMIDX)  VALUES('konsokreis',  2, 'KONKkrBez', 5, 1, 5, 10, 50, 5, 305, 50, 1, NULL, 1, NULL, 1, NULL, 0, 0, 1, 'TIMESYS', 2);
INSERT INTO TMSYSTEM.TMS103FRM(FRMNAM, FRMLFD, FRMFLD, FRMBEA, FRMTXT, FRMBBR, FRMBXP, FRMBYP, FRMWBR, FRMWXP, FRMWYP, FRMAUF, FRMABF, FRMPOS, FRMCLS, FRMZRR, FRMFFO, FRMPRF, FRMBOX, FRMSTA, FRMERF, FRMIDX)  VALUES('konsokreis',  3, 'KONFirNam', 5, 1, 5, 10, 50, 5, 305, 50, 1, NULL, 1, NULL, 1, NULL, 0, 0, 1, 'TIMESYS', 2);
INSERT INTO TMSYSTEM.TMS103FRM(FRMNAM, FRMLFD, FRMFLD, FRMBEA, FRMTXT, FRMBBR, FRMBXP, FRMBYP, FRMWBR, FRMWXP, FRMWYP, FRMAUF, FRMABF, FRMPOS, FRMCLS, FRMZRR, FRMFFO, FRMPRF, FRMBOX, FRMSTA, FRMERF, FRMIDX)  VALUES('konsokreis',  4, 'KONKkrSta', 1, 1, 5, 10, 100, 5, 305, 100, 1, NULL, 1, NULL, 1, NULL, 0, 0, 1, 'TIMESYS', 5);
DELETE FROM TMSYSTEM.TMS103DMYANM WHERE DMYFRM = 'konsokreis' AND DMYANM = '99999999';
INSERT INTO TMSYSTEM.TMS103DMYANM(DMYANM, DMYFRM, DMYFLD, DMYPOS, DMYSRT, DMYRIC)
 VALUES( '99999999', 'konsokreis', 'KONKkrNum', 1,  1, 'asc' );
INSERT INTO TMSYSTEM.TMS103DMYANM(DMYANM, DMYFRM, DMYFLD, DMYPOS, DMYSRT, DMYRIC)
 VALUES( '99999999', 'konsokreis', 'KONKkrBez', 2, 0, NULL);
INSERT INTO TMSYSTEM.TMS103DMYANM(DMYANM, DMYFRM, DMYFLD, DMYPOS, DMYSRT, DMYRIC)
 VALUES( '99999999', 'konsokreis', 'KONFirNam', 3, 0, NULL);
INSERT INTO TMSYSTEM.O1201FORMULAR(FMRNUM, FMRART, FMRLNK, FMRFLD, FMRWHL, FMRTXT, FMRSTA, FMRERF, FMRMOD, FMRFRM, FMRRTE, FMRMNU)
  VALUES('konsokreis_detail', 0, 'konzern/konsokreise/konsokreis.php', 120101, 809, NULL, 1, 'TIMESYS', 3, 1, 0, 0);
INSERT INTO TMSYSTEM.O1201FORMULAR(FMRNUM, FMRART, FMRLNK, FMRFLD, FMRWHL, FMRTXT, FMRSTA, FMRERF, FMRMOD, FMRFRM, FMRRTE, FMRMNU)
  VALUES('KRK_Request', 2, 'konzern/konsokreise/krk_request.php', 120101, 809, NULL, 1, 'Timesys', NULL, 1, 0, 0);
INSERT INTO TMSYSTEM.O1803FRMSCHALTLST(FRMSFLFRM, FRMSFLSCH, FRMSFLFUN, FRMSFLSTA, FRMSFLERF)
  VALUES('konsokreis_detail', 'TMS001', NULL, 1, 'TIMESYS');
INSERT INTO TMSYSTEM.O1803FRMSCHALTLST(FRMSFLFRM, FRMSFLSCH, FRMSFLFUN, FRMSFLSTA, FRMSFLERF)
  VALUES('konsokreis_detail', 'TMS002', 'loadTerminalManager(''PZM'')', 1, 'TIMESYS');
INSERT INTO TMSYSTEM.O1803FRMSCHALTLST(FRMSFLFRM, FRMSFLSCH, FRMSFLFUN, FRMSFLSTA, FRMSFLERF)
  VALUES('konsokreis_detail', 'TMS007', 'goHome()', 1, 'TIMESYS');
INSERT INTO TMSYSTEM.O1803FRMSCHALTLST(FRMSFLFRM, FRMSFLSCH, FRMSFLFUN, FRMSFLSTA, FRMSFLERF)
  VALUES('konsokreis_detail', 'TMS009', 'helpMe()', 1, 'TIMESYS');
INSERT INTO TMSYSTEM.O1803FRMSCHALTLST(FRMSFLFRM, FRMSFLSCH, FRMSFLFUN, FRMSFLSTA, FRMSFLERF)
  VALUES('konsokreis_detail', 'TMS010', 'changeLanguage()', 1, 'TIMESYS');
INSERT INTO TMSYSTEM.O1803FRMSCHALTLST(FRMSFLFRM, FRMSFLSCH, FRMSFLFUN, FRMSFLSTA, FRMSFLERF)
  VALUES('konsokreis_detail', 'TMS011', 'changePassword()', 1, 'TIMESYS');
INSERT INTO TMSYSTEM.O1803FRMSCHALTLST(FRMSFLFRM, FRMSFLSCH, FRMSFLFUN, FRMSFLSTA, FRMSFLERF)
  VALUES('konsokreis_detail', 'TMS012', 'changeFirma()', 1, 'TIMESYS');
INSERT INTO TMSYSTEM.O1803FRMSCHALTLST(FRMSFLFRM, FRMSFLSCH, FRMSFLFUN, FRMSFLSTA, FRMSFLERF)
  VALUES('konsokreis_detail', 'TMS030', 'doLogout()', 1, 'TIMESYS');
INSERT INTO TMSYSTEM.O1803FRMSCHALTLST(FRMSFLFRM, FRMSFLSCH, FRMSFLFUN, FRMSFLSTA, FRMSFLERF)
  VALUES('konsokreis_detail', 'TMS033', 'myTimension()', 1, 'TIMESYS');
INSERT INTO TMSYSTEM.O1803FRMSCHALTLST(FRMSFLFRM, FRMSFLSCH, FRMSFLFUN, FRMSFLSTA, FRMSFLERF)
  VALUES('konsokreis_detail', 'TMS204', 'openNewTmWindow()', 1, 'TIMESYS');
INSERT INTO TMSYSTEM.TMS103FRMTXT(FRMTXTFRM, FRMTXTBLK, FRMTXTFTX, FRMTXTWHL, FRMTXTLFD, FRMTXTART)
  VALUES('konsokreis_detail', 'start', 5, 4, 1, 1);
INSERT INTO TMSYSTEM.TMS103FRMTXT(FRMTXTFRM, FRMTXTBLK, FRMTXTFTX, FRMTXTWHL, FRMTXTLFD, FRMTXTART)
  VALUES('konsokreis_detail', 'start', 5, 5, 2, 1);
INSERT INTO TMSYSTEM.TMS103FRMTXT(FRMTXTFRM, FRMTXTBLK, FRMTXTFTX, FRMTXTWHL, FRMTXTLFD, FRMTXTART)
  VALUES('konsokreis_detail', 'start', 300063, 5, 3, 1);
INSERT INTO TMSYSTEM.TMS103FRMTXT(FRMTXTFRM, FRMTXTBLK, FRMTXTFTX, FRMTXTWHL, FRMTXTLFD, FRMTXTART)
  VALUES('konsokreis_detail', 'start', 300063, 8, 4, 1);
INSERT INTO TMSYSTEM.TMS103FRMTXT(FRMTXTFRM, FRMTXTBLK, FRMTXTFTX, FRMTXTWHL, FRMTXTLFD, FRMTXTART)
  VALUES('konsokreis_detail', 'start', 300063, 9, 5, 1);
INSERT INTO TMSYSTEM.TMS103FRMTXT(FRMTXTFRM, FRMTXTBLK, FRMTXTFTX, FRMTXTWHL, FRMTXTLFD, FRMTXTART)
  VALUES('konsokreis_detail', 'start', 6, 424, 6, 1);
INSERT INTO TMSYSTEM.TMS103FRMTXT(FRMTXTFRM, FRMTXTBLK, FRMTXTFTX, FRMTXTWHL, FRMTXTLFD, FRMTXTART)
  VALUES('konsokreis_detail', 'start', 1, 203, 7, 1);
INSERT INTO TMSYSTEM.TMS103FRMTXT(FRMTXTFRM, FRMTXTBLK, FRMTXTFTX, FRMTXTWHL, FRMTXTLFD, FRMTXTART)
  VALUES('konsokreis_detail', 'start', 6, 125, 8, 1);
INSERT INTO TMSYSTEM.TMS103FRMTXT(FRMTXTFRM, FRMTXTBLK, FRMTXTFTX, FRMTXTWHL, FRMTXTLFD, FRMTXTART)
  VALUES('konsokreis_detail', 'start', 6, 126, 9, 1);
UPDATE TMSYSTEM.TMS102FTX SET FTXTYP = 1 WHERE FTXNUM = 10027;
INSERT INTO TMSYSTEM.TMS103FRMTXT(FRMTXTFRM, FRMTXTBLK, FRMTXTFTX, FRMTXTWHL, FRMTXTLFD, FRMTXTART)
  VALUES('sbekon_detail', 'start', 5, 50, 21, 1);
INSERT INTO TMSYSTEM.TMS103FRMTXT(FRMTXTFRM, FRMTXTBLK, FRMTXTFTX, FRMTXTWHL, FRMTXTLFD, FRMTXTART)
  VALUES('sbekon_detail', 'start', 5, 274, 22, 1);
INSERT INTO TMSYSTEM.TMS103FRMTXT(FRMTXTFRM, FRMTXTBLK, FRMTXTFTX, FRMTXTWHL, FRMTXTLFD, FRMTXTART)
  VALUES('sbekon_detail', 'start', 300154, 2, 23, 1);
INSERT INTO TMSYSTEM.TMS107KKR (KKRNUM, KKRBEZ, KKRSTA, KKRERF) VALUES ('Alle', 'Alle Firmen', 1, 'TIMESYS');
INSERT INTO TMSYSTEM.TMS107KKZ (KKZKKR, KKZMND, KKZLIZ, KKZSTA, KKZERF)
  (SELECT 'Alle', MNDNUM, MNDLIZ, 1, 'TIMESYS' FROM TMSYSTEM.TMS112MND WHERE MNDKON <> 1);
DELETE FROM TMSYSTEM.TMS107MAW WHERE MAWKEY = 'Alle';
INSERT INTO TMSYSTEM.TMS107MAW (MAWANM, MAWMND, MAWLIZ, MAWFLD, MAWKEY)
  (SELECT KSBNAM, KSBMND, KSBLIZ, 'SBKSBEKON', 'Alle' FROM TMSYSTEM.TMS107KSB
    WHERE KSBKON = 1 AND KSBHOM = 1 AND KSBNAM <> 'TIMESYSAdmin');
-- Auftragsnummer : 161174 Zuständig: Golla --------------
INSERT INTO TMSYSTEM.TMS102WHL(FTXNUMSPR, FTXWHL, FTXSPR, FTXT50, FTXT30, FTXT10, FTXT05, FTXMSK)
  VALUES(11, -9, 1, 'keine Auswahl', NULL, NULL, NULL, 1);
INSERT INTO TMSYSTEM.TMS102WHL(FTXNUMSPR, FTXWHL, FTXSPR, FTXT50, FTXT30, FTXT10, FTXT05, FTXMSK)
  VALUES(11, -9, 2, 'no selection', 'no selection', NULL, NULL, 0);
INSERT INTO TMSYSTEM.TMS102WHL(FTXNUMSPR, FTXWHL, FTXSPR, FTXT50, FTXT30, FTXT10, FTXT05, FTXMSK)
  VALUES(11, -9, 3, 'pas de sélection', 'pas de sélection', NULL, NULL, 0);
INSERT INTO TMSYSTEM.TMS102WHL(FTXNUMSPR, FTXWHL, FTXSPR, FTXT50, FTXT30, FTXT10, FTXT05, FTXMSK)
  VALUES(11, -9, 4, 'geen keuze gemaakt', 'geen keuze gemaakt', NULL, NULL, 0);
INSERT INTO TMSYSTEM.TMS102WHL(FTXNUMSPR, FTXWHL, FTXSPR, FTXT50, FTXT30, FTXT10, FTXT05, FTXMSK)
  VALUES(11, -9, 5, 'nessuna scelta', 'nessuna scelta', NULL, NULL, 0);
INSERT INTO TMSYSTEM.TMS102WHL(FTXNUMSPR, FTXWHL, FTXSPR, FTXT50, FTXT30, FTXT10, FTXT05, FTXMSK)
  VALUES(11, -9, 6, ' brak wyboru', ' brak wyboru', NULL, NULL, 0);
INSERT INTO TMSYSTEM.TMS102WHL(FTXNUMSPR, FTXWHL, FTXSPR, FTXT50, FTXT30, FTXT10, FTXT05, FTXMSK)
  VALUES(11, -9, 7, 'ninguna selección', 'ninguna selección', NULL, NULL, 0);
INSERT INTO TMSYSTEM.TMS102WHL(FTXNUMSPR, FTXWHL, FTXSPR, FTXT50, FTXT30, FTXT10, FTXT05, FTXMSK)
  VALUES(11, 0, 1, 'Wochentag', 'Wochentag', 'Wochentag', NULL, 3);
INSERT INTO TMSYSTEM.TMS102WHL(FTXNUMSPR, FTXWHL, FTXSPR, FTXT50, FTXT30, FTXT10, FTXT05, FTXMSK)
  VALUES(11, 0, 2, 'Weekday', 'Weekday', NULL, NULL, 3);
INSERT INTO TMSYSTEM.TMS102WHL(FTXNUMSPR, FTXWHL, FTXSPR, FTXT50, FTXT30, FTXT10, FTXT05, FTXMSK)
  VALUES(11, 0, 3, 'Jour ouvrable', 'Jour ouvrable', NULL, NULL, 1);
INSERT INTO TMSYSTEM.TMS102WHL(FTXNUMSPR, FTXWHL, FTXSPR, FTXT50, FTXT30, FTXT10, FTXT05, FTXMSK)
  VALUES(11, 0, 4, 'Weekdag', 'Weekdag', NULL, NULL, 3);
INSERT INTO TMSYSTEM.TMS102WHL(FTXNUMSPR, FTXWHL, FTXSPR, FTXT50, FTXT30, FTXT10, FTXT05, FTXMSK)
  VALUES(11, 0, 5, 'Giorno della settimana', 'Giorno della settimana', NULL, NULL, 1);
INSERT INTO TMSYSTEM.TMS102WHL(FTXNUMSPR, FTXWHL, FTXSPR, FTXT50, FTXT30, FTXT10, FTXT05, FTXMSK)
  VALUES(11, 0, 6, 'Dzie&#324; tygodnia', 'Dzie&#324; tygodnia', NULL, NULL, 1);
INSERT INTO TMSYSTEM.TMS102WHL(FTXNUMSPR, FTXWHL, FTXSPR, FTXT50, FTXT30, FTXT10, FTXT05, FTXMSK)
  VALUES(11, 0, 7, 'Día de la semana', 'Día de la semana', NULL, NULL, 1);
INSERT INTO TMSYSTEM.TMS102WHL(FTXNUMSPR, FTXWHL, FTXSPR, FTXT50, FTXT30, FTXT10, FTXT05, FTXMSK)
  VALUES(11, 1, 1, 'Montag', 'Montag', 'Mon', 'Mo', 3);
INSERT INTO TMSYSTEM.TMS102WHL(FTXNUMSPR, FTXWHL, FTXSPR, FTXT50, FTXT30, FTXT10, FTXT05, FTXMSK)
  VALUES(11, 1, 2, 'Monday', 'Monday', NULL, 'Mo', 3);
INSERT INTO TMSYSTEM.TMS102WHL(FTXNUMSPR, FTXWHL, FTXSPR, FTXT50, FTXT30, FTXT10, FTXT05, FTXMSK)
  VALUES(11, 1, 3, 'Lundi', 'Lundi', NULL, 'Lun', 1);
INSERT INTO TMSYSTEM.TMS102WHL(FTXNUMSPR, FTXWHL, FTXSPR, FTXT50, FTXT30, FTXT10, FTXT05, FTXMSK)
  VALUES(11, 1, 4, 'Maandag', 'Maandag', NULL, 'Ma', 3);
INSERT INTO TMSYSTEM.TMS102WHL(FTXNUMSPR, FTXWHL, FTXSPR, FTXT50, FTXT30, FTXT10, FTXT05, FTXMSK)
  VALUES(11, 1, 5, 'Lunedì', 'Lunedì', NULL, 'Lu', 1);
INSERT INTO TMSYSTEM.TMS102WHL(FTXNUMSPR, FTXWHL, FTXSPR, FTXT50, FTXT30, FTXT10, FTXT05, FTXMSK)
  VALUES(11, 1, 6, 'Poniedzia&#322;ek', 'Poniedzia&#322;ek', NULL, NULL, 1);
INSERT INTO TMSYSTEM.TMS102WHL(FTXNUMSPR, FTXWHL, FTXSPR, FTXT50, FTXT30, FTXT10, FTXT05, FTXMSK)
  VALUES(11, 1, 7, 'Lunes', 'Lunes', NULL, 'Lun', 1);
INSERT INTO TMSYSTEM.TMS102WHL(FTXNUMSPR, FTXWHL, FTXSPR, FTXT50, FTXT30, FTXT10, FTXT05, FTXMSK)
  VALUES(11, 2, 1, 'Dienstag', 'Dienstag', 'Die', 'Di', 3);
INSERT INTO TMSYSTEM.TMS102WHL(FTXNUMSPR, FTXWHL, FTXSPR, FTXT50, FTXT30, FTXT10, FTXT05, FTXMSK)
  VALUES(11, 2, 2, 'Tuesday', 'Tuesday', NULL, 'Tu', 3);
INSERT INTO TMSYSTEM.TMS102WHL(FTXNUMSPR, FTXWHL, FTXSPR, FTXT50, FTXT30, FTXT10, FTXT05, FTXMSK)
  VALUES(11, 2, 3, 'Mardi', 'Mardi', NULL, 'Mar', 1);
INSERT INTO TMSYSTEM.TMS102WHL(FTXNUMSPR, FTXWHL, FTXSPR, FTXT50, FTXT30, FTXT10, FTXT05, FTXMSK)
  VALUES(11, 2, 4, 'Dinsdag', 'Dinsdag', NULL, 'Di', 3);
INSERT INTO TMSYSTEM.TMS102WHL(FTXNUMSPR, FTXWHL, FTXSPR, FTXT50, FTXT30, FTXT10, FTXT05, FTXMSK)
  VALUES(11, 2, 5, 'Martedì', 'Martedì', NULL, 'Ma', 1);
INSERT INTO TMSYSTEM.TMS102WHL(FTXNUMSPR, FTXWHL, FTXSPR, FTXT50, FTXT30, FTXT10, FTXT05, FTXMSK)
  VALUES(11, 2, 6, 'Wtorek', 'Wtorek', NULL, NULL, 1);
INSERT INTO TMSYSTEM.TMS102WHL(FTXNUMSPR, FTXWHL, FTXSPR, FTXT50, FTXT30, FTXT10, FTXT05, FTXMSK)
  VALUES(11, 2, 7, 'Martes', 'Martes', NULL, 'Mar', 1);
INSERT INTO TMSYSTEM.TMS102WHL(FTXNUMSPR, FTXWHL, FTXSPR, FTXT50, FTXT30, FTXT10, FTXT05, FTXMSK)
  VALUES(11, 3, 1, 'Mittwoch', 'Mittwoch', 'Mit', 'Mi', 3);
INSERT INTO TMSYSTEM.TMS102WHL(FTXNUMSPR, FTXWHL, FTXSPR, FTXT50, FTXT30, FTXT10, FTXT05, FTXMSK)
  VALUES(11, 3, 2, 'Wednesday', 'Wednesday', NULL, 'We', 3);
INSERT INTO TMSYSTEM.TMS102WHL(FTXNUMSPR, FTXWHL, FTXSPR, FTXT50, FTXT30, FTXT10, FTXT05, FTXMSK)
  VALUES(11, 3, 3, 'Mercredi', 'Mercredi', NULL, 'Mer', 1);
INSERT INTO TMSYSTEM.TMS102WHL(FTXNUMSPR, FTXWHL, FTXSPR, FTXT50, FTXT30, FTXT10, FTXT05, FTXMSK)
  VALUES(11, 3, 4, 'Woensdag', 'Woensdag', NULL, 'Wo', 3);
INSERT INTO TMSYSTEM.TMS102WHL(FTXNUMSPR, FTXWHL, FTXSPR, FTXT50, FTXT30, FTXT10, FTXT05, FTXMSK)
  VALUES(11, 3, 5, 'Mercoledì', 'Mercoledì', NULL, 'Me', 1);
INSERT INTO TMSYSTEM.TMS102WHL(FTXNUMSPR, FTXWHL, FTXSPR, FTXT50, FTXT30, FTXT10, FTXT05, FTXMSK)
  VALUES(11, 3, 6, '&#346;roda', '&#346;roda', NULL, NULL, 1);
INSERT INTO TMSYSTEM.TMS102WHL(FTXNUMSPR, FTXWHL, FTXSPR, FTXT50, FTXT30, FTXT10, FTXT05, FTXMSK)
  VALUES(11, 3, 7, 'Miércoles', 'Miércoles', NULL, 'Mié', 1);
INSERT INTO TMSYSTEM.TMS102WHL(FTXNUMSPR, FTXWHL, FTXSPR, FTXT50, FTXT30, FTXT10, FTXT05, FTXMSK)
  VALUES(11, 4, 1, 'Donnerstag', 'Donnerstag', 'Don', 'Do', 3);
INSERT INTO TMSYSTEM.TMS102WHL(FTXNUMSPR, FTXWHL, FTXSPR, FTXT50, FTXT30, FTXT10, FTXT05, FTXMSK)
  VALUES(11, 4, 2, 'Thursday', 'Thursday', NULL, 'Th', 3);
INSERT INTO TMSYSTEM.TMS102WHL(FTXNUMSPR, FTXWHL, FTXSPR, FTXT50, FTXT30, FTXT10, FTXT05, FTXMSK)
  VALUES(11, 4, 3, 'Jeudi', 'Jeudi', NULL, 'Jeu', 1);
INSERT INTO TMSYSTEM.TMS102WHL(FTXNUMSPR, FTXWHL, FTXSPR, FTXT50, FTXT30, FTXT10, FTXT05, FTXMSK)
  VALUES(11, 4, 4, 'Donderdag', 'Donderdag', NULL, 'Do', 3);
INSERT INTO TMSYSTEM.TMS102WHL(FTXNUMSPR, FTXWHL, FTXSPR, FTXT50, FTXT30, FTXT10, FTXT05, FTXMSK)
  VALUES(11, 4, 5, 'Giovedì', 'Giovedì', NULL, 'Gi', 1);
INSERT INTO TMSYSTEM.TMS102WHL(FTXNUMSPR, FTXWHL, FTXSPR, FTXT50, FTXT30, FTXT10, FTXT05, FTXMSK)
  VALUES(11, 4, 6, 'Czwartek', 'Czwartek', NULL, NULL, 1);
INSERT INTO TMSYSTEM.TMS102WHL(FTXNUMSPR, FTXWHL, FTXSPR, FTXT50, FTXT30, FTXT10, FTXT05, FTXMSK)
  VALUES(11, 4, 7, 'Jueves', 'Jueves', NULL, 'Jue', 1);
INSERT INTO TMSYSTEM.TMS102WHL(FTXNUMSPR, FTXWHL, FTXSPR, FTXT50, FTXT30, FTXT10, FTXT05, FTXMSK)
  VALUES(11, 5, 1, 'Freitag', 'Freitag', 'Fre', 'Fr', 3);
INSERT INTO TMSYSTEM.TMS102WHL(FTXNUMSPR, FTXWHL, FTXSPR, FTXT50, FTXT30, FTXT10, FTXT05, FTXMSK)
  VALUES(11, 5, 2, 'Friday', 'Friday', NULL, 'Fr', 3);
INSERT INTO TMSYSTEM.TMS102WHL(FTXNUMSPR, FTXWHL, FTXSPR, FTXT50, FTXT30, FTXT10, FTXT05, FTXMSK)
  VALUES(11, 5, 3, 'Vendredi', 'Vendredi', NULL, 'Ven', 1);
INSERT INTO TMSYSTEM.TMS102WHL(FTXNUMSPR, FTXWHL, FTXSPR, FTXT50, FTXT30, FTXT10, FTXT05, FTXMSK)
  VALUES(11, 5, 4, 'Vrijdag', 'Vrijdag', NULL, 'Vr', 3);
INSERT INTO TMSYSTEM.TMS102WHL(FTXNUMSPR, FTXWHL, FTXSPR, FTXT50, FTXT30, FTXT10, FTXT05, FTXMSK)
  VALUES(11, 5, 5, 'Venerdì', 'Venerdì', NULL, 'Ve', 1);
INSERT INTO TMSYSTEM.TMS102WHL(FTXNUMSPR, FTXWHL, FTXSPR, FTXT50, FTXT30, FTXT10, FTXT05, FTXMSK)
  VALUES(11, 5, 6, 'Pi&#261;tekc', 'Pi&#261;tekc', NULL, NULL, 1);
INSERT INTO TMSYSTEM.TMS102WHL(FTXNUMSPR, FTXWHL, FTXSPR, FTXT50, FTXT30, FTXT10, FTXT05, FTXMSK)
  VALUES(11, 5, 7, 'Viernes', 'Viernes', NULL, 'Vie', 1);
INSERT INTO TMSYSTEM.TMS102WHL(FTXNUMSPR, FTXWHL, FTXSPR, FTXT50, FTXT30, FTXT10, FTXT05, FTXMSK)
  VALUES(11, 6, 1, 'Samstag', 'Samstag', 'Sam', 'Sa', 3);
INSERT INTO TMSYSTEM.TMS102WHL(FTXNUMSPR, FTXWHL, FTXSPR, FTXT50, FTXT30, FTXT10, FTXT05, FTXMSK)
  VALUES(11, 6, 2, 'Saturday', 'Saturday', NULL, 'Sa', 3);
INSERT INTO TMSYSTEM.TMS102WHL(FTXNUMSPR, FTXWHL, FTXSPR, FTXT50, FTXT30, FTXT10, FTXT05, FTXMSK)
  VALUES(11, 6, 3, 'Samedi', 'Samedi', NULL, 'Sam', 1);
INSERT INTO TMSYSTEM.TMS102WHL(FTXNUMSPR, FTXWHL, FTXSPR, FTXT50, FTXT30, FTXT10, FTXT05, FTXMSK)
  VALUES(11, 6, 4, 'Zaterdag', 'Zaterdag', NULL, 'Za', 3);
INSERT INTO TMSYSTEM.TMS102WHL(FTXNUMSPR, FTXWHL, FTXSPR, FTXT50, FTXT30, FTXT10, FTXT05, FTXMSK)
  VALUES(11, 6, 5, 'Sabato', 'Sabato', NULL, 'Sa', 1);
INSERT INTO TMSYSTEM.TMS102WHL(FTXNUMSPR, FTXWHL, FTXSPR, FTXT50, FTXT30, FTXT10, FTXT05, FTXMSK)
  VALUES(11, 6, 6, 'Sobota', 'Sobota', NULL, NULL, 1);
INSERT INTO TMSYSTEM.TMS102WHL(FTXNUMSPR, FTXWHL, FTXSPR, FTXT50, FTXT30, FTXT10, FTXT05, FTXMSK)
  VALUES(11, 6, 7, 'Sábado', 'Sábado', NULL, 'Sáb', 1);
INSERT INTO TMSYSTEM.TMS102WHL(FTXNUMSPR, FTXWHL, FTXSPR, FTXT50, FTXT30, FTXT10, FTXT05, FTXMSK)
  VALUES(11, 7, 1, 'Sonntag', 'Sonntag', 'Son', 'So', 3);
INSERT INTO TMSYSTEM.TMS102WHL(FTXNUMSPR, FTXWHL, FTXSPR, FTXT50, FTXT30, FTXT10, FTXT05, FTXMSK)
  VALUES(11, 7, 2, 'Sunday', 'Sunday', NULL, 'Su', 3);
INSERT INTO TMSYSTEM.TMS102WHL(FTXNUMSPR, FTXWHL, FTXSPR, FTXT50, FTXT30, FTXT10, FTXT05, FTXMSK)
  VALUES(11, 7, 3, 'Dimanche', 'Dimanche', NULL, 'Dim', 1);
INSERT INTO TMSYSTEM.TMS102WHL(FTXNUMSPR, FTXWHL, FTXSPR, FTXT50, FTXT30, FTXT10, FTXT05, FTXMSK)
  VALUES(11, 7, 4, 'Zondag', 'Zondag', NULL, 'Zo', 3);
INSERT INTO TMSYSTEM.TMS102WHL(FTXNUMSPR, FTXWHL, FTXSPR, FTXT50, FTXT30, FTXT10, FTXT05, FTXMSK)
  VALUES(11, 7, 5, 'Domenica', 'Domenica', NULL, 'Do', 1);
INSERT INTO TMSYSTEM.TMS102WHL(FTXNUMSPR, FTXWHL, FTXSPR, FTXT50, FTXT30, FTXT10, FTXT05, FTXMSK)
  VALUES(11, 7, 6, 'Niedziela', 'Niedziela', NULL, NULL, 1);
INSERT INTO TMSYSTEM.TMS102WHL(FTXNUMSPR, FTXWHL, FTXSPR, FTXT50, FTXT30, FTXT10, FTXT05, FTXMSK)
  VALUES(11, 7, 7, 'Domingo', 'Domingo', NULL, 'Dom', 1);
-- Auftragsnummer : 161182 Zuständig: Golla --------------
delete  from tmsystem.tms102whl where ftxnumspr = 5 and ftxwhl=305;
INSERT INTO TMSYSTEM.TMS102WHL(FTXNUMSPR, FTXWHL, FTXSPR, FTXT50, FTXT30, FTXT10, FTXT05, FTXMSK)
  VALUES(5, 305, 1, '&Uuml;berzeiten genehmigen', NULL, NULL, NULL, 1);
INSERT INTO TMSYSTEM.TMS102WHL(FTXNUMSPR, FTXWHL, FTXSPR, FTXT50, FTXT30, FTXT10, FTXT05, FTXMSK)
  VALUES(5, 305, 2, 'Approve overtime', NULL, NULL, NULL, 1);
INSERT INTO TMSYSTEM.TMS102WHL(FTXNUMSPR, FTXWHL, FTXSPR, FTXT50, FTXT30, FTXT10, FTXT05, FTXMSK)
  VALUES(5, 305, 3, 'Valider les heures supplémentaires', NULL, NULL, NULL, 1);
INSERT INTO TMSYSTEM.TMS102WHL(FTXNUMSPR, FTXWHL, FTXSPR, FTXT50, FTXT30, FTXT10, FTXT05, FTXMSK)
  VALUES(5, 305, 4, 'Overwerktijden vrijgeven', NULL, NULL, NULL, 1);
INSERT INTO TMSYSTEM.TMS102WHL(FTXNUMSPR, FTXWHL, FTXSPR, FTXT50, FTXT30, FTXT10, FTXT05, FTXMSK)
  VALUES(5, 305, 5, 'Approvare ore di straordinario', NULL, NULL, NULL, 1);
INSERT INTO TMSYSTEM.TMS102WHL(FTXNUMSPR, FTXWHL, FTXSPR, FTXT50, FTXT30, FTXT10, FTXT05, FTXMSK)
  VALUES(5, 305, 7, 'Aprobar tiempo extras', NULL, NULL, NULL, 1);
delete  from tmsystem.tms102whl where ftxnumspr = 5 and ftxwhl=306;
INSERT INTO TMSYSTEM.TMS102WHL(FTXNUMSPR, FTXWHL, FTXSPR, FTXT50, FTXT30, FTXT10, FTXT05, FTXMSK)
  VALUES(5, 306, 1, '&Uuml;berzeiten nicht genehmigen', NULL, NULL, NULL, 1);
INSERT INTO TMSYSTEM.TMS102WHL(FTXNUMSPR, FTXWHL, FTXSPR, FTXT50, FTXT30, FTXT10, FTXT05, FTXMSK)
  VALUES(5, 306, 2, 'Do not approve overtime', NULL, NULL, NULL, 1);
INSERT INTO TMSYSTEM.TMS102WHL(FTXNUMSPR, FTXWHL, FTXSPR, FTXT50, FTXT30, FTXT10, FTXT05, FTXMSK)
  VALUES(5, 306, 3, 'Ne pas valider les heures supplémentaires', NULL, NULL, NULL, 1);
INSERT INTO TMSYSTEM.TMS102WHL(FTXNUMSPR, FTXWHL, FTXSPR, FTXT50, FTXT30, FTXT10, FTXT05, FTXMSK)
  VALUES(5, 306, 4, 'Overwerktijden niet vrijgeven', NULL, NULL, NULL, 1);
INSERT INTO TMSYSTEM.TMS102WHL(FTXNUMSPR, FTXWHL, FTXSPR, FTXT50, FTXT30, FTXT10, FTXT05, FTXMSK)
  VALUES(5, 306, 5, 'Non approvare ore di straordinario', NULL, NULL, NULL, 1);
INSERT INTO TMSYSTEM.TMS102WHL(FTXNUMSPR, FTXWHL, FTXSPR, FTXT50, FTXT30, FTXT10, FTXT05, FTXMSK)
  VALUES(5, 306, 7, 'No aprobar tiempo extras', NULL, NULL, NULL, 1);
-- Auftragsnummer : 161338 Zuständig: Golla --------------
INSERT INTO TMSYSTEM.TMS102WHL(FTXNUMSPR, FTXWHL, FTXSPR, FTXT50, FTXT30, FTXT10, FTXT05, FTXMSK, FTXDOK, FTXPRG, FTXCLS, FTXSTASPR, FTXERFSPR)
VALUES(6, 754, 1, 'Sonderzeichen', NULL, NULL, NULL, 1, 'Dieses Feld darf keine Sonderzeichen +  (  )  beinhalten. Bitte &auml;ndern Sie Ihre Eingabe.', NULL, NULL, 1, 'TIMESYS-0037');
INSERT INTO TMSYSTEM.TMS102WHL(FTXNUMSPR, FTXWHL, FTXSPR, FTXT50, FTXT30, FTXT10, FTXT05, FTXMSK, FTXDOK, FTXPRG, FTXCLS, FTXSTASPR, FTXERFSPR)
VALUES(6, 754, 2, 'Special characters', NULL, NULL, NULL, 1, 'This field may not contain special characters +  (  ). Please change your entry.', NULL, NULL, 1,  'TIMESYS-0037');
INSERT INTO TMSYSTEM.TMS102WHL(FTXNUMSPR, FTXWHL, FTXSPR, FTXT50, FTXT30, FTXT10, FTXT05, FTXMSK, FTXDOK, FTXPRG, FTXCLS, FTXSTASPR, FTXERFSPR)
VALUES(6, 754, 3, 'Caractères spéciaux', NULL, NULL, NULL, 1, 'Ce champ ne doit pas contenir de caractères spéciaux +  (  ). Veuillez modifier votre saisie.', NULL, NULL, 1, 'TIMESYS-0037');
INSERT INTO TMSYSTEM.TMS102WHL(FTXNUMSPR, FTXWHL, FTXSPR, FTXT50, FTXT30, FTXT10, FTXT05, FTXMSK, FTXDOK, FTXPRG, FTXCLS, FTXSTASPR, FTXERFSPR)
VALUES(6, 754, 4, 'Speciale tekens', NULL, NULL, NULL, 1, 'In dit veld mag geen speciale tekens bevatten +  (  ). Wijzig a.u.b. de ingevoerde gegevens.', NULL, NULL, 1, 'TIMESYS-0037');
INSERT INTO TMSYSTEM.TMS102WHL(FTXNUMSPR, FTXWHL, FTXSPR, FTXT50, FTXT30, FTXT10, FTXT05, FTXMSK, FTXDOK, FTXPRG, FTXCLS, FTXSTASPR, FTXERFSPR)
VALUES(6, 754, 5, 'Caratteri speciali ', NULL, NULL, NULL, 1, 'Questo campo non può contenere caratteri speciali +  (  ). Si prega di modificare l''inserimento.', NULL, NULL, 1, 'TIMESYS-0037');
INSERT INTO TMSYSTEM.TMS102WHL(FTXNUMSPR, FTXWHL, FTXSPR, FTXT50, FTXT30, FTXT10, FTXT05, FTXMSK, FTXDOK, FTXPRG, FTXCLS, FTXSTASPR, FTXERFSPR)
VALUES(6, 754, 7, 'Caracteres especiales', NULL, NULL, NULL, 1, 'Este campo no puede contener caracteres especiales +  (  ). Modifique los datos introducidos.', NULL, NULL, 1, 'TIMESYS-0037');
INSERT INTO TMSYSTEM.TMS103FRMTXT(FRMTXTFRM, FRMTXTBLK, FRMTXTFTX, FRMTXTWHL, FRMTXTLFD, FRMTXTART)
VALUES('personalstamm_detail', 'start', 6, 754, 66, 1);
-- Auftragsnummer : 161363 Zuständig: Golla --------------
INSERT INTO TMSYSTEM.TMS102WHL(FTXNUMSPR, FTXWHL, FTXSPR, FTXT50, FTXMSK, FTXDOK)
VALUES(6, 756, 1, 'Sonderzeichen', 1, 'Dieses Feld darf keine Sonderzeichen < >  beinhalten. Bitte &auml;ndern Sie Ihre Eingabe.');
INSERT INTO TMSYSTEM.TMS102WHL(FTXNUMSPR, FTXWHL, FTXSPR, FTXT50, FTXMSK, FTXDOK)
VALUES(6, 756, 2, 'Special characters', 1, 'This field may not contain special characters < >. Please change your entry.');
INSERT INTO TMSYSTEM.TMS102WHL(FTXNUMSPR, FTXWHL, FTXSPR, FTXT50, FTXMSK, FTXDOK)
VALUES(6, 756, 3, 'Caractères spéciaux', 1, 'Ce champ ne doit pas contenir de caractères spéciaux < >. Veuillez modifier votre saisie.');
INSERT INTO TMSYSTEM.TMS102WHL(FTXNUMSPR, FTXWHL, FTXSPR, FTXT50, FTXMSK, FTXDOK)
VALUES(6, 756, 4, 'Speciale tekens', 1, 'In dit veld mag geen speciale tekens bevatten < >. Wijzig a.u.b. de ingevoerde gegevens.');
INSERT INTO TMSYSTEM.TMS102WHL(FTXNUMSPR, FTXWHL, FTXSPR, FTXT50, FTXMSK, FTXDOK)
VALUES(6, 756, 5, 'Caratteri speciali', 1, 'Questo campo non può contenere caratteri speciali < >. Si prega di modificare l''inserimento.');
INSERT INTO TMSYSTEM.TMS102WHL(FTXNUMSPR, FTXWHL, FTXSPR, FTXT50, FTXMSK, FTXDOK)
VALUES(6, 756, 7, 'Caracteres especiales', 1,'Este campo no puede contener caracteres especiales < >. Modifique los datos introducidos.');
-- Auftragsnummer : 161455 Zuständig: Golla --------------
INSERT INTO TMSYSTEM.TMS102WHL(FTXNUMSPR, FTXWHL, FTXSPR, FTXT50, FTXMSK, FTXDOK)
VALUES(6, 755, 1, 'Sonderzeichen', 1, 'Dieses Feld darf keine Sonderzeichen +  -  (  )  beinhalten. Bitte &auml;ndern Sie Ihre Eingabe.');
INSERT INTO TMSYSTEM.TMS102WHL(FTXNUMSPR, FTXWHL, FTXSPR, FTXT50, FTXMSK, FTXDOK)
VALUES(6, 755, 2, 'Special characters', 1, 'This field may not contain special characters +  -  (  ). Please change your entry.');
INSERT INTO TMSYSTEM.TMS102WHL(FTXNUMSPR, FTXWHL, FTXSPR, FTXT50, FTXMSK, FTXDOK)
VALUES(6, 755, 3, 'Caractères spéciaux', 1, 'Ce champ ne doit pas contenir de caractères spéciaux +  -  (  ). Veuillez modifier votre saisie.');
INSERT INTO TMSYSTEM.TMS102WHL(FTXNUMSPR, FTXWHL, FTXSPR, FTXT50, FTXMSK, FTXDOK)
VALUES(6, 755, 4, 'Speciale tekens', 1, 'In dit veld mag geen speciale tekens bevatten +  -    (  ). Wijzig a.u.b. de ingevoerde gegevens.');
INSERT INTO TMSYSTEM.TMS102WHL(FTXNUMSPR, FTXWHL, FTXSPR, FTXT50, FTXMSK, FTXDOK)
VALUES(6, 755, 5, 'Caratteri speciali', 1, 'Questo campo non può contenere caratteri speciali +  -  (  ). Si prega di modificare l''inserimento.');
INSERT INTO TMSYSTEM.TMS102WHL(FTXNUMSPR, FTXWHL, FTXSPR, FTXT50, FTXMSK, FTXDOK)
VALUES(6, 755, 7, 'Caracteres especiales', 1,'Este campo no puede contener caracteres especiales +  -  (  ). Modifique los datos introducidos.');
INSERT INTO TMSYSTEM.TMS103FRMTXT(FRMTXTFRM, FRMTXTBLK, FRMTXTFTX, FRMTXTWHL, FRMTXTLFD, FRMTXTART)
VALUES('arbzeitgrp_detail', 'start', 6, 755, 26, 1);
INSERT INTO TMSYSTEM.TMS103FRMTXT(FRMTXTFRM, FRMTXTBLK, FRMTXTFTX, FRMTXTWHL, FRMTXTLFD, FRMTXTART)
VALUES('arbzeitmodell_detail', 'start', 6, 755, 34, 1);
-- Auftragsnummer : 161505 Zuständig: mueller --------------
INSERT INTO TMSYSTEM.TMS103FRMTXT(FRMTXTFRM, FRMTXTBLK, FRMTXTFTX, FRMTXTWHL, FRMTXTLFD, FRMTXTART)
  VALUES('PzmAnAbwesend53', 'start', 12, 0, 48, 1);
DELETE FROM %SCHEMA%.G1202MENUELST WHERE MELMEN = 'TIMENSION' AND MELPOS >= 3310 AND MELPOS < 3400;
INSERT INTO %SCHEMA%.G1202MENUELST(MELMEN, MELFRM, MELBEA, MELPOS, MELDAR, MELFFR, MELERF)
  VALUES('TIMENSION', 'PzmAnAbwesend53', 1, 3310, 1, 1, 'Timesys-0079');
INSERT INTO %SCHEMA%.G1202MENUELST(MELMEN, MELFRM, MELBEA, MELPOS, MELDAR, MELFFR, MELERF)
  VALUES('TIMENSION', 'PzmAnAbwesend53_1', 1, 3311, 1, 1, 'Timesys-0079');
INSERT INTO %SCHEMA%.G1202MENUELST(MELMEN, MELFRM, MELBEA, MELPOS, MELDAR, MELFFR, MELERF)
  VALUES('TIMENSION', 'PzmAnAbwesend53_2', 1, 3312, 1, 1, 'Timesys-0079');
INSERT INTO %SCHEMA%.G1202MENUELST(MELMEN, MELFRM, MELBEA, MELPOS, MELDAR, MELFFR, MELERF)
  VALUES('TIMENSION', 'PzmAnAbwesend53_3', 1, 3313, 1, 1, 'Timesys-0079');
INSERT INTO %SCHEMA%.G1202MENUELST(MELMEN, MELFRM, MELBEA, MELPOS, MELDAR, MELFFR, MELERF)
  VALUES('TIMENSION', 'PzmAnAbwesend53_4', 1, 3314, 1, 1, 'Timesys-0079');
INSERT INTO %SCHEMA%.G1202MENUELST(MELMEN, MELFRM, MELBEA, MELPOS, MELDAR, MELFFR, MELERF)
  VALUES('TIMENSION', 'PzmAnAbwesend53_5', 1, 3315, 1, 1, 'Timesys-0079');
INSERT INTO %SCHEMA%.G1202MENUELST(MELMEN, MELFRM, MELBEA, MELPOS, MELDAR, MELFFR, MELSTA, MELERF)
  VALUES('TIMENSION', 'Tms406Zaa', 1, 3320, 1, 1, 1, 'Timesys_0344');
INSERT INTO %SCHEMA%.G1202MENUELST(MELMEN, MELFRM, MELBEA, MELPOS, MELDAR, MELFFR, MELSTA, MELERF)
  VALUES('TIMENSION', 'TmsObjektBereich', 1, 3330, 1, 1, 1, 'Timesys_0344');
INSERT INTO %SCHEMA%.G1202MENUELST(MELMEN, MELFRM, MELBEA, MELPOS, MELDAR, MELFFR, MELSTA, MELERF)
  VALUES('TIMENSION', 'TmsZustandBereich', 1, 3340, 1, 1, 1, 'Timesys_0344');
-- Auftragsnummer : 161718 Zuständig: Golla --------------
INSERT INTO TMSYSTEM.O1801SCHALT(SFLNUM, SFLTXT, SFLKTX, SFLFLD, SFLWHL, SFLLNK, SFLBEF, SFLHOE, SFLBRE, SFLSTA, SFLERF)
VALUES('TMS073', 'Vorerkrankung', '', 5, 14, '/Timension/Images/Allgemein/img_vorerkrankung', 'showVorerkrankung()', 26, 30, 1, 'TIMESYS-0344');
delete from tmsystem.tms103frmrtr where RTRFRM= 'Tms300PnrKartei';
update TMSYSTEM.O1201FORMULAR SET FMRLNK = 'pzm/persdat/kartei/kartei.php' where FMRNUM = 'Tms300PnrKartei';
INSERT INTO TMSYSTEM.O1201FORMULAR(FMRNUM, FMRART,FMRLNK,FMRFLD,FMRWHL,FMRTXT,FMRSTA,FMRMOD,FMRFRM,FMRRTE,FMRMNU,FMRMDL)
VALUES('karteiAjax', 0, 'pzm/persdat/kartei/karteiAjax.php', 120101, 172, 'perskarteiAjax', 1, 3, 0, 0, 0, 3);
INSERT INTO TMSYSTEM.O1201FORMULAR(FMRNUM, FMRART, FMRLNK, FMRFLD, FMRWHL, FMRTXT, FMRSTA, FMRMOD, FMRFRM, FMRRTE, FMRMNU, FMRMDL)
VALUES('vorerkrankung', 0, 'pzm/persdat/kartei/vorerkrankung.php', 120101, 0, 'vorerkrankung', 1, 3, 0, 0, 0, 3);
INSERT INTO TMSYSTEM.O1201FORMULAR(FMRNUM, FMRART,FMRLNK,FMRFLD,FMRWHL,FMRTXT,FMRSTA,FMRMOD,FMRFRM,FMRRTE,FMRMNU,FMRMDL)
VALUES('bchlistAjax', 0, 'pzm/persdat/kartei/bchlistAjax.php', 120101, 0, 'bchlistAjax', 1, 3, 0, 0, 0, 3);
INSERT INTO TMSYSTEM.O1201FORMULAR(FMRNUM, FMRART,FMRLNK,FMRFLD,FMRWHL,FMRTXT,FMRSTA,FMRMOD,FMRFRM,FMRRTE,FMRMNU,FMRMDL)
VALUES('aktkalAjax', 0, 'pzm/persdat/kartei/aktkalAjax.php', 120101, 0, 'aktkalAjax', 1, 3, 0, 0, 0, 3);
INSERT INTO TMSYSTEM.O1201FORMULAR(FMRNUM, FMRART,FMRLNK,FMRFLD,FMRWHL,FMRTXT,FMRSTA,FMRMOD,FMRFRM,FMRRTE,FMRMNU,FMRMDL)
VALUES('saldenAjax', 0, 'pzm/persdat/kartei/saldenAjax.php', 120101, 0, 'saldenAjax', 1, 3, 0, 0, 0, 3);
INSERT INTO TMSYSTEM.O1201FORMULAR(FMRNUM, FMRART,FMRLNK,FMRFLD,FMRWHL,FMRTXT,FMRSTA,FMRMOD,FMRFRM,FMRRTE,FMRMNU,FMRMDL)
VALUES('verwaltungTxt', 0, 'pzm/persdat/kartei/verwaltungTxt.php', 120101, 0, 'VerwTxt', 1, 3, 0, 0, 0, 3);
INSERT INTO TMSYSTEM.O1201FORMULAR(FMRNUM, FMRART,FMRLNK,FMRFLD,FMRWHL,FMRTXT,FMRSTA,FMRMOD,FMRFRM,FMRRTE,FMRMNU,FMRMDL)
VALUES('verwaltungAjax', 0, 'pzm/persdat/kartei/verwaltungAjax.php', 120101, 0, 'VerwTxt', 1, 3, 0, 0, 0, 3);
INSERT INTO TMSYSTEM.O1201FORMULAR(FMRNUM, FMRART,FMRLNK,FMRFLD,FMRWHL,FMRTXT,FMRSTA,FMRMOD,FMRFRM,FMRRTE,FMRMNU,FMRMDL)
VALUES('vorerkrankungAjax', 0, 'pzm/persdat/kartei/vorerkrankungAjax.php', 120101, 0, 'VerwTxt', 1, 3, 0, 0, 0, 3);
INSERT INTO TMSYSTEM.TMS901TABELLEN(TABNAM, TABPS1, TABPOS, TABFLD, TABTXT, TABSTA, TABERF, TABREP)
VALUES('Tms300PnrKartei', '7', '7.1', 7000, 'Personalkartei', 1, 'TIMESYS', 'PERS');
INSERT INTO TMSYSTEM.TMS100TBS(TBSTNA, TBSLFD, TBSFNA, TBSFNR, TBSAUS, TBSBZG, TBSKEY, TBSIND, TBSMUS, TBSSTA)
VALUES('Tms300PnrKartei', 1, 'PktSol', 3, 1, 0, 0, 0, 0, 1);
INSERT INTO TMSYSTEM.TMS100TBS(TBSTNA, TBSLFD, TBSFNA, TBSFNR, TBSAUS, TBSBZG, TBSKEY, TBSIND, TBSMUS, TBSSTA)
VALUES('Tms300PnrKartei', 2, 'PktKrk', 3, 3, 0, 0, 0, 0, 1);
INSERT INTO TMSYSTEM.TMS100TBS(TBSTNA, TBSLFD, TBSFNA, TBSFNR, TBSAUS, TBSBZG, TBSKEY, TBSIND, TBSMUS, TBSSTA)
VALUES('Tms300PnrKartei', 3, 'PktUrl', 220001, 3, 0, 0, 0, 0, 1);
INSERT INTO TMSYSTEM.TMS100TBS(TBSTNA, TBSLFD, TBSFNA, TBSFNR, TBSAUS, TBSBZG, TBSKEY, TBSIND, TBSMUS, TBSSTA)
VALUES('Tms300PnrKartei', 4, 'PktGlz', 220001, 14, 0, 0, 0, 0, 1);
INSERT INTO TMSYSTEM.TMS100TBS(TBSTNA, TBSLFD, TBSFNA, TBSFNR, TBSAUS, TBSBZG, TBSKEY, TBSIND, TBSMUS, TBSSTA)
VALUES('Tms300PnrKartei', 5, 'PktMab', 220001, 24, 0, 0, 0, 0, 1);
INSERT INTO TMSYSTEM.TMS100TBS(TBSTNA, TBSLFD, TBSFNA, TBSFNR, TBSAUS, TBSBZG, TBSKEY, TBSIND, TBSMUS, TBSSTA)
VALUES('Tms300PnrKartei', 6, 'PktSp3', 32022, 0, 0, 0, 0, 0, 1);
INSERT INTO TMSYSTEM.TMS100TBS(TBSTNA, TBSLFD, TBSFNA, TBSFNR, TBSAUS, TBSBZG, TBSKEY, TBSIND, TBSMUS, TBSSTA)
VALUES('Tms300PnrKartei', 7, 'PktSp4', 13005, 4, 0, 0, 0, 0, 1);
INSERT INTO TMSYSTEM.TMS100TBS(TBSTNA, TBSLFD, TBSFNA, TBSFNR, TBSAUS, TBSBZG, TBSKEY, TBSIND, TBSMUS, TBSSTA)
VALUES('Tms300PnrKartei', 8, 'PktSp5', 220001, 32, 0, 0, 0, 0, 1);
INSERT INTO TMSYSTEM.TMS100TBS(TBSTNA, TBSLFD, TBSFNA, TBSFNR, TBSAUS, TBSBZG, TBSKEY, TBSIND, TBSMUS, TBSSTA)
VALUES('Tms300PnrKartei', 9, 'PktSp6', 220001, 33, 0, 0, 0, 0, 1);
INSERT INTO TMSYSTEM.TMS100TBS(TBSTNA, TBSLFD, TBSFNA, TBSFNR, TBSAUS, TBSBZG, TBSKEY, TBSIND, TBSMUS, TBSSTA)
VALUES('Tms300PnrKartei', 10, 'PktSp7', 31008, 0, 0, 0, 0, 0, 1);
INSERT INTO TMSYSTEM.TMS103FRM(FRMNAM, FRMLFD, FRMFLD, FRMBEA, FRMTXT, FRMBBR, FRMBXP, FRMBYP, FRMWBR, FRMWXP, FRMWYP, FRMAUF,
FRMPOS, FRMZRR, FRMSTA) VALUES('Tms300PnrKartei', 1, 'PktSol', 5, 1, 0, 0, 0, 0, 0, 0, 0, 0, 0, 1);
INSERT INTO TMSYSTEM.TMS103FRM(FRMNAM, FRMLFD, FRMFLD, FRMBEA, FRMTXT, FRMBBR, FRMBXP, FRMBYP, FRMWBR, FRMWXP, FRMWYP, FRMAUF,
FRMPOS, FRMZRR, FRMSTA) VALUES('Tms300PnrKartei', 2, 'PktKrk', 5, 1, 0, 0, 0, 0, 0, 0, 0, 0, 0, 1);
INSERT INTO TMSYSTEM.TMS103FRM(FRMNAM, FRMLFD, FRMFLD, FRMBEA, FRMTXT, FRMBBR, FRMBXP, FRMBYP, FRMWBR, FRMWXP, FRMWYP, FRMAUF,
FRMPOS, FRMZRR, FRMSTA) VALUES('Tms300PnrKartei', 3, 'PktUrl', 5, 1, 0, 0, 0, 0, 0, 0, 0, 0, 0, 1);
INSERT INTO TMSYSTEM.TMS103FRM(FRMNAM, FRMLFD, FRMFLD, FRMBEA, FRMTXT, FRMBBR, FRMBXP, FRMBYP, FRMWBR, FRMWXP, FRMWYP, FRMAUF,
FRMPOS, FRMZRR, FRMSTA) VALUES('Tms300PnrKartei', 4, 'PktGlz', 5, 1, 0, 0, 0, 0, 0, 0, 0, 0, 0, 1);
INSERT INTO TMSYSTEM.TMS103FRM(FRMNAM, FRMLFD, FRMFLD, FRMBEA, FRMTXT, FRMBBR, FRMBXP, FRMBYP, FRMWBR, FRMWXP, FRMWYP, FRMAUF,
FRMPOS, FRMZRR, FRMSTA) VALUES('Tms300PnrKartei', 5, 'PktMab', 5, 1, 0, 0, 0, 0, 0, 0, 0, 0, 0, 1);
INSERT INTO TMSYSTEM.TMS103FRM(FRMNAM, FRMLFD, FRMFLD, FRMBEA, FRMTXT, FRMBBR, FRMBXP, FRMBYP, FRMWBR, FRMWXP, FRMWYP, FRMAUF,
FRMPOS, FRMZRR, FRMSTA) VALUES('Tms300PnrKartei', 6, 'PktSp3', 5, 1, 0, 0, 0, 0, 0, 0, 0, 0, 0, 1);
INSERT INTO TMSYSTEM.TMS103FRM(FRMNAM, FRMLFD, FRMFLD, FRMBEA, FRMTXT, FRMBBR, FRMBXP, FRMBYP, FRMWBR, FRMWXP, FRMWYP, FRMAUF,
FRMPOS, FRMZRR, FRMSTA) VALUES('Tms300PnrKartei', 7, 'PktSp4', 5, 1, 0, 0, 0, 0, 0, 0, 0, 0, 0, 1);
INSERT INTO TMSYSTEM.TMS103FRM(FRMNAM, FRMLFD, FRMFLD, FRMBEA, FRMTXT, FRMBBR, FRMBXP, FRMBYP, FRMWBR, FRMWXP, FRMWYP, FRMAUF,
FRMPOS, FRMZRR, FRMSTA) VALUES('Tms300PnrKartei', 8, 'PktSp5', 5, 1, 0, 0, 0, 0, 0, 0, 0, 0, 0, 1);
INSERT INTO TMSYSTEM.TMS103FRM(FRMNAM, FRMLFD, FRMFLD, FRMBEA, FRMTXT, FRMBBR, FRMBXP, FRMBYP, FRMWBR, FRMWXP, FRMWYP, FRMAUF,
FRMPOS, FRMZRR, FRMSTA) VALUES('Tms300PnrKartei', 9, 'PktSp6', 5, 1, 0, 0, 0, 0, 0, 0, 0, 0, 0, 1);
INSERT INTO TMSYSTEM.TMS103FRM(FRMNAM, FRMLFD, FRMFLD, FRMBEA, FRMTXT, FRMBBR, FRMBXP, FRMBYP, FRMWBR, FRMWXP, FRMWYP, FRMAUF,
FRMPOS, FRMZRR, FRMSTA) VALUES('Tms300PnrKartei', 10, 'PktSp7', 5, 1, 0, 0, 0, 0, 0, 0, 0, 0, 0, 1);
delete from %SCHEMA%.G1302FRMRTELST where FRMRTEFMR='Tms300PnrKartei';
delete from %SCHEMA%.G1301FRMRTE where FRMRTEFRM='Tms300PnrKartei';
insert into %SCHEMA%.G1301FRMRTE(FRMRTENUM,FRMRTEFRM,FRMRTEZUG,FRMRTESTA,FRMRTEBEZ,FRMRTEMOD)
(select FRENUM,'Tms300PnrKartei',1,1,1,3 from %SCHEMA%.O1301FRMRECHT);
INSERT INTO %SCHEMA%.G1302FRMRTELST(FRMRTENAM, FRMRTEFMR, FRMRTEFLD, FRMRTEDAR, FRMRTESTA, FRMRTEERF, FRMRTEBKZ, FRMRTEMDU)
 SELECT FRENUM, 'Tms300PnrKartei', 'PktSol', 3, 1, 'Timesys', 0, 0 FROM %SCHEMA%.O1301FRMRECHT
  WHERE (select COUNT(*) from %SCHEMA%.G1301FRMRTE where FRMRTEFRM =  'Tms300PnrKartei' and FRENUM = FRMRTENUM) > 0;
INSERT INTO %SCHEMA%.G1302FRMRTELST(FRMRTENAM, FRMRTEFMR, FRMRTEFLD, FRMRTEDAR, FRMRTESTA, FRMRTEERF, FRMRTEBKZ, FRMRTEMDU)
 SELECT FRENUM, 'Tms300PnrKartei', 'PktKrk', 3, 1, 'Timesys', 0, 0 FROM %SCHEMA%.O1301FRMRECHT
  WHERE (select COUNT(*) from %SCHEMA%.G1301FRMRTE where FRMRTEFRM =  'Tms300PnrKartei' and FRENUM = FRMRTENUM) > 0;
INSERT INTO %SCHEMA%.G1302FRMRTELST(FRMRTENAM, FRMRTEFMR, FRMRTEFLD, FRMRTEDAR, FRMRTESTA, FRMRTEERF, FRMRTEBKZ, FRMRTEMDU)
 SELECT FRENUM, 'Tms300PnrKartei', 'PktUrl', 3, 1, 'Timesys', 0, 0 FROM %SCHEMA%.O1301FRMRECHT
  WHERE (select COUNT(*) from %SCHEMA%.G1301FRMRTE where FRMRTEFRM =  'Tms300PnrKartei' and FRENUM = FRMRTENUM) > 0;
INSERT INTO %SCHEMA%.G1302FRMRTELST(FRMRTENAM, FRMRTEFMR, FRMRTEFLD, FRMRTEDAR, FRMRTESTA, FRMRTEERF, FRMRTEBKZ, FRMRTEMDU)
 SELECT FRENUM, 'Tms300PnrKartei', 'PktGlz', 3, 1, 'Timesys', 0, 0 FROM %SCHEMA%.O1301FRMRECHT
  WHERE (select COUNT(*) from %SCHEMA%.G1301FRMRTE where FRMRTEFRM =  'Tms300PnrKartei' and FRENUM = FRMRTENUM) > 0;
INSERT INTO %SCHEMA%.G1302FRMRTELST(FRMRTENAM, FRMRTEFMR, FRMRTEFLD, FRMRTEDAR, FRMRTESTA, FRMRTEERF, FRMRTEBKZ, FRMRTEMDU)
 SELECT FRENUM, 'Tms300PnrKartei', 'PktMab', 3, 1, 'Timesys', 0, 0 FROM %SCHEMA%.O1301FRMRECHT
  WHERE (select COUNT(*) from %SCHEMA%.G1301FRMRTE where FRMRTEFRM =  'Tms300PnrKartei' and FRENUM = FRMRTENUM) > 0;
INSERT INTO %SCHEMA%.G1302FRMRTELST(FRMRTENAM, FRMRTEFMR, FRMRTEFLD, FRMRTEDAR, FRMRTESTA, FRMRTEERF, FRMRTEBKZ, FRMRTEMDU)
 SELECT FRENUM, 'Tms300PnrKartei', 'PktSp3', 3, 1, 'Timesys', 0, 0 FROM %SCHEMA%.O1301FRMRECHT
  WHERE (select COUNT(*) from %SCHEMA%.G1301FRMRTE where FRMRTEFRM =  'Tms300PnrKartei' and FRENUM = FRMRTENUM) > 0;
INSERT INTO %SCHEMA%.G1302FRMRTELST(FRMRTENAM, FRMRTEFMR, FRMRTEFLD, FRMRTEDAR, FRMRTESTA, FRMRTEERF, FRMRTEBKZ, FRMRTEMDU)
 SELECT FRENUM, 'Tms300PnrKartei', 'PktSp4', 3, 1, 'Timesys', 0, 0 FROM %SCHEMA%.O1301FRMRECHT
  WHERE (select COUNT(*) from %SCHEMA%.G1301FRMRTE where FRMRTEFRM =  'Tms300PnrKartei' and FRENUM = FRMRTENUM) > 0;
INSERT INTO %SCHEMA%.G1302FRMRTELST(FRMRTENAM, FRMRTEFMR, FRMRTEFLD, FRMRTEDAR, FRMRTESTA, FRMRTEERF, FRMRTEBKZ, FRMRTEMDU)
 SELECT FRENUM, 'Tms300PnrKartei', 'PktSp5', 3, 1, 'Timesys', 0, 0 FROM %SCHEMA%.O1301FRMRECHT
  WHERE (select COUNT(*) from %SCHEMA%.G1301FRMRTE where FRMRTEFRM =  'Tms300PnrKartei' and FRENUM = FRMRTENUM) > 0;
INSERT INTO %SCHEMA%.G1302FRMRTELST(FRMRTENAM, FRMRTEFMR, FRMRTEFLD, FRMRTEDAR, FRMRTESTA, FRMRTEERF, FRMRTEBKZ, FRMRTEMDU)
 SELECT FRENUM, 'Tms300PnrKartei', 'PktSp6', 3, 1, 'Timesys', 0, 0 FROM %SCHEMA%.O1301FRMRECHT
  WHERE (select COUNT(*) from %SCHEMA%.G1301FRMRTE where FRMRTEFRM =  'Tms300PnrKartei' and FRENUM = FRMRTENUM) > 0;
INSERT INTO %SCHEMA%.G1302FRMRTELST(FRMRTENAM, FRMRTEFMR, FRMRTEFLD, FRMRTEDAR, FRMRTESTA, FRMRTEERF, FRMRTEBKZ, FRMRTEMDU)
 SELECT FRENUM, 'Tms300PnrKartei', 'PktSp7', 3, 1, 'Timesys', 0, 0 FROM %SCHEMA%.O1301FRMRECHT
  WHERE (select COUNT(*) from %SCHEMA%.G1301FRMRTE where FRMRTEFRM =  'Tms300PnrKartei' and FRENUM = FRMRTENUM) > 0;
INSERT INTO %SCHEMA%.G1301FRMRTE(FRMRTENUM, FRMRTEFRM, FRMRTEZUG, FRMRTESTA, FRMRTEERF, FRMRTEBEZ, FRMRTEMOD, FRMRTEDTM)
VALUES('Alles', 'Tms300PnrKartei', 1, 1, 'Timesys', 0, 3, '20000101');
INSERT INTO %SCHEMA%.G1302FRMRTELST(FRMRTENAM, FRMRTEFMR, FRMRTEFLD, FRMRTEDAR, FRMRTESTA, FRMRTEERF, FRMRTEBKZ, FRMRTEMDU)
values( 'Alles', 'Tms300PnrKartei', 'PktSol', 3, 1, 'Timesys', 0, 0);
INSERT INTO %SCHEMA%.G1302FRMRTELST(FRMRTENAM, FRMRTEFMR, FRMRTEFLD, FRMRTEDAR, FRMRTESTA, FRMRTEERF, FRMRTEBKZ, FRMRTEMDU)
values( 'Alles', 'Tms300PnrKartei', 'PktKrk', 3, 1, 'Timesys', 0, 0);
INSERT INTO %SCHEMA%.G1302FRMRTELST(FRMRTENAM, FRMRTEFMR, FRMRTEFLD, FRMRTEDAR, FRMRTESTA, FRMRTEERF, FRMRTEBKZ, FRMRTEMDU)
values( 'Alles', 'Tms300PnrKartei', 'PktUrl', 3, 1, 'Timesys', 0, 0);
INSERT INTO %SCHEMA%.G1302FRMRTELST(FRMRTENAM, FRMRTEFMR, FRMRTEFLD, FRMRTEDAR, FRMRTESTA, FRMRTEERF, FRMRTEBKZ, FRMRTEMDU)
values( 'Alles', 'Tms300PnrKartei', 'PktGlz', 3, 1, 'Timesys', 0, 0);
INSERT INTO %SCHEMA%.G1302FRMRTELST(FRMRTENAM, FRMRTEFMR, FRMRTEFLD, FRMRTEDAR, FRMRTESTA, FRMRTEERF, FRMRTEBKZ, FRMRTEMDU)
values( 'Alles', 'Tms300PnrKartei', 'PktMab', 3, 1, 'Timesys', 0, 0);
INSERT INTO %SCHEMA%.G1302FRMRTELST(FRMRTENAM, FRMRTEFMR, FRMRTEFLD, FRMRTEDAR, FRMRTESTA, FRMRTEERF, FRMRTEBKZ, FRMRTEMDU)
values( 'Alles', 'Tms300PnrKartei', 'PktSp3', 3, 1, 'Timesys', 0, 0);
INSERT INTO %SCHEMA%.G1302FRMRTELST(FRMRTENAM, FRMRTEFMR, FRMRTEFLD, FRMRTEDAR, FRMRTESTA, FRMRTEERF, FRMRTEBKZ, FRMRTEMDU)
values( 'Alles', 'Tms300PnrKartei', 'PktSp4', 3, 1, 'Timesys', 0, 0);
INSERT INTO %SCHEMA%.G1302FRMRTELST(FRMRTENAM, FRMRTEFMR, FRMRTEFLD, FRMRTEDAR, FRMRTESTA, FRMRTEERF, FRMRTEBKZ, FRMRTEMDU)
values( 'Alles', 'Tms300PnrKartei', 'PktSp5', 3, 1, 'Timesys', 0, 0);
INSERT INTO %SCHEMA%.G1302FRMRTELST(FRMRTENAM, FRMRTEFMR, FRMRTEFLD, FRMRTEDAR, FRMRTESTA, FRMRTEERF, FRMRTEBKZ, FRMRTEMDU)
values( 'Alles', 'Tms300PnrKartei', 'PktSp6', 3, 1, 'Timesys', 0, 0);
INSERT INTO %SCHEMA%.G1302FRMRTELST(FRMRTENAM, FRMRTEFMR, FRMRTEFLD, FRMRTEDAR, FRMRTESTA, FRMRTEERF, FRMRTEBKZ, FRMRTEMDU)
values( 'Alles', 'Tms300PnrKartei', 'PktSp7', 3, 1, 'Timesys', 0, 0);
INSERT INTO TMSYSTEM.O1803FRMSCHALTLST(FRMSFLFRM, FRMSFLSCH, FRMSFLFUN, FRMSFLSTA, FRMSFLERF)
VALUES('Tms300PnrKartei', 'TMS001', NULL, 1, 'TIMESYS');
INSERT INTO TMSYSTEM.O1803FRMSCHALTLST(FRMSFLFRM, FRMSFLSCH, FRMSFLFUN, FRMSFLSTA, FRMSFLERF)
VALUES('Tms300PnrKartei', 'TMS002', 'loadTerminalManager(''PZM'')', 1, 'TIMESYS');
INSERT INTO TMSYSTEM.O1803FRMSCHALTLST(FRMSFLFRM, FRMSFLSCH, FRMSFLFUN, FRMSFLSTA, FRMSFLERF)
VALUES('Tms300PnrKartei', 'TMS003', 'goBack()', 1, 'TIMESYS');
INSERT INTO TMSYSTEM.O1803FRMSCHALTLST(FRMSFLFRM, FRMSFLSCH, FRMSFLFUN, FRMSFLSTA, FRMSFLERF)
VALUES('Tms300PnrKartei', 'TMS004', 'goForward()', 1, 'TIMESYS');
INSERT INTO TMSYSTEM.O1803FRMSCHALTLST(FRMSFLFRM, FRMSFLSCH, FRMSFLFUN, FRMSFLSTA, FRMSFLERF)
VALUES('Tms300PnrKartei', 'TMS005', NULL, 1, 'TIMESYS');
INSERT INTO TMSYSTEM.O1803FRMSCHALTLST(FRMSFLFRM, FRMSFLSCH, FRMSFLFUN, FRMSFLSTA, FRMSFLERF)
VALUES('Tms300PnrKartei', 'TMS006', 'location.reload()', 1, 'TIMESYS');
INSERT INTO TMSYSTEM.O1803FRMSCHALTLST(FRMSFLFRM, FRMSFLSCH, FRMSFLFUN, FRMSFLSTA, FRMSFLERF)
VALUES('Tms300PnrKartei', 'TMS007', 'goHome()', 1, 'TIMESYS');
INSERT INTO TMSYSTEM.O1803FRMSCHALTLST(FRMSFLFRM, FRMSFLSCH, FRMSFLFUN, FRMSFLSTA, FRMSFLERF)
VALUES('Tms300PnrKartei', 'TMS009', 'helpMe()', 1, 'TIMESYS');
INSERT INTO TMSYSTEM.O1803FRMSCHALTLST(FRMSFLFRM, FRMSFLSCH, FRMSFLFUN, FRMSFLSTA, FRMSFLERF)
VALUES('Tms300PnrKartei', 'TMS010', 'changeLanguage()', 1, 'TIMESYS');
INSERT INTO TMSYSTEM.O1803FRMSCHALTLST(FRMSFLFRM, FRMSFLSCH, FRMSFLFUN, FRMSFLSTA, FRMSFLERF)
VALUES('Tms300PnrKartei', 'TMS011', 'changePassword()', 1, 'TIMESYS');
INSERT INTO TMSYSTEM.O1803FRMSCHALTLST(FRMSFLFRM, FRMSFLSCH, FRMSFLFUN, FRMSFLSTA, FRMSFLERF)
VALUES('Tms300PnrKartei', 'TMS012', 'changeFirma()', 1, 'TIMESYS');
INSERT INTO TMSYSTEM.O1803FRMSCHALTLST(FRMSFLFRM, FRMSFLSCH, FRMSFLFUN, FRMSFLSTA, FRMSFLERF)
VALUES('Tms300PnrKartei', 'TMS030', 'doLogout()', 1, 'TIMESYS');
INSERT INTO TMSYSTEM.O1803FRMSCHALTLST(FRMSFLFRM, FRMSFLSCH, FRMSFLFUN, FRMSFLSTA, FRMSFLERF)
VALUES('Tms300PnrKartei', 'TMS033', 'myTimension()', 1, 'TIMESYS');
INSERT INTO TMSYSTEM.O1803FRMSCHALTLST(FRMSFLFRM, FRMSFLSCH, FRMSFLFUN, FRMSFLSTA, FRMSFLERF)
VALUES('Tms300PnrKartei', 'TMS204', 'openNewTmWindow()', 1, 'TIMESYS');
INSERT INTO TMSYSTEM.O1803FRMSCHALTLST(FRMSFLFRM, FRMSFLSCH, FRMSFLFUN, FRMSFLSTA, FRMSFLERF)
VALUES('Tms300PnrKartei', 'TMS067', 'listAendHistorie()',1, 'TIMESYS');
INSERT INTO TMSYSTEM.O1803FRMSCHALTLST(FRMSFLFRM, FRMSFLSCH, FRMSFLFUN, FRMSFLSTA, FRMSFLERF)
VALUES('Tms300PnrKartei', 'TMS020', 'openColumnChoiceWindow()',1, 'TIMESYS');
INSERT INTO TMSYSTEM.O1803FRMSCHALTLST(FRMSFLFRM, FRMSFLSCH, FRMSFLFUN, FRMSFLSTA, FRMSFLERF)
VALUES('Tms300PnrKartei', 'TMS205', 'showTmMessage()',1, 'TIMESYS');
INSERT INTO TMSYSTEM.O1803FRMSCHALTLST(FRMSFLFRM, FRMSFLSCH, FRMSFLFUN, FRMSFLSTA, FRMSFLERF)
VALUES('Tms300PnrKartei', 'TMS073', 'showVorerkrankung()',1, 'TIMESYS');
delete from %SCHEMA%.G1303FRMRTESCHALT where FRTSFLFRM= 'Tms300PnrKartei' and FRTSFLNUM= 'TMS020';
INSERT INTO %SCHEMA%.G1303FRMRTESCHALT(FRTSFLRTE, FRTSFLFRM, FRTSFLNUM, FRTSFLSTA, FRTSFLERF)
SELECT FRENUM, 'Tms300PnrKartei', 'TMS020', 1, 'TIMESYS' FROM %SCHEMA%.O1301FRMRECHT
WHERE (select COUNT(*) from %SCHEMA%.G1301FRMRTE where FRMRTEFRM =  'Tms300PnrKartei' and FRENUM = FRMRTENUM) > 0;
INSERT INTO %SCHEMA%.G1303FRMRTESCHALT(FRTSFLRTE, FRTSFLFRM, FRTSFLNUM, FRTSFLSTA, FRTSFLERF)
VALUES('Alles', 'Tms300PnrKartei', 'TMS020', 1, 'TIMESYS');
DELETE FROM TMSYSTEM.TMS103FRMTXT where FRMTXTFRM = 'Tms300PnrKartei';
INSERT INTO TMSYSTEM.TMS103FRMTXT(FRMTXTFRM, FRMTXTBLK, FRMTXTFTX,FRMTXTWHL,FRMTXTLFD,FRMTXTART) VALUES('Tms300PnrKartei','start',120101,172,0,1);
INSERT INTO TMSYSTEM.TMS103FRMTXT(FRMTXTFRM, FRMTXTBLK, FRMTXTFTX, FRMTXTWHL, FRMTXTLFD, FRMTXTART) VALUES('Tms300PnrKartei','start',5,385,1,1);
INSERT INTO TMSYSTEM.TMS103FRMTXT(FRMTXTFRM, FRMTXTBLK, FRMTXTFTX, FRMTXTWHL, FRMTXTLFD, FRMTXTART) VALUES('Tms300PnrKartei','start', 9, 1, 2, 1);
INSERT INTO TMSYSTEM.TMS103FRMTXT(FRMTXTFRM, FRMTXTBLK, FRMTXTFTX, FRMTXTWHL, FRMTXTLFD, FRMTXTART) VALUES('Tms300PnrKartei','start', 9, 11, 3, 1);
INSERT INTO TMSYSTEM.TMS103FRMTXT(FRMTXTFRM, FRMTXTBLK, FRMTXTFTX, FRMTXTWHL, FRMTXTLFD, FRMTXTART) VALUES('Tms300PnrKartei','start', 9, 24, 4, 1);
INSERT INTO TMSYSTEM.TMS103FRMTXT(FRMTXTFRM, FRMTXTBLK, FRMTXTFTX, FRMTXTWHL, FRMTXTLFD, FRMTXTART) VALUES('Tms300PnrKartei','start', 9, 22, 5, 1);
INSERT INTO TMSYSTEM.TMS103FRMTXT(FRMTXTFRM, FRMTXTBLK, FRMTXTFTX, FRMTXTWHL, FRMTXTLFD, FRMTXTART) VALUES('Tms300PnrKartei','start', 9, 23, 6, 1);
INSERT INTO TMSYSTEM.TMS103FRMTXT(FRMTXTFRM, FRMTXTBLK, FRMTXTFTX, FRMTXTWHL, FRMTXTLFD, FRMTXTART) VALUES('Tms300PnrKartei','start', 6, 504, 7, 1);
INSERT INTO TMSYSTEM.TMS103FRMTXT(FRMTXTFRM, FRMTXTBLK, FRMTXTFTX, FRMTXTWHL, FRMTXTLFD, FRMTXTART) VALUES('Tms300PnrKartei','start',400052,0,8,1);
INSERT INTO TMSYSTEM.TMS103FRMTXT(FRMTXTFRM, FRMTXTBLK, FRMTXTFTX, FRMTXTWHL, FRMTXTLFD, FRMTXTART) VALUES('Tms300PnrKartei','start',400053,0,9,1);
INSERT INTO TMSYSTEM.TMS103FRMTXT(FRMTXTFRM, FRMTXTBLK, FRMTXTFTX, FRMTXTWHL, FRMTXTLFD, FRMTXTART) VALUES('Tms300PnrKartei','start',12,0,10,1);
INSERT INTO TMSYSTEM.TMS103FRMTXT(FRMTXTFRM, FRMTXTBLK, FRMTXTFTX, FRMTXTWHL, FRMTXTLFD, FRMTXTART) VALUES('Tms300PnrKartei','start',6,385,11,1);
INSERT INTO TMSYSTEM.TMS103FRMTXT(FRMTXTFRM, FRMTXTBLK, FRMTXTFTX, FRMTXTWHL, FRMTXTLFD, FRMTXTART) VALUES('Tms300PnrKartei','start',6, 349, 12, 1);
INSERT INTO TMSYSTEM.TMS103FRMTXT(FRMTXTFRM, FRMTXTBLK, FRMTXTFTX, FRMTXTWHL, FRMTXTLFD,FRMTXTART) VALUES('Tms300PnrKartei','start',15312,0,13,1);
INSERT INTO TMSYSTEM.TMS103FRMTXT(FRMTXTFRM, FRMTXTBLK, FRMTXTFTX, FRMTXTWHL, FRMTXTLFD, FRMTXTART) VALUES('Tms300PnrKartei','start',300154,2,14,1);
INSERT INTO TMSYSTEM.TMS103FRMTXT(FRMTXTFRM, FRMTXTBLK, FRMTXTFTX, FRMTXTWHL, FRMTXTLFD, FRMTXTART) VALUES('Tms300PnrKartei','start',6,43,15, 1);
INSERT INTO TMSYSTEM.TMS103FRMTXT(FRMTXTFRM, FRMTXTBLK, FRMTXTFTX, FRMTXTWHL, FRMTXTLFD, FRMTXTART) VALUES('Tms300PnrKartei','start',6,348,16, 1);
INSERT INTO TMSYSTEM.TMS103FRMTXT(FRMTXTFRM, FRMTXTBLK, FRMTXTFTX, FRMTXTWHL, FRMTXTLFD, FRMTXTART) VALUES('Tms300PnrKartei','start',6,316,17,1);
INSERT INTO TMSYSTEM.TMS103FRMTXT(FRMTXTFRM, FRMTXTBLK, FRMTXTFTX, FRMTXTWHL, FRMTXTLFD, FRMTXTART) VALUES('Tms300PnrKartei','start',6,182, 18, 1);
INSERT INTO TMSYSTEM.TMS103FRMTXT(FRMTXTFRM, FRMTXTBLK, FRMTXTFTX, FRMTXTWHL, FRMTXTLFD, FRMTXTART) VALUES('Tms300PnrKartei','start',40804,0,19,1);
INSERT INTO TMSYSTEM.TMS103FRMTXT(FRMTXTFRM, FRMTXTBLK, FRMTXTFTX, FRMTXTWHL, FRMTXTLFD, FRMTXTART) VALUES('Tms300PnrKartei','start',40802,0,20, 1);
INSERT INTO TMSYSTEM.TMS103FRMTXT(FRMTXTFRM, FRMTXTBLK, FRMTXTFTX, FRMTXTWHL, FRMTXTLFD, FRMTXTART)
 VALUES('Tms300PnrKartei', 'start', 5, 425, 21, 1);
INSERT INTO TMSYSTEM.TMS103FRMTXT(FRMTXTFRM, FRMTXTBLK, FRMTXTFTX, FRMTXTWHL, FRMTXTLFD, FRMTXTART)
 VALUES('Tms300PnrKartei', 'start', 9, 2, 22, 1);
INSERT INTO TMSYSTEM.TMS103FRMTXT(FRMTXTFRM, FRMTXTBLK, FRMTXTFTX, FRMTXTWHL, FRMTXTLFD, FRMTXTART)
 VALUES('Tms300PnrKartei', 'start', 5, 111, 23, 1);
INSERT INTO TMSYSTEM.TMS103FRMTXT(FRMTXTFRM, FRMTXTBLK, FRMTXTFTX, FRMTXTWHL, FRMTXTLFD, FRMTXTART)
 VALUES('Tms300PnrKartei', 'start', 5, 424, 24, 1);
INSERT INTO TMSYSTEM.TMS103FRMTXT(FRMTXTFRM, FRMTXTBLK, FRMTXTFTX, FRMTXTWHL, FRMTXTLFD, FRMTXTART)
 VALUES('Tms300PnrKartei', 'start', 5, 422, 25, 1);
INSERT INTO TMSYSTEM.TMS103FRMTXT(FRMTXTFRM, FRMTXTBLK, FRMTXTFTX, FRMTXTWHL, FRMTXTLFD, FRMTXTART)
 VALUES('Tms300PnrKartei', 'start', 14060, 0, 26, 1);
INSERT INTO TMSYSTEM.TMS103FRMTXT(FRMTXTFRM, FRMTXTBLK, FRMTXTFTX, FRMTXTWHL, FRMTXTLFD, FRMTXTART)
 VALUES('Tms300PnrKartei', 'start', 5, 423, 27, 1);
INSERT INTO TMSYSTEM.TMS103FRMTXT(FRMTXTFRM, FRMTXTBLK, FRMTXTFTX, FRMTXTWHL, FRMTXTLFD, FRMTXTART)
VALUES('Tms300PnrKartei', 'start', 33203, 0, 28, 1);
INSERT INTO TMSYSTEM.TMS103FRMTXT(FRMTXTFRM, FRMTXTBLK, FRMTXTFTX, FRMTXTWHL, FRMTXTLFD, FRMTXTART)
VALUES('Tms300PnrKartei', 'start', 33216, 0, 29, 1);
INSERT INTO TMSYSTEM.TMS103FRMTXT(FRMTXTFRM, FRMTXTBLK, FRMTXTFTX, FRMTXTWHL, FRMTXTLFD, FRMTXTART)
VALUES('Tms300PnrKartei', 'start', 33208, 0, 30, 1);
INSERT INTO TMSYSTEM.TMS103FRMTXT(FRMTXTFRM, FRMTXTBLK, FRMTXTFTX, FRMTXTWHL, FRMTXTLFD, FRMTXTART)
VALUES('Tms300PnrKartei', 'start', 33209, 0, 31, 1);
INSERT INTO TMSYSTEM.TMS103FRMTXT(FRMTXTFRM, FRMTXTBLK, FRMTXTFTX, FRMTXTWHL, FRMTXTLFD, FRMTXTART)
VALUES('Tms300PnrKartei', 'start', 33210, 0, 32, 1);
INSERT INTO TMSYSTEM.TMS103FRMTXT(FRMTXTFRM, FRMTXTBLK, FRMTXTFTX, FRMTXTWHL, FRMTXTLFD, FRMTXTART)
VALUES('Tms300PnrKartei', 'start', 33212, 0, 33, 1);
INSERT INTO TMSYSTEM.TMS103FRMTXT(FRMTXTFRM, FRMTXTBLK, FRMTXTFTX, FRMTXTWHL, FRMTXTLFD, FRMTXTART)
VALUES('Tms300PnrKartei', 'start', 33213, 0, 34, 1);
INSERT INTO TMSYSTEM.TMS103FRMTXT(FRMTXTFRM, FRMTXTBLK, FRMTXTFTX, FRMTXTWHL, FRMTXTLFD, FRMTXTART)
VALUES('Tms300PnrKartei', 'start', 33214, 0, 35, 1);
INSERT INTO TMSYSTEM.TMS103FRMTXT(FRMTXTFRM, FRMTXTBLK, FRMTXTFTX, FRMTXTWHL, FRMTXTLFD, FRMTXTART)
VALUES('Tms300PnrKartei', 'start', 33224, 0, 36, 1);
INSERT INTO TMSYSTEM.TMS103FRMTXT(FRMTXTFRM, FRMTXTBLK, FRMTXTFTX, FRMTXTWHL, FRMTXTLFD, FRMTXTART)
VALUES('Tms300PnrKartei', 'start', 5, 15, 37, 1);
INSERT INTO TMSYSTEM.TMS103FRMTXT(FRMTXTFRM, FRMTXTBLK, FRMTXTFTX, FRMTXTWHL, FRMTXTLFD, FRMTXTART)
VALUES('Tms300PnrKartei', 'start', 5, 16, 38, 1);
INSERT INTO TMSYSTEM.TMS103FRMTXT(FRMTXTFRM, FRMTXTBLK, FRMTXTFTX, FRMTXTWHL, FRMTXTLFD, FRMTXTART)
VALUES('Tms300PnrKartei', 'start', 11, 1, 39, 1);
INSERT INTO TMSYSTEM.TMS103FRMTXT(FRMTXTFRM, FRMTXTBLK, FRMTXTFTX, FRMTXTWHL, FRMTXTLFD, FRMTXTART)
VALUES('Tms300PnrKartei', 'start', 11, 2, 40, 1);
INSERT INTO TMSYSTEM.TMS103FRMTXT(FRMTXTFRM, FRMTXTBLK, FRMTXTFTX, FRMTXTWHL, FRMTXTLFD, FRMTXTART)
VALUES('Tms300PnrKartei', 'start', 11, 3, 41, 1);
INSERT INTO TMSYSTEM.TMS103FRMTXT(FRMTXTFRM, FRMTXTBLK, FRMTXTFTX, FRMTXTWHL, FRMTXTLFD, FRMTXTART)
VALUES('Tms300PnrKartei', 'start', 11, 4, 42, 1);
INSERT INTO TMSYSTEM.TMS103FRMTXT(FRMTXTFRM, FRMTXTBLK, FRMTXTFTX, FRMTXTWHL, FRMTXTLFD, FRMTXTART)
VALUES('Tms300PnrKartei', 'start', 11, 5, 43, 1);
INSERT INTO TMSYSTEM.TMS103FRMTXT(FRMTXTFRM, FRMTXTBLK, FRMTXTFTX, FRMTXTWHL, FRMTXTLFD, FRMTXTART)
VALUES('Tms300PnrKartei', 'start', 11, 6, 44, 1);
INSERT INTO TMSYSTEM.TMS103FRMTXT(FRMTXTFRM, FRMTXTBLK, FRMTXTFTX, FRMTXTWHL, FRMTXTLFD, FRMTXTART)
VALUES('Tms300PnrKartei', 'start', 11, 7, 45, 1);
INSERT INTO TMSYSTEM.TMS103FRMTXT(FRMTXTFRM, FRMTXTBLK, FRMTXTFTX, FRMTXTWHL, FRMTXTLFD, FRMTXTART)
VALUES('Tms300PnrKartei', 'start', 11016, 1, 46, 1);
INSERT INTO TMSYSTEM.TMS103FRMTXT(FRMTXTFRM, FRMTXTBLK, FRMTXTFTX, FRMTXTWHL, FRMTXTLFD, FRMTXTART)
VALUES('Tms300PnrKartei', 'start', 11016, 2, 47, 1);
INSERT INTO TMSYSTEM.TMS103FRMTXT(FRMTXTFRM, FRMTXTBLK, FRMTXTFTX, FRMTXTWHL, FRMTXTLFD, FRMTXTART)
VALUES('Tms300PnrKartei', 'start', 11016, 3, 48, 1);
INSERT INTO TMSYSTEM.TMS103FRMTXT(FRMTXTFRM, FRMTXTBLK, FRMTXTFTX, FRMTXTWHL, FRMTXTLFD, FRMTXTART)
VALUES('Tms300PnrKartei', 'start', 11016, 4, 49, 1);
INSERT INTO TMSYSTEM.TMS103FRMTXT(FRMTXTFRM, FRMTXTBLK, FRMTXTFTX, FRMTXTWHL, FRMTXTLFD, FRMTXTART)
VALUES('Tms300PnrKartei', 'start', 11016, 5, 50, 1);
INSERT INTO TMSYSTEM.TMS103FRMTXT(FRMTXTFRM, FRMTXTBLK, FRMTXTFTX, FRMTXTWHL, FRMTXTLFD, FRMTXTART)
VALUES('Tms300PnrKartei', 'start', 11016, 6, 51, 1);
INSERT INTO TMSYSTEM.TMS103FRMTXT(FRMTXTFRM, FRMTXTBLK, FRMTXTFTX, FRMTXTWHL, FRMTXTLFD, FRMTXTART)
VALUES('Tms300PnrKartei', 'start', 11016, 7, 52, 1);
INSERT INTO TMSYSTEM.TMS103FRMTXT(FRMTXTFRM, FRMTXTBLK, FRMTXTFTX, FRMTXTWHL, FRMTXTLFD, FRMTXTART)
VALUES('Tms300PnrKartei', 'start', 11016, 8, 53, 1);
INSERT INTO TMSYSTEM.TMS103FRMTXT(FRMTXTFRM, FRMTXTBLK, FRMTXTFTX, FRMTXTWHL, FRMTXTLFD, FRMTXTART)
VALUES('Tms300PnrKartei', 'start', 11016, 9, 54, 1);
INSERT INTO TMSYSTEM.TMS103FRMTXT(FRMTXTFRM, FRMTXTBLK, FRMTXTFTX, FRMTXTWHL, FRMTXTLFD, FRMTXTART)
VALUES('Tms300PnrKartei', 'start', 11016, 10, 55, 1);
INSERT INTO TMSYSTEM.TMS103FRMTXT(FRMTXTFRM, FRMTXTBLK, FRMTXTFTX, FRMTXTWHL, FRMTXTLFD, FRMTXTART)
VALUES('Tms300PnrKartei', 'start', 11016, 11, 56, 1);
INSERT INTO TMSYSTEM.TMS103FRMTXT(FRMTXTFRM, FRMTXTBLK, FRMTXTFTX, FRMTXTWHL, FRMTXTLFD, FRMTXTART)
VALUES('Tms300PnrKartei', 'start', 11016, 12, 57, 1);
INSERT INTO TMSYSTEM.TMS103FRMTXT(FRMTXTFRM, FRMTXTBLK, FRMTXTFTX, FRMTXTWHL, FRMTXTLFD, FRMTXTART)
VALUES('Tms300PnrKartei', 'start', 700905, 0, 58, 1);
INSERT INTO TMSYSTEM.TMS103FRMTXT(FRMTXTFRM, FRMTXTBLK, FRMTXTFTX, FRMTXTWHL, FRMTXTLFD, FRMTXTART)
VALUES('Tms300PnrKartei', 'start', 5, 421, 59, 1);
INSERT INTO TMSYSTEM.TMS103FRMTXT(FRMTXTFRM, FRMTXTBLK, FRMTXTFTX, FRMTXTWHL, FRMTXTLFD, FRMTXTART)
VALUES('Tms300PnrKartei', 'start', 3, 1, 60, 1);
INSERT INTO TMSYSTEM.TMS103FRMTXT(FRMTXTFRM, FRMTXTBLK, FRMTXTFTX, FRMTXTWHL, FRMTXTLFD, FRMTXTART)
VALUES('Tms300PnrKartei', 'start', 3, 3, 61, 1);
INSERT INTO TMSYSTEM.TMS103FRMTXT(FRMTXTFRM, FRMTXTBLK, FRMTXTFTX, FRMTXTWHL, FRMTXTLFD, FRMTXTART)
VALUES('Tms300PnrKartei', 'start', 220001, 3, 62, 1);
INSERT INTO TMSYSTEM.TMS103FRMTXT(FRMTXTFRM, FRMTXTBLK, FRMTXTFTX, FRMTXTWHL, FRMTXTLFD, FRMTXTART)
VALUES('Tms300PnrKartei', 'start', 220001, 14, 63, 1);
INSERT INTO TMSYSTEM.TMS103FRMTXT(FRMTXTFRM, FRMTXTBLK, FRMTXTFTX, FRMTXTWHL, FRMTXTLFD, FRMTXTART)
VALUES('Tms300PnrKartei', 'start', 220001, 24, 64, 1);
INSERT INTO TMSYSTEM.TMS103FRMTXT(FRMTXTFRM, FRMTXTBLK, FRMTXTFTX, FRMTXTWHL, FRMTXTLFD, FRMTXTART)
VALUES('Tms300PnrKartei', 'start', 32022, 0, 65, 1);
INSERT INTO TMSYSTEM.TMS103FRMTXT(FRMTXTFRM, FRMTXTBLK, FRMTXTFTX, FRMTXTWHL, FRMTXTLFD, FRMTXTART)
VALUES('Tms300PnrKartei', 'start', 11, -9, 66, 1);
INSERT INTO TMSYSTEM.TMS103FRMTXT(FRMTXTFRM, FRMTXTBLK, FRMTXTFTX, FRMTXTWHL, FRMTXTLFD, FRMTXTART)
VALUES('Tms300PnrKartei', 'start', 10105, 0, 67, 1);
INSERT INTO TMSYSTEM.TMS103FRMTXT(FRMTXTFRM, FRMTXTBLK, FRMTXTFTX, FRMTXTWHL, FRMTXTLFD, FRMTXTART)
VALUES('Tms300PnrKartei', 'start', 32103, 0, 68, 1);
INSERT INTO TMSYSTEM.TMS103FRMTXT(FRMTXTFRM, FRMTXTBLK, FRMTXTFTX, FRMTXTWHL, FRMTXTLFD, FRMTXTART)
VALUES('Tms300PnrKartei', 'start', 13101, 0, 69, 1);
INSERT INTO TMSYSTEM.TMS103FRMTXT(FRMTXTFRM, FRMTXTBLK, FRMTXTFTX, FRMTXTWHL, FRMTXTLFD, FRMTXTART)
VALUES('Tms300PnrKartei', 'start', 6, 705, 70, 1);
INSERT INTO TMSYSTEM.TMS103FRMTXT(FRMTXTFRM, FRMTXTBLK, FRMTXTFTX, FRMTXTWHL, FRMTXTLFD, FRMTXTART)
VALUES('Tms300PnrKartei', 'start', 6, 752, 71, 1);
INSERT INTO TMSYSTEM.TMS103FRMTXT(FRMTXTFRM, FRMTXTBLK, FRMTXTFTX, FRMTXTWHL, FRMTXTLFD, FRMTXTART)
VALUES('Tms300PnrKartei', 'start', 6, 361, 72, 1);
INSERT INTO TMSYSTEM.TMS103FRMTXT(FRMTXTFRM, FRMTXTBLK, FRMTXTFTX, FRMTXTWHL, FRMTXTLFD, FRMTXTART)
VALUES('Tms300PnrKartei', 'start', 5, 3, 73, 1);
INSERT INTO TMSYSTEM.TMS103FRMTXT(FRMTXTFRM, FRMTXTBLK, FRMTXTFTX, FRMTXTWHL, FRMTXTLFD, FRMTXTART)
VALUES('Tms300PnrKartei', 'start', 400508, 0, 74, 1);
INSERT INTO TMSYSTEM.TMS103FRMTXT(FRMTXTFRM, FRMTXTBLK, FRMTXTFTX, FRMTXTWHL, FRMTXTLFD, FRMTXTART)
VALUES('Tms300PnrKartei', 'start', 300068, 14, 75, 1);
INSERT INTO TMSYSTEM.TMS103FRMTXT(FRMTXTFRM, FRMTXTBLK, FRMTXTFTX, FRMTXTWHL, FRMTXTLFD, FRMTXTART)
VALUES('Tms300PnrKartei', 'start', 300068, 15, 76, 1);
INSERT INTO TMSYSTEM.TMS103FRMTXT(FRMTXTFRM, FRMTXTBLK, FRMTXTFTX, FRMTXTWHL, FRMTXTLFD, FRMTXTART)
VALUES('Tms300PnrKartei', 'start', 300068, 16, 77, 1);
INSERT INTO TMSYSTEM.TMS103FRMTXT(FRMTXTFRM, FRMTXTBLK, FRMTXTFTX, FRMTXTWHL, FRMTXTLFD, FRMTXTART)
VALUES('Tms300PnrKartei', 'start', 300068, 17, 78, 1);
DELETE FROM TMSYSTEM.TMS103FRMTXT where FRMTXTFRM = 'verwaltungTxt';
INSERT INTO TMSYSTEM.TMS103FRMTXT(FRMTXTFRM, FRMTXTBLK, FRMTXTFTX, FRMTXTWHL, FRMTXTLFD, FRMTXTART) VALUES('verwaltungTxt', 'start', 9, 23, 0, 1);
INSERT INTO TMSYSTEM.TMS103FRMTXT(FRMTXTFRM, FRMTXTBLK, FRMTXTFTX, FRMTXTWHL, FRMTXTLFD, FRMTXTART) VALUES('verwaltungTxt', 'start',400052,0,1,1);
INSERT INTO TMSYSTEM.TMS103FRMTXT(FRMTXTFRM, FRMTXTBLK, FRMTXTFTX, FRMTXTWHL, FRMTXTLFD, FRMTXTART) VALUES('verwaltungTxt', 'start',400053,0,2,1);
INSERT INTO TMSYSTEM.TMS103FRMTXT(FRMTXTFRM, FRMTXTBLK, FRMTXTFTX, FRMTXTWHL, FRMTXTLFD, FRMTXTART) VALUES('verwaltungTxt', 'start', 12, 0, 3, 1);
INSERT INTO TMSYSTEM.TMS103FRMTXT(FRMTXTFRM, FRMTXTBLK, FRMTXTFTX, FRMTXTWHL, FRMTXTLFD, FRMTXTART) VALUES('verwaltungTxt', 'start', 9, 22, 4, 1);
INSERT INTO TMSYSTEM.TMS103FRMTXT(FRMTXTFRM, FRMTXTBLK, FRMTXTFTX, FRMTXTWHL, FRMTXTLFD, FRMTXTART) VALUES('verwaltungTxt', 'start', 5, 4, 5, 1);
INSERT INTO TMSYSTEM.TMS103FRMTXT(FRMTXTFRM, FRMTXTBLK, FRMTXTFTX, FRMTXTWHL, FRMTXTLFD, FRMTXTART) VALUES('verwaltungTxt', 'start', 5, 3, 6, 1);
INSERT INTO TMSYSTEM.TMS103FRMTXT(FRMTXTFRM, FRMTXTBLK, FRMTXTFTX, FRMTXTWHL, FRMTXTLFD, FRMTXTART) VALUES('verwaltungTxt', 'start', 10312,8, 7, 1);
INSERT INTO TMSYSTEM.TMS103FRMTXT(FRMTXTFRM, FRMTXTBLK, FRMTXTFTX, FRMTXTWHL, FRMTXTLFD, FRMTXTART) VALUES('verwaltungTxt', 'start', 10105,0, 8, 1);
INSERT INTO TMSYSTEM.TMS103FRMTXT(FRMTXTFRM, FRMTXTBLK, FRMTXTFTX, FRMTXTWHL, FRMTXTLFD, FRMTXTART) VALUES('verwaltungTxt', 'start', 6, 43,9, 1);
INSERT INTO TMSYSTEM.TMS103FRMTXT(FRMTXTFRM, FRMTXTBLK, FRMTXTFTX, FRMTXTWHL, FRMTXTLFD, FRMTXTART) VALUES('verwaltungTxt', 'start', 6, 370,10, 1);
INSERT INTO TMSYSTEM.TMS103FRMTXT(FRMTXTFRM, FRMTXTBLK, FRMTXTFTX, FRMTXTWHL, FRMTXTLFD, FRMTXTART) VALUES('verwaltungTxt', 'start',180102,9,11,1);
INSERT INTO TMSYSTEM.TMS103FRMTXT(FRMTXTFRM, FRMTXTBLK, FRMTXTFTX, FRMTXTWHL, FRMTXTLFD, FRMTXTART) VALUES('verwaltungTxt', 'start', 6, 753,12, 1);
INSERT INTO TMSYSTEM.TMS103FRMTXT(FRMTXTFRM, FRMTXTBLK, FRMTXTFTX, FRMTXTWHL, FRMTXTLFD, FRMTXTART) VALUES('verwaltungTxt', 'start', 6, 759,13, 1);
INSERT INTO TMSYSTEM.TMS103FRMTXT(FRMTXTFRM, FRMTXTBLK, FRMTXTFTX, FRMTXTWHL, FRMTXTLFD, FRMTXTART) VALUES('verwaltungTxt', 'start', 11, 1,14, 1);
INSERT INTO TMSYSTEM.TMS103FRMTXT(FRMTXTFRM, FRMTXTBLK, FRMTXTFTX, FRMTXTWHL, FRMTXTLFD, FRMTXTART) VALUES('verwaltungTxt', 'start', 11, 2,15, 1);
INSERT INTO TMSYSTEM.TMS103FRMTXT(FRMTXTFRM, FRMTXTBLK, FRMTXTFTX, FRMTXTWHL, FRMTXTLFD, FRMTXTART) VALUES('verwaltungTxt', 'start', 11, 3,16, 1);
INSERT INTO TMSYSTEM.TMS103FRMTXT(FRMTXTFRM, FRMTXTBLK, FRMTXTFTX, FRMTXTWHL, FRMTXTLFD, FRMTXTART) VALUES('verwaltungTxt', 'start', 11, 4,17, 1);
INSERT INTO TMSYSTEM.TMS103FRMTXT(FRMTXTFRM, FRMTXTBLK, FRMTXTFTX, FRMTXTWHL, FRMTXTLFD, FRMTXTART) VALUES('verwaltungTxt', 'start', 11, 5,18, 1);
INSERT INTO TMSYSTEM.TMS103FRMTXT(FRMTXTFRM, FRMTXTBLK, FRMTXTFTX, FRMTXTWHL, FRMTXTLFD, FRMTXTART) VALUES('verwaltungTxt', 'start', 11, 6,19, 1);
INSERT INTO TMSYSTEM.TMS103FRMTXT(FRMTXTFRM, FRMTXTBLK, FRMTXTFTX, FRMTXTWHL, FRMTXTLFD, FRMTXTART) VALUES('verwaltungTxt', 'start', 11, 7,20, 1);
INSERT INTO TMSYSTEM.TMS103FRMTXT(FRMTXTFRM, FRMTXTBLK, FRMTXTFTX, FRMTXTWHL, FRMTXTLFD, FRMTXTART) VALUES('verwaltungTxt', 'start', 5, 426, 21, 1);
INSERT INTO TMSYSTEM.TMS103FRMTXT(FRMTXTFRM, FRMTXTBLK, FRMTXTFTX, FRMTXTWHL, FRMTXTLFD, FRMTXTART) VALUES('verwaltungTxt', 'start',30001,0,22, 1);
INSERT INTO TMSYSTEM.TMS103FRMTXT(FRMTXTFRM, FRMTXTBLK, FRMTXTFTX, FRMTXTWHL, FRMTXTLFD, FRMTXTART) VALUES('verwaltungTxt', 'start', 5, 63, 23, 1);
INSERT INTO TMSYSTEM.TMS103FRMTXT(FRMTXTFRM, FRMTXTBLK, FRMTXTFTX, FRMTXTWHL, FRMTXTLFD, FRMTXTART) VALUES('verwaltungTxt', 'start', 6, 758, 24, 1);
INSERT INTO %SCHEMA%.TMS010TAZ(TAZDEF, TAZMSK) VALUES('Tms300PnrKartei', 'Tms300PnrKartei');
INSERT INTO TMSYSTEM.TMS102FTX(FTXNUM, FTXTYP, FTXLAN, FTXDEZ, FTXSTA) VALUES(220006, 2, 5, 0, 1);
INSERT INTO TMSYSTEM.TMS102WHL(FTXNUMSPR, FTXWHL, FTXSPR, FTXT50) VALUES(220006, 0, 1, 'Kommentar löschen');
INSERT INTO TMSYSTEM.TMS100TBS(TBSTNA, TBSLFD, TBSFNA, TBSFNR, TBSAUS, TBSBZG, TBSKEY, TBSIND, TBSMUS, TBSSTA)
VALUES('Tms300PnrKartei', 11, 'PktLoe', 220006, 0, 0, 0, 0, 0, 1);
INSERT INTO TMSYSTEM.TMS103FRM(FRMNAM, FRMLFD, FRMFLD, FRMBEA, FRMTXT, FRMBBR, FRMBXP, FRMBYP, FRMWBR, FRMWXP, FRMWYP, FRMAUF,
FRMPOS, FRMZRR, FRMSTA) VALUES('Tms300PnrKartei', 11, 'PktLoe', 5, 1, 0, 0, 0, 0, 0, 0, 0, 0, 0, 1);
INSERT INTO %SCHEMA%.G1302FRMRTELST(FRMRTENAM, FRMRTEFMR, FRMRTEFLD, FRMRTEDAR, FRMRTESTA, FRMRTEERF, FRMRTEBKZ, FRMRTEMDU)
SELECT FRENUM, 'Tms300PnrKartei', 'PktLoe', 3, 1, 'Timesys', 0, 0 FROM %SCHEMA%.O1301FRMRECHT
WHERE (select COUNT(*) from %SCHEMA%.G1301FRMRTE where FRMRTEFRM =  'Tms300PnrKartei' and FRENUM = FRMRTENUM) > 0;
DELETE FROM TMSYSTEM.TMS103FRMTXT where FRMTXTFRM = 'vorerkrankung';
INSERT INTO TMSYSTEM.TMS103FRMTXT(FRMTXTFRM, FRMTXTBLK, FRMTXTFTX, FRMTXTWHL, FRMTXTLFD, FRMTXTART)
VALUES('vorerkrankung', 'start', 5, 14, 0, 1);
INSERT INTO TMSYSTEM.TMS103FRMTXT(FRMTXTFRM, FRMTXTBLK, FRMTXTFTX, FRMTXTWHL, FRMTXTLFD, FRMTXTART)
VALUES('vorerkrankung', 'start', 400052,0,1,1);
INSERT INTO TMSYSTEM.TMS103FRMTXT(FRMTXTFRM, FRMTXTBLK, FRMTXTFTX, FRMTXTWHL, FRMTXTLFD, FRMTXTART)
VALUES('vorerkrankung', 'start',400053,0,2,1);
INSERT INTO TMSYSTEM.TMS103FRMTXT(FRMTXTFRM, FRMTXTBLK, FRMTXTFTX, FRMTXTWHL, FRMTXTLFD, FRMTXTART)
VALUES('vorerkrankung', 'start', 12, 0, 3, 1);
INSERT INTO TMSYSTEM.TMS103FRMTXT(FRMTXTFRM, FRMTXTBLK, FRMTXTFTX, FRMTXTWHL, FRMTXTLFD, FRMTXTART)
VALUES('vorerkrankung', 'start', 9, 22, 4, 1);
INSERT INTO TMSYSTEM.TMS103FRMTXT(FRMTXTFRM, FRMTXTBLK, FRMTXTFTX, FRMTXTWHL, FRMTXTLFD, FRMTXTART)
VALUES('vorerkrankung', 'start', 5, 4, 5, 1);
INSERT INTO TMSYSTEM.TMS103FRMTXT(FRMTXTFRM, FRMTXTBLK, FRMTXTFTX, FRMTXTWHL, FRMTXTLFD, FRMTXTART)
VALUES('vorerkrankung', 'start', 5, 3, 6, 1);
INSERT INTO TMSYSTEM.TMS103FRMTXT(FRMTXTFRM, FRMTXTBLK, FRMTXTFTX, FRMTXTWHL, FRMTXTLFD, FRMTXTART)
VALUES('vorerkrankung', 'start', 40823, 0, 7, 1);
INSERT INTO TMSYSTEM.TMS103FRMTXT(FRMTXTFRM, FRMTXTBLK, FRMTXTFTX, FRMTXTWHL, FRMTXTLFD, FRMTXTART)
VALUES('vorerkrankung', 'start', 5, 2, 8, 1);
INSERT INTO TMSYSTEM.TMS103FRMTXT(FRMTXTFRM, FRMTXTBLK, FRMTXTFTX, FRMTXTWHL, FRMTXTLFD, FRMTXTART)
VALUES('vorerkrankung', 'start', 6, 43, 9, 1);
INSERT INTO TMSYSTEM.TMS103FRMTXT(FRMTXTFRM, FRMTXTBLK, FRMTXTFTX, FRMTXTWHL, FRMTXTLFD, FRMTXTART)
VALUES('vorerkrankung', 'start', 6, 370, 10, 1);
INSERT INTO TMSYSTEM.TMS103FRMTXT(FRMTXTFRM, FRMTXTBLK, FRMTXTFTX, FRMTXTWHL, FRMTXTLFD, FRMTXTART)
VALUES('vorerkrankung', 'start', 11411, 0,11,1);
INSERT INTO TMSYSTEM.TMS103FRMTXT(FRMTXTFRM, FRMTXTBLK, FRMTXTFTX, FRMTXTWHL, FRMTXTLFD, FRMTXTART)
VALUES('vorerkrankung', 'start', 6, 753, 12, 1);
INSERT INTO TMSYSTEM.TMS103FRMTXT(FRMTXTFRM, FRMTXTBLK, FRMTXTFTX, FRMTXTWHL, FRMTXTLFD, FRMTXTART)
VALUES('vorerkrankung', 'start', 6, 385, 13, 1);
INSERT INTO TMSYSTEM.TMS103FRMTXT(FRMTXTFRM, FRMTXTBLK, FRMTXTFTX, FRMTXTWHL, FRMTXTLFD, FRMTXTART)
VALUES('vorerkrankung', 'start', 11, 1, 14, 1);
INSERT INTO TMSYSTEM.TMS103FRMTXT(FRMTXTFRM, FRMTXTBLK, FRMTXTFTX, FRMTXTWHL, FRMTXTLFD, FRMTXTART)
VALUES('vorerkrankung', 'start', 11, 2, 15, 1);
INSERT INTO TMSYSTEM.TMS103FRMTXT(FRMTXTFRM, FRMTXTBLK, FRMTXTFTX, FRMTXTWHL, FRMTXTLFD, FRMTXTART)
VALUES('vorerkrankung', 'start', 11, 3, 16, 1);
INSERT INTO TMSYSTEM.TMS103FRMTXT(FRMTXTFRM, FRMTXTBLK, FRMTXTFTX, FRMTXTWHL, FRMTXTLFD, FRMTXTART)
VALUES('vorerkrankung', 'start', 11, 4, 17, 1);
INSERT INTO TMSYSTEM.TMS103FRMTXT(FRMTXTFRM, FRMTXTBLK, FRMTXTFTX, FRMTXTWHL, FRMTXTLFD, FRMTXTART)
VALUES('vorerkrankung', 'start', 11, 5, 18, 1);
INSERT INTO TMSYSTEM.TMS103FRMTXT(FRMTXTFRM, FRMTXTBLK, FRMTXTFTX, FRMTXTWHL, FRMTXTLFD, FRMTXTART)
VALUES('vorerkrankung', 'start', 11, 6, 19, 1);
INSERT INTO TMSYSTEM.TMS103FRMTXT(FRMTXTFRM, FRMTXTBLK, FRMTXTFTX, FRMTXTWHL, FRMTXTLFD, FRMTXTART)
VALUES('vorerkrankung', 'start', 11, 7, 20, 1);
INSERT INTO TMSYSTEM.TMS103FRMTXT(FRMTXTFRM, FRMTXTBLK, FRMTXTFTX, FRMTXTWHL, FRMTXTLFD, FRMTXTART)
VALUES('vorerkrankung', 'start', 5, 427, 21, 1);
INSERT INTO TMSYSTEM.TMS103FRMTXT(FRMTXTFRM, FRMTXTBLK, FRMTXTFTX, FRMTXTWHL, FRMTXTLFD, FRMTXTART)
VALUES('vorerkrankung', 'start',30001,0,22,1);
INSERT INTO TMSYSTEM.TMS103FRMTXT(FRMTXTFRM, FRMTXTBLK, FRMTXTFTX, FRMTXTWHL, FRMTXTLFD, FRMTXTART)
VALUES('vorerkrankung', 'start',15404,0,23,1);
INSERT INTO TMSYSTEM.TMS103FRMTXT(FRMTXTFRM, FRMTXTBLK, FRMTXTFTX, FRMTXTWHL, FRMTXTLFD, FRMTXTART)
VALUES('vorerkrankung', 'start',13101,0,24,1);
INSERT INTO TMSYSTEM.TMS103FRMTXT(FRMTXTFRM, FRMTXTBLK, FRMTXTFTX, FRMTXTWHL, FRMTXTLFD, FRMTXTART)
VALUES('vorerkrankung', 'start', 5, 15, 25, 1);
INSERT INTO TMSYSTEM.TMS103FRMTXT(FRMTXTFRM, FRMTXTBLK, FRMTXTFTX, FRMTXTWHL, FRMTXTLFD, FRMTXTART)
VALUES('vorerkrankung', 'start', 5, 175, 26, 1);
INSERT INTO TMSYSTEM.TMS103FRMTXT(FRMTXTFRM, FRMTXTBLK, FRMTXTFTX, FRMTXTWHL, FRMTXTLFD, FRMTXTART)
VALUES('vorerkrankung', 'start', 5, 65, 27, 1);
INSERT INTO TMSYSTEM.TMS103FRMTXT(FRMTXTFRM, FRMTXTBLK, FRMTXTFTX, FRMTXTWHL, FRMTXTLFD, FRMTXTART)
VALUES('vorerkrankung', 'start', 6, 348, 28, 1);
INSERT INTO TMSYSTEM.TMS103FRMTXT(FRMTXTFRM, FRMTXTBLK, FRMTXTFTX, FRMTXTWHL, FRMTXTLFD, FRMTXTART)
VALUES('vorerkrankung', 'start', 6, 705, 29, 1);
INSERT INTO TMSYSTEM.TMS103FRMTXT(FRMTXTFRM, FRMTXTBLK, FRMTXTFTX, FRMTXTWHL, FRMTXTLFD, FRMTXTART)
VALUES('vorerkrankung', 'start', 6, 760, 30, 1);
-- Auftragsnummer : 161757 Zuständig: Golla --------------
INSERT INTO TMSYSTEM.O1201FORMULAR(FMRNUM, FMRART,FMRLNK,FMRFLD,FMRWHL,FMRTXT,FMRSTA,FMRMOD,FMRFRM,FMRRTE,FMRMNU,FMRMDL)
VALUES('PzmTagesdaten', 0, 'common/welcome.php', 120101, 248, 'tagesdaten Menue', 1, 3, 0, 0, 0, 3);
INSERT INTO TMSYSTEM.O1201FORMULAR(FMRNUM, FMRART, FMRLNK, FMRFLD, FMRWHL, FMRTXT, FMRSTA, FMRMOD, FMRFRM, FMRRTE, FMRMNU, FMRMDL)
VALUES('tageszuordnung', 0, 'pzm/tagesdaten/zuordnung/tageszuordnung.php', 120101, 130, 'tageszuordnung', 1, 3, 0, 0, 0, 3);
INSERT INTO TMSYSTEM.O1201FORMULAR(FMRNUM, FMRART, FMRLNK, FMRFLD, FMRWHL, FMRTXT, FMRSTA, FMRMOD, FMRFRM, FMRRTE, FMRMNU, FMRMDL)
VALUES('tagzuordnung', 0, 'pzm/tagesdaten/zuordnung/zuordnungMaske.php', 120101, 0, 'tageszuordnung', 1, 3, 0, 0, 0, 3);
INSERT INTO TMSYSTEM.O1201FORMULAR(FMRNUM, FMRART, FMRLNK, FMRFLD, FMRWHL, FMRTXT, FMRSTA, FMRMOD, FMRFRM, FMRRTE, FMRMNU, FMRMDL)
VALUES('tagesbuchung', 0, 'pzm/tagesdaten/buchung/tagesbuchung.php', 120101, 341, 'tagesbuchung', 1, 3, 0, 0, 0, 3);
INSERT INTO TMSYSTEM.O1201FORMULAR(FMRNUM, FMRART, FMRLNK, FMRFLD, FMRWHL, FMRTXT, FMRSTA, FMRMOD, FMRFRM, FMRRTE, FMRMNU, FMRMDL)
VALUES('tagesdatenajax', 0, 'pzm/tagesdaten/zuordnung/tageszuordnungAjax.php', 120101, 0, 'Tageszuordnung', 1, 3, 0, 0, 0, 3);
INSERT INTO TMSYSTEM.O1201FORMULAR(FMRNUM, FMRART, FMRLNK, FMRFLD, FMRWHL, FMRTXT, FMRSTA, FMRMOD, FMRFRM, FMRRTE, FMRMNU, FMRMDL)
VALUES('tagbuchung', 0, 'pzm/tagesdaten/buchung/buchungMaske.php', 120101, 0, 'tagesbuchung', 1, 3, 0, 0, 0, 3);
delete FROM %SCHEMA%.G1301FRMRTE WHERE FRMRTEFRM =  'tageszuordnung';
UPDATE %SCHEMA%.G1202MENUELST SET MELFRM='tagesbuchung' WHERE MELMEN='TIMENSION' AND MELPOS=2190;
INSERT INTO %SCHEMA%.G1202MENUELST(MELMEN, MELFRM, MELSFR, MELBEA, MELPOS, MELDAR, MELFLD, MELFFR)
VALUES('TIMENSION', 'tageszuordnung', NULL, 1, 2145, 1, NULL, 1);
INSERT INTO TMSYSTEM.O1803FRMSCHALTLST(FRMSFLFRM, FRMSFLSCH, FRMSFLFUN, FRMSFLSTA, FRMSFLERF)
VALUES('tageszuordnung', 'TMS001', NULL, 1, 'TIMESYS');
INSERT INTO TMSYSTEM.O1803FRMSCHALTLST(FRMSFLFRM, FRMSFLSCH, FRMSFLFUN, FRMSFLSTA, FRMSFLERF)
VALUES('tageszuordnung', 'TMS002', 'loadTerminalManager(''PZM'')', 1, 'TIMESYS');
INSERT INTO TMSYSTEM.O1803FRMSCHALTLST(FRMSFLFRM, FRMSFLSCH, FRMSFLFUN, FRMSFLSTA, FRMSFLERF)
VALUES('tageszuordnung', 'TMS003', 'goBack()', 1, 'TIMESYS');
INSERT INTO TMSYSTEM.O1803FRMSCHALTLST(FRMSFLFRM, FRMSFLSCH, FRMSFLFUN, FRMSFLSTA, FRMSFLERF)
VALUES('tageszuordnung', 'TMS004', 'goForward()', 1, 'TIMESYS');
INSERT INTO TMSYSTEM.O1803FRMSCHALTLST(FRMSFLFRM, FRMSFLSCH, FRMSFLFUN, FRMSFLSTA, FRMSFLERF)
VALUES('tageszuordnung', 'TMS005', NULL, 1, 'TIMESYS');
INSERT INTO TMSYSTEM.O1803FRMSCHALTLST(FRMSFLFRM, FRMSFLSCH, FRMSFLFUN, FRMSFLSTA, FRMSFLERF)
VALUES('tageszuordnung', 'TMS006', 'location.reload()', 1, 'TIMESYS');
INSERT INTO TMSYSTEM.O1803FRMSCHALTLST(FRMSFLFRM, FRMSFLSCH, FRMSFLFUN, FRMSFLSTA, FRMSFLERF)
VALUES('tageszuordnung', 'TMS007', 'goHome()', 1, 'TIMESYS');
INSERT INTO TMSYSTEM.O1803FRMSCHALTLST(FRMSFLFRM, FRMSFLSCH, FRMSFLFUN, FRMSFLSTA, FRMSFLERF)
VALUES('tageszuordnung', 'TMS009', 'helpMe()', 1, 'TIMESYS');
INSERT INTO TMSYSTEM.O1803FRMSCHALTLST(FRMSFLFRM, FRMSFLSCH, FRMSFLFUN, FRMSFLSTA, FRMSFLERF)
VALUES('tageszuordnung', 'TMS010', 'changeLanguage()', 1, 'TIMESYS');
INSERT INTO TMSYSTEM.O1803FRMSCHALTLST(FRMSFLFRM, FRMSFLSCH, FRMSFLFUN, FRMSFLSTA, FRMSFLERF)
VALUES('tageszuordnung', 'TMS011', 'changePassword()', 1, 'TIMESYS');
INSERT INTO TMSYSTEM.O1803FRMSCHALTLST(FRMSFLFRM, FRMSFLSCH, FRMSFLFUN, FRMSFLSTA, FRMSFLERF)
VALUES('tageszuordnung', 'TMS012', 'changeFirma()', 1, 'TIMESYS');
INSERT INTO TMSYSTEM.O1803FRMSCHALTLST(FRMSFLFRM, FRMSFLSCH, FRMSFLFUN, FRMSFLSTA, FRMSFLERF)
VALUES('tageszuordnung', 'TMS030', 'doLogout()', 1, 'TIMESYS');
INSERT INTO TMSYSTEM.O1803FRMSCHALTLST(FRMSFLFRM, FRMSFLSCH, FRMSFLFUN, FRMSFLSTA, FRMSFLERF)
VALUES('tageszuordnung', 'TMS033', 'myTimension()', 1, 'TIMESYS');
INSERT INTO TMSYSTEM.O1803FRMSCHALTLST(FRMSFLFRM, FRMSFLSCH, FRMSFLFUN, FRMSFLSTA, FRMSFLERF)
VALUES('tageszuordnung', 'TMS204', 'openNewTmWindow()', 1, 'TIMESYS');
INSERT INTO TMSYSTEM.O1803FRMSCHALTLST(FRMSFLFRM, FRMSFLSCH, FRMSFLFUN, FRMSFLSTA, FRMSFLERF)
VALUES('tageszuordnung', 'TMS067', 'listAendHistorie()',1, 'TIMESYS');
INSERT INTO TMSYSTEM.O1803FRMSCHALTLST(FRMSFLFRM, FRMSFLSCH, FRMSFLFUN, FRMSFLSTA, FRMSFLERF)
VALUES('tagesbuchung', 'TMS001', NULL, 1, 'TIMESYS');
INSERT INTO TMSYSTEM.O1803FRMSCHALTLST(FRMSFLFRM, FRMSFLSCH, FRMSFLFUN, FRMSFLSTA, FRMSFLERF)
VALUES('tagesbuchung', 'TMS002', 'loadTerminalManager(''PZM'')', 1, 'TIMESYS');
INSERT INTO TMSYSTEM.O1803FRMSCHALTLST(FRMSFLFRM, FRMSFLSCH, FRMSFLFUN, FRMSFLSTA, FRMSFLERF)
VALUES('tagesbuchung', 'TMS003', 'goBack()', 1, 'TIMESYS');
INSERT INTO TMSYSTEM.O1803FRMSCHALTLST(FRMSFLFRM, FRMSFLSCH, FRMSFLFUN, FRMSFLSTA, FRMSFLERF)
VALUES('tagesbuchung', 'TMS004', 'goForward()', 1, 'TIMESYS');
INSERT INTO TMSYSTEM.O1803FRMSCHALTLST(FRMSFLFRM, FRMSFLSCH, FRMSFLFUN, FRMSFLSTA, FRMSFLERF)
VALUES('tagesbuchung', 'TMS005', NULL, 1, 'TIMESYS');
INSERT INTO TMSYSTEM.O1803FRMSCHALTLST(FRMSFLFRM, FRMSFLSCH, FRMSFLFUN, FRMSFLSTA, FRMSFLERF)
VALUES('tagesbuchung', 'TMS006', 'location.reload()', 1, 'TIMESYS');
INSERT INTO TMSYSTEM.O1803FRMSCHALTLST(FRMSFLFRM, FRMSFLSCH, FRMSFLFUN, FRMSFLSTA, FRMSFLERF)
VALUES('tagesbuchung', 'TMS007', 'goHome()', 1, 'TIMESYS');
INSERT INTO TMSYSTEM.O1803FRMSCHALTLST(FRMSFLFRM, FRMSFLSCH, FRMSFLFUN, FRMSFLSTA, FRMSFLERF)
VALUES('tagesbuchung', 'TMS009', 'helpMe()', 1, 'TIMESYS');
INSERT INTO TMSYSTEM.O1803FRMSCHALTLST(FRMSFLFRM, FRMSFLSCH, FRMSFLFUN, FRMSFLSTA, FRMSFLERF)
VALUES('tagesbuchung', 'TMS010', 'changeLanguage()', 1, 'TIMESYS');
INSERT INTO TMSYSTEM.O1803FRMSCHALTLST(FRMSFLFRM, FRMSFLSCH, FRMSFLFUN, FRMSFLSTA, FRMSFLERF)
VALUES('tagesbuchung', 'TMS011', 'changePassword()', 1, 'TIMESYS');
INSERT INTO TMSYSTEM.O1803FRMSCHALTLST(FRMSFLFRM, FRMSFLSCH, FRMSFLFUN, FRMSFLSTA, FRMSFLERF)
VALUES('tagesbuchung', 'TMS012', 'changeFirma()', 1, 'TIMESYS');
INSERT INTO TMSYSTEM.O1803FRMSCHALTLST(FRMSFLFRM, FRMSFLSCH, FRMSFLFUN, FRMSFLSTA, FRMSFLERF)
VALUES('tagesbuchung', 'TMS030', 'doLogout()', 1, 'TIMESYS');
INSERT INTO TMSYSTEM.O1803FRMSCHALTLST(FRMSFLFRM, FRMSFLSCH, FRMSFLFUN, FRMSFLSTA, FRMSFLERF)
VALUES('tagesbuchung', 'TMS033', 'myTimension()', 1, 'TIMESYS');
INSERT INTO TMSYSTEM.O1803FRMSCHALTLST(FRMSFLFRM, FRMSFLSCH, FRMSFLFUN, FRMSFLSTA, FRMSFLERF)
VALUES('tagesbuchung', 'TMS204', 'openNewTmWindow()', 1, 'TIMESYS');
INSERT INTO %SCHEMA%.G1303FRMRTESCHALT(FRTSFLRTE, FRTSFLFRM, FRTSFLNUM, FRTSFLSTA, FRTSFLERF)
SELECT FRENUM, 'tageszuordnung', 'TMS001', 1, 'TIMESYS' FROM %SCHEMA%.O1301FRMRECHT
WHERE (select COUNT(*) from %SCHEMA%.G1301FRMRTE where FRMRTEFRM =  'tageszuordnung' and FRENUM = FRMRTENUM) > 0;
INSERT INTO %SCHEMA%.G1303FRMRTESCHALT(FRTSFLRTE, FRTSFLFRM, FRTSFLNUM, FRTSFLSTA, FRTSFLERF)
SELECT FRENUM, 'tageszuordnung', 'TMS002', 1, 'TIMESYS' FROM %SCHEMA%.O1301FRMRECHT
WHERE (select COUNT(*) from %SCHEMA%.G1301FRMRTE where FRMRTEFRM =  'tageszuordnung' and FRENUM = FRMRTENUM) > 0;
INSERT INTO %SCHEMA%.G1303FRMRTESCHALT(FRTSFLRTE, FRTSFLFRM, FRTSFLNUM, FRTSFLSTA, FRTSFLERF)
SELECT FRENUM, 'tageszuordnung', 'TMS003', 1, 'TIMESYS' FROM %SCHEMA%.O1301FRMRECHT
WHERE (select COUNT(*) from %SCHEMA%.G1301FRMRTE where FRMRTEFRM =  'tageszuordnung' and FRENUM = FRMRTENUM) > 0;
INSERT INTO %SCHEMA%.G1303FRMRTESCHALT(FRTSFLRTE, FRTSFLFRM, FRTSFLNUM, FRTSFLSTA, FRTSFLERF)
SELECT FRENUM, 'tageszuordnung', 'TMS004', 1, 'TIMESYS' FROM %SCHEMA%.O1301FRMRECHT
WHERE (select COUNT(*) from %SCHEMA%.G1301FRMRTE where FRMRTEFRM =  'tageszuordnung' and FRENUM = FRMRTENUM) > 0;
INSERT INTO %SCHEMA%.G1303FRMRTESCHALT(FRTSFLRTE, FRTSFLFRM, FRTSFLNUM, FRTSFLSTA, FRTSFLERF)
SELECT FRENUM, 'tageszuordnung', 'TMS005', 1, 'TIMESYS' FROM %SCHEMA%.O1301FRMRECHT
WHERE (select COUNT(*) from %SCHEMA%.G1301FRMRTE where FRMRTEFRM =  'tageszuordnung' and FRENUM = FRMRTENUM) > 0;
INSERT INTO %SCHEMA%.G1303FRMRTESCHALT(FRTSFLRTE, FRTSFLFRM, FRTSFLNUM, FRTSFLSTA, FRTSFLERF)
SELECT FRENUM, 'tageszuordnung', 'TMS006', 1, 'TIMESYS' FROM %SCHEMA%.O1301FRMRECHT
WHERE (select COUNT(*) from %SCHEMA%.G1301FRMRTE where FRMRTEFRM =  'tageszuordnung' and FRENUM = FRMRTENUM) > 0;
INSERT INTO %SCHEMA%.G1303FRMRTESCHALT(FRTSFLRTE, FRTSFLFRM, FRTSFLNUM, FRTSFLSTA, FRTSFLERF)
SELECT FRENUM, 'tageszuordnung', 'TMS007', 1, 'TIMESYS' FROM %SCHEMA%.O1301FRMRECHT
WHERE (select COUNT(*) from %SCHEMA%.G1301FRMRTE where FRMRTEFRM =  'tageszuordnung' and FRENUM = FRMRTENUM) > 0;
INSERT INTO %SCHEMA%.G1303FRMRTESCHALT(FRTSFLRTE, FRTSFLFRM, FRTSFLNUM, FRTSFLSTA, FRTSFLERF)
SELECT FRENUM, 'tageszuordnung', 'TMS009', 1, 'TIMESYS' FROM %SCHEMA%.O1301FRMRECHT
WHERE (select COUNT(*) from %SCHEMA%.G1301FRMRTE where FRMRTEFRM =  'tageszuordnung' and FRENUM = FRMRTENUM) > 0;
INSERT INTO %SCHEMA%.G1303FRMRTESCHALT(FRTSFLRTE, FRTSFLFRM, FRTSFLNUM, FRTSFLSTA, FRTSFLERF)
SELECT FRENUM, 'tageszuordnung', 'TMS010', 1, 'TIMESYS' FROM %SCHEMA%.O1301FRMRECHT
WHERE (select COUNT(*) from %SCHEMA%.G1301FRMRTE where FRMRTEFRM =  'tageszuordnung' and FRENUM = FRMRTENUM) > 0;
INSERT INTO %SCHEMA%.G1303FRMRTESCHALT(FRTSFLRTE, FRTSFLFRM, FRTSFLNUM, FRTSFLSTA, FRTSFLERF)
SELECT FRENUM, 'tageszuordnung', 'TMS011', 1, 'TIMESYS' FROM %SCHEMA%.O1301FRMRECHT
WHERE (select COUNT(*) from %SCHEMA%.G1301FRMRTE where FRMRTEFRM =  'tageszuordnung' and FRENUM = FRMRTENUM) > 0;
INSERT INTO %SCHEMA%.G1303FRMRTESCHALT(FRTSFLRTE, FRTSFLFRM, FRTSFLNUM, FRTSFLSTA, FRTSFLERF)
SELECT FRENUM, 'tageszuordnung', 'TMS012', 1, 'TIMESYS' FROM %SCHEMA%.O1301FRMRECHT
WHERE (select COUNT(*) from %SCHEMA%.G1301FRMRTE where FRMRTEFRM =  'tageszuordnung' and FRENUM = FRMRTENUM) > 0;
INSERT INTO %SCHEMA%.G1303FRMRTESCHALT(FRTSFLRTE, FRTSFLFRM, FRTSFLNUM, FRTSFLSTA, FRTSFLERF)
SELECT FRENUM, 'tageszuordnung', 'TMS030', 1, 'TIMESYS' FROM %SCHEMA%.O1301FRMRECHT
WHERE (select COUNT(*) from %SCHEMA%.G1301FRMRTE where FRMRTEFRM =  'tageszuordnung' and FRENUM = FRMRTENUM) > 0;
INSERT INTO %SCHEMA%.G1303FRMRTESCHALT(FRTSFLRTE, FRTSFLFRM, FRTSFLNUM, FRTSFLSTA, FRTSFLERF)
SELECT FRENUM, 'tageszuordnung', 'TMS033', 1, 'TIMESYS' FROM %SCHEMA%.O1301FRMRECHT
WHERE (select COUNT(*) from %SCHEMA%.G1301FRMRTE where FRMRTEFRM =  'tageszuordnung' and FRENUM = FRMRTENUM) > 0;
INSERT INTO %SCHEMA%.G1303FRMRTESCHALT(FRTSFLRTE, FRTSFLFRM, FRTSFLNUM, FRTSFLSTA, FRTSFLERF)
SELECT FRENUM, 'tageszuordnung', 'TMS204', 1, 'TIMESYS' FROM %SCHEMA%.O1301FRMRECHT
WHERE (select COUNT(*) from %SCHEMA%.G1301FRMRTE where FRMRTEFRM =  'tageszuordnung' and FRENUM = FRMRTENUM) > 0;
INSERT INTO %SCHEMA%.G1303FRMRTESCHALT(FRTSFLRTE, FRTSFLFRM, FRTSFLNUM, FRTSFLSTA, FRTSFLERF)
SELECT FRENUM, 'tageszuordnung', 'TMS067', 1, 'TIMESYS' FROM %SCHEMA%.O1301FRMRECHT
WHERE (select COUNT(*) from %SCHEMA%.G1301FRMRTE where FRMRTEFRM =  'tageszuordnung' and FRENUM = FRMRTENUM) > 0;
INSERT INTO %SCHEMA%.G1303FRMRTESCHALT(FRTSFLRTE, FRTSFLFRM, FRTSFLNUM, FRTSFLSTA, FRTSFLERF)
SELECT FRENUM, 'tagesbuchung', 'TMS001', 1, 'TIMESYS' FROM %SCHEMA%.O1301FRMRECHT
WHERE (select COUNT(*) from %SCHEMA%.G1301FRMRTE where FRMRTEFRM =  'tagesbuchung' and FRENUM = FRMRTENUM) > 0;
INSERT INTO %SCHEMA%.G1303FRMRTESCHALT(FRTSFLRTE, FRTSFLFRM, FRTSFLNUM, FRTSFLSTA, FRTSFLERF)
SELECT FRENUM, 'tagesbuchung', 'TMS002', 1, 'TIMESYS' FROM %SCHEMA%.O1301FRMRECHT
WHERE (select COUNT(*) from %SCHEMA%.G1301FRMRTE where FRMRTEFRM =  'tagesbuchung' and FRENUM = FRMRTENUM) > 0;
INSERT INTO %SCHEMA%.G1303FRMRTESCHALT(FRTSFLRTE, FRTSFLFRM, FRTSFLNUM, FRTSFLSTA, FRTSFLERF)
SELECT FRENUM, 'tagesbuchung', 'TMS003', 1, 'TIMESYS' FROM %SCHEMA%.O1301FRMRECHT
WHERE (select COUNT(*) from %SCHEMA%.G1301FRMRTE where FRMRTEFRM =  'tagesbuchung' and FRENUM = FRMRTENUM) > 0;
INSERT INTO %SCHEMA%.G1303FRMRTESCHALT(FRTSFLRTE, FRTSFLFRM, FRTSFLNUM, FRTSFLSTA, FRTSFLERF)
SELECT FRENUM, 'tagesbuchung', 'TMS004', 1, 'TIMESYS' FROM %SCHEMA%.O1301FRMRECHT
WHERE (select COUNT(*) from %SCHEMA%.G1301FRMRTE where FRMRTEFRM =  'tagesbuchung' and FRENUM = FRMRTENUM) > 0;
INSERT INTO %SCHEMA%.G1303FRMRTESCHALT(FRTSFLRTE, FRTSFLFRM, FRTSFLNUM, FRTSFLSTA, FRTSFLERF)
SELECT FRENUM, 'tagesbuchung', 'TMS005', 1, 'TIMESYS' FROM %SCHEMA%.O1301FRMRECHT
WHERE (select COUNT(*) from %SCHEMA%.G1301FRMRTE where FRMRTEFRM =  'tagesbuchung' and FRENUM = FRMRTENUM) > 0;
INSERT INTO %SCHEMA%.G1303FRMRTESCHALT(FRTSFLRTE, FRTSFLFRM, FRTSFLNUM, FRTSFLSTA, FRTSFLERF)
SELECT FRENUM, 'tagesbuchung', 'TMS006', 1, 'TIMESYS' FROM %SCHEMA%.O1301FRMRECHT
WHERE (select COUNT(*) from %SCHEMA%.G1301FRMRTE where FRMRTEFRM =  'tagesbuchung' and FRENUM = FRMRTENUM) > 0;
INSERT INTO %SCHEMA%.G1303FRMRTESCHALT(FRTSFLRTE, FRTSFLFRM, FRTSFLNUM, FRTSFLSTA, FRTSFLERF)
SELECT FRENUM, 'tagesbuchung', 'TMS007', 1, 'TIMESYS' FROM %SCHEMA%.O1301FRMRECHT
WHERE (select COUNT(*) from %SCHEMA%.G1301FRMRTE where FRMRTEFRM =  'tagesbuchung' and FRENUM = FRMRTENUM) > 0;
INSERT INTO %SCHEMA%.G1303FRMRTESCHALT(FRTSFLRTE, FRTSFLFRM, FRTSFLNUM, FRTSFLSTA, FRTSFLERF)
SELECT FRENUM, 'tagesbuchung', 'TMS009', 1, 'TIMESYS' FROM %SCHEMA%.O1301FRMRECHT
WHERE (select COUNT(*) from %SCHEMA%.G1301FRMRTE where FRMRTEFRM =  'tagesbuchung' and FRENUM = FRMRTENUM) > 0;
INSERT INTO %SCHEMA%.G1303FRMRTESCHALT(FRTSFLRTE, FRTSFLFRM, FRTSFLNUM, FRTSFLSTA, FRTSFLERF)
SELECT FRENUM, 'tagesbuchung', 'TMS010', 1, 'TIMESYS' FROM %SCHEMA%.O1301FRMRECHT
WHERE (select COUNT(*) from %SCHEMA%.G1301FRMRTE where FRMRTEFRM =  'tagesbuchung' and FRENUM = FRMRTENUM) > 0;
INSERT INTO %SCHEMA%.G1303FRMRTESCHALT(FRTSFLRTE, FRTSFLFRM, FRTSFLNUM, FRTSFLSTA, FRTSFLERF)
SELECT FRENUM, 'tagesbuchung', 'TMS011', 1, 'TIMESYS' FROM %SCHEMA%.O1301FRMRECHT
WHERE (select COUNT(*) from %SCHEMA%.G1301FRMRTE where FRMRTEFRM =  'tagesbuchung' and FRENUM = FRMRTENUM) > 0;
INSERT INTO %SCHEMA%.G1303FRMRTESCHALT(FRTSFLRTE, FRTSFLFRM, FRTSFLNUM, FRTSFLSTA, FRTSFLERF)
SELECT FRENUM, 'tagesbuchung', 'TMS012', 1, 'TIMESYS' FROM %SCHEMA%.O1301FRMRECHT
WHERE (select COUNT(*) from %SCHEMA%.G1301FRMRTE where FRMRTEFRM =  'tagesbuchung' and FRENUM = FRMRTENUM) > 0;
INSERT INTO %SCHEMA%.G1303FRMRTESCHALT(FRTSFLRTE, FRTSFLFRM, FRTSFLNUM, FRTSFLSTA, FRTSFLERF)
SELECT FRENUM, 'tagesbuchung', 'TMS030', 1, 'TIMESYS' FROM %SCHEMA%.O1301FRMRECHT
WHERE (select COUNT(*) from %SCHEMA%.G1301FRMRTE where FRMRTEFRM =  'tagesbuchung' and FRENUM = FRMRTENUM) > 0;
INSERT INTO %SCHEMA%.G1303FRMRTESCHALT(FRTSFLRTE, FRTSFLFRM, FRTSFLNUM, FRTSFLSTA, FRTSFLERF)
SELECT FRENUM, 'tagesbuchung', 'TMS033', 1, 'TIMESYS' FROM %SCHEMA%.O1301FRMRECHT
WHERE (select COUNT(*) from %SCHEMA%.G1301FRMRTE where FRMRTEFRM =  'tagesbuchung' and FRENUM = FRMRTENUM) > 0;
INSERT INTO %SCHEMA%.G1303FRMRTESCHALT(FRTSFLRTE, FRTSFLFRM, FRTSFLNUM, FRTSFLSTA, FRTSFLERF)
SELECT FRENUM, 'tagesbuchung', 'TMS204', 1, 'TIMESYS' FROM %SCHEMA%.O1301FRMRECHT
WHERE (select COUNT(*) from %SCHEMA%.G1301FRMRTE where FRMRTEFRM =  'tagesbuchung' and FRENUM = FRMRTENUM) > 0;
DELETE FROM TMSYSTEM.TMS103FRMTXT where FRMTXTFRM = 'tageszuordnung';
INSERT INTO TMSYSTEM.TMS103FRMTXT(FRMTXTFRM, FRMTXTBLK, FRMTXTFTX, FRMTXTWHL, FRMTXTLFD, FRMTXTART)
  VALUES('tageszuordnung', 'start', 120101, 130, 0, 1);
INSERT INTO TMSYSTEM.TMS103FRMTXT(FRMTXTFRM, FRMTXTBLK, FRMTXTFTX, FRMTXTWHL, FRMTXTLFD, FRMTXTART)
  VALUES('tageszuordnung', 'start', 9, 0, 1, 1);
INSERT INTO TMSYSTEM.TMS103FRMTXT(FRMTXTFRM, FRMTXTBLK, FRMTXTFTX, FRMTXTWHL, FRMTXTLFD, FRMTXTART)
  VALUES('tageszuordnung', 'start', 9, 1, 2, 1);
INSERT INTO TMSYSTEM.TMS103FRMTXT(FRMTXTFRM, FRMTXTBLK, FRMTXTFTX, FRMTXTWHL, FRMTXTLFD, FRMTXTART)
  VALUES('tageszuordnung', 'start', 9, 2, 3, 1);
INSERT INTO TMSYSTEM.TMS103FRMTXT(FRMTXTFRM, FRMTXTBLK, FRMTXTFTX, FRMTXTWHL, FRMTXTLFD, FRMTXTART)
  VALUES('tageszuordnung', 'start', 9, 3, 4, 1);
INSERT INTO TMSYSTEM.TMS103FRMTXT(FRMTXTFRM, FRMTXTBLK, FRMTXTFTX, FRMTXTWHL, FRMTXTLFD, FRMTXTART)
  VALUES('tageszuordnung', 'start', 9, 4, 5, 1);
INSERT INTO TMSYSTEM.TMS103FRMTXT(FRMTXTFRM, FRMTXTBLK, FRMTXTFTX, FRMTXTWHL, FRMTXTLFD, FRMTXTART)
  VALUES('tageszuordnung', 'start', 9, 5, 6, 1);
INSERT INTO TMSYSTEM.TMS103FRMTXT(FRMTXTFRM, FRMTXTBLK, FRMTXTFTX, FRMTXTWHL, FRMTXTLFD, FRMTXTART)
  VALUES('tageszuordnung', 'start', 9, 6, 7, 1);
INSERT INTO TMSYSTEM.TMS103FRMTXT(FRMTXTFRM, FRMTXTBLK, FRMTXTFTX, FRMTXTWHL, FRMTXTLFD, FRMTXTART)
  VALUES('tageszuordnung', 'start', 9, 8, 8, 1);
INSERT INTO TMSYSTEM.TMS103FRMTXT(FRMTXTFRM, FRMTXTBLK, FRMTXTFTX, FRMTXTWHL, FRMTXTLFD, FRMTXTART)
  VALUES('tageszuordnung', 'start', 9, 9, 9, 1);
INSERT INTO TMSYSTEM.TMS103FRMTXT(FRMTXTFRM, FRMTXTBLK, FRMTXTFTX, FRMTXTWHL, FRMTXTLFD, FRMTXTART)
  VALUES('tageszuordnung', 'start', 9, 11, 10, 1);
INSERT INTO TMSYSTEM.TMS103FRMTXT(FRMTXTFRM, FRMTXTBLK, FRMTXTFTX, FRMTXTWHL, FRMTXTLFD, FRMTXTART)
  VALUES('tageszuordnung', 'start', 9, 20, 11, 1);
INSERT INTO TMSYSTEM.TMS103FRMTXT(FRMTXTFRM, FRMTXTBLK, FRMTXTFTX, FRMTXTWHL, FRMTXTLFD, FRMTXTART)
  VALUES('tageszuordnung', 'start', 9, 21, 12, 1);
INSERT INTO TMSYSTEM.TMS103FRMTXT(FRMTXTFRM, FRMTXTBLK, FRMTXTFTX, FRMTXTWHL, FRMTXTLFD, FRMTXTART)
  VALUES('tageszuordnung', 'start', 9, 23, 13, 1);
INSERT INTO TMSYSTEM.TMS103FRMTXT(FRMTXTFRM, FRMTXTBLK, FRMTXTFTX, FRMTXTWHL, FRMTXTLFD, FRMTXTART)
  VALUES('tageszuordnung', 'start', 5, 126, 14, 1);
INSERT INTO TMSYSTEM.TMS103FRMTXT(FRMTXTFRM, FRMTXTBLK, FRMTXTFTX, FRMTXTWHL, FRMTXTLFD, FRMTXTART)
  VALUES('tageszuordnung', 'start', 5, 127, 15, 1);
INSERT INTO TMSYSTEM.TMS103FRMTXT(FRMTXTFRM, FRMTXTBLK, FRMTXTFTX, FRMTXTWHL, FRMTXTLFD, FRMTXTART)
 VALUES('tageszuordnung', 'start', 12, 0, 16, 1);
INSERT INTO TMSYSTEM.TMS103FRMTXT(FRMTXTFRM, FRMTXTBLK, FRMTXTFTX, FRMTXTWHL, FRMTXTLFD, FRMTXTART)
 VALUES('tageszuordnung', 'start', 120101, 213, 17, 1);
INSERT INTO TMSYSTEM.TMS103FRMTXT(FRMTXTFRM, FRMTXTBLK, FRMTXTFTX, FRMTXTWHL, FRMTXTLFD, FRMTXTART)
 VALUES('tageszuordnung', 'start', 5, 9, 18, 1);
INSERT INTO TMSYSTEM.TMS103FRMTXT(FRMTXTFRM, FRMTXTBLK, FRMTXTFTX, FRMTXTWHL, FRMTXTLFD, FRMTXTART)
 VALUES('tageszuordnung', 'start', 5, 16, 19, 1);
INSERT INTO TMSYSTEM.TMS103FRMTXT(FRMTXTFRM, FRMTXTBLK, FRMTXTFTX, FRMTXTWHL, FRMTXTLFD, FRMTXTART)
 VALUES('tageszuordnung', 'start', 5, 274, 20, 1);
INSERT INTO TMSYSTEM.TMS103FRMTXT(FRMTXTFRM, FRMTXTBLK, FRMTXTFTX, FRMTXTWHL, FRMTXTLFD, FRMTXTART)
 VALUES('tageszuordnung', 'start', 6, 58, 21, 1);
INSERT INTO TMSYSTEM.TMS103FRMTXT(FRMTXTFRM, FRMTXTBLK, FRMTXTFTX, FRMTXTWHL, FRMTXTLFD, FRMTXTART)
 VALUES('tageszuordnung', 'start', 6, 348, 22, 1);
INSERT INTO TMSYSTEM.TMS103FRMTXT(FRMTXTFRM, FRMTXTBLK, FRMTXTFTX, FRMTXTWHL, FRMTXTLFD, FRMTXTART)
 VALUES('tageszuordnung', 'start', 6, 370, 23, 1);
INSERT INTO TMSYSTEM.TMS103FRMTXT(FRMTXTFRM, FRMTXTBLK, FRMTXTFTX, FRMTXTWHL, FRMTXTLFD, FRMTXTART)
 VALUES('tageszuordnung', 'start', 6, 182, 24, 1);
INSERT INTO TMSYSTEM.TMS103FRMTXT(FRMTXTFRM, FRMTXTBLK, FRMTXTFTX, FRMTXTWHL, FRMTXTLFD, FRMTXTART)
 VALUES('tageszuordnung', 'start', 9, 12, 25, 1);
INSERT INTO TMSYSTEM.TMS103FRMTXT(FRMTXTFRM, FRMTXTBLK, FRMTXTFTX, FRMTXTWHL, FRMTXTLFD, FRMTXTART)
 VALUES('tageszuordnung', 'start', 30001, 0, 26, 1);
INSERT INTO TMSYSTEM.TMS103FRMTXT(FRMTXTFRM, FRMTXTBLK, FRMTXTFTX, FRMTXTWHL, FRMTXTLFD, FRMTXTART)
 VALUES('tageszuordnung', 'start', 30010, 0, 27, 1);
INSERT INTO TMSYSTEM.TMS103FRMTXT(FRMTXTFRM, FRMTXTBLK, FRMTXTFTX, FRMTXTWHL, FRMTXTLFD, FRMTXTART)
 VALUES('tageszuordnung', 'start', 13302, 0, 28, 1);
INSERT INTO TMSYSTEM.TMS103FRMTXT(FRMTXTFRM, FRMTXTBLK, FRMTXTFTX, FRMTXTWHL, FRMTXTLFD, FRMTXTART)
 VALUES('tageszuordnung', 'start', 12, 0, 29, 1);
INSERT INTO TMSYSTEM.TMS103FRMTXT(FRMTXTFRM, FRMTXTBLK, FRMTXTFTX, FRMTXTWHL, FRMTXTLFD, FRMTXTART)
 VALUES('tageszuordnung', 'start', 6, 385, 30, 1);
INSERT INTO TMSYSTEM.TMS103FRMTXT(FRMTXTFRM, FRMTXTBLK, FRMTXTFTX, FRMTXTWHL, FRMTXTLFD, FRMTXTART)
 VALUES('tageszuordnung', 'start', 14001, 0, 31, 1);
INSERT INTO TMSYSTEM.TMS103FRMTXT(FRMTXTFRM, FRMTXTBLK, FRMTXTFTX, FRMTXTWHL, FRMTXTLFD, FRMTXTART)
 VALUES('tageszuordnung', 'start', 16002, 0, 32, 1);
INSERT INTO TMSYSTEM.TMS103FRMTXT(FRMTXTFRM, FRMTXTBLK, FRMTXTFTX, FRMTXTWHL, FRMTXTLFD, FRMTXTART)
 VALUES('tageszuordnung', 'start', 13403, 0, 33, 1);
INSERT INTO TMSYSTEM.TMS103FRMTXT(FRMTXTFRM, FRMTXTBLK, FRMTXTFTX, FRMTXTWHL, FRMTXTLFD, FRMTXTART)
 VALUES('tageszuordnung', 'start', 6, 18, 34, 1);
DELETE FROM TMSYSTEM.TMS103FRMTXT where FRMTXTFRM = 'tagesbuchung';
INSERT INTO TMSYSTEM.TMS103FRMTXT(FRMTXTFRM, FRMTXTBLK, FRMTXTFTX, FRMTXTWHL, FRMTXTLFD, FRMTXTART)
  VALUES('tagesbuchung', 'start', 120101, 130, 0, 1);
INSERT INTO TMSYSTEM.TMS103FRMTXT(FRMTXTFRM, FRMTXTBLK, FRMTXTFTX, FRMTXTWHL, FRMTXTLFD, FRMTXTART)
  VALUES('tagesbuchung', 'start', 9, 0, 1, 1);
INSERT INTO TMSYSTEM.TMS103FRMTXT(FRMTXTFRM, FRMTXTBLK, FRMTXTFTX, FRMTXTWHL, FRMTXTLFD, FRMTXTART)
  VALUES('tagesbuchung', 'start', 9, 1, 2, 1);
INSERT INTO TMSYSTEM.TMS103FRMTXT(FRMTXTFRM, FRMTXTBLK, FRMTXTFTX, FRMTXTWHL, FRMTXTLFD, FRMTXTART)
  VALUES('tagesbuchung', 'start', 9, 2, 3, 1);
INSERT INTO TMSYSTEM.TMS103FRMTXT(FRMTXTFRM, FRMTXTBLK, FRMTXTFTX, FRMTXTWHL, FRMTXTLFD, FRMTXTART)
  VALUES('tagesbuchung', 'start', 9, 3, 4, 1);
INSERT INTO TMSYSTEM.TMS103FRMTXT(FRMTXTFRM, FRMTXTBLK, FRMTXTFTX, FRMTXTWHL, FRMTXTLFD, FRMTXTART)
  VALUES('tagesbuchung', 'start', 9, 4, 5, 1);
INSERT INTO TMSYSTEM.TMS103FRMTXT(FRMTXTFRM, FRMTXTBLK, FRMTXTFTX, FRMTXTWHL, FRMTXTLFD, FRMTXTART)
  VALUES('tagesbuchung', 'start', 9, 5, 6, 1);
INSERT INTO TMSYSTEM.TMS103FRMTXT(FRMTXTFRM, FRMTXTBLK, FRMTXTFTX, FRMTXTWHL, FRMTXTLFD, FRMTXTART)
  VALUES('tagesbuchung', 'start', 9, 6, 7, 1);
INSERT INTO TMSYSTEM.TMS103FRMTXT(FRMTXTFRM, FRMTXTBLK, FRMTXTFTX, FRMTXTWHL, FRMTXTLFD, FRMTXTART)
  VALUES('tagesbuchung', 'start', 9, 8, 8, 1);
INSERT INTO TMSYSTEM.TMS103FRMTXT(FRMTXTFRM, FRMTXTBLK, FRMTXTFTX, FRMTXTWHL, FRMTXTLFD, FRMTXTART)
  VALUES('tagesbuchung', 'start', 9, 9, 9, 1);
INSERT INTO TMSYSTEM.TMS103FRMTXT(FRMTXTFRM, FRMTXTBLK, FRMTXTFTX, FRMTXTWHL, FRMTXTLFD, FRMTXTART)
  VALUES('tagesbuchung', 'start', 9, 11, 10, 1);
INSERT INTO TMSYSTEM.TMS103FRMTXT(FRMTXTFRM, FRMTXTBLK, FRMTXTFTX, FRMTXTWHL, FRMTXTLFD, FRMTXTART)
  VALUES('tagesbuchung', 'start', 9, 20, 11, 1);
INSERT INTO TMSYSTEM.TMS103FRMTXT(FRMTXTFRM, FRMTXTBLK, FRMTXTFTX, FRMTXTWHL, FRMTXTLFD, FRMTXTART)
  VALUES('tagesbuchung', 'start', 9, 21, 12, 1);
INSERT INTO TMSYSTEM.TMS103FRMTXT(FRMTXTFRM, FRMTXTBLK, FRMTXTFTX, FRMTXTWHL, FRMTXTLFD, FRMTXTART)
  VALUES('tagesbuchung', 'start', 9, 23, 13, 1);
INSERT INTO TMSYSTEM.TMS103FRMTXT(FRMTXTFRM, FRMTXTBLK, FRMTXTFTX, FRMTXTWHL, FRMTXTLFD, FRMTXTART)
  VALUES('tagesbuchung', 'start', 5, 126, 14, 1);
INSERT INTO TMSYSTEM.TMS103FRMTXT(FRMTXTFRM, FRMTXTBLK, FRMTXTFTX, FRMTXTWHL, FRMTXTLFD, FRMTXTART)
  VALUES('tagesbuchung', 'start', 5, 127, 15, 1);
INSERT INTO TMSYSTEM.TMS103FRMTXT(FRMTXTFRM, FRMTXTBLK, FRMTXTFTX, FRMTXTWHL, FRMTXTLFD, FRMTXTART)
 VALUES('tagesbuchung', 'start', 12, 0, 16, 1);
INSERT INTO TMSYSTEM.TMS103FRMTXT(FRMTXTFRM, FRMTXTBLK, FRMTXTFTX, FRMTXTWHL, FRMTXTLFD, FRMTXTART)
 VALUES('tagesbuchung', 'start', 120101, 213, 17, 1);
INSERT INTO TMSYSTEM.TMS103FRMTXT(FRMTXTFRM, FRMTXTBLK, FRMTXTFTX, FRMTXTWHL, FRMTXTLFD, FRMTXTART)
 VALUES('tagesbuchung', 'start', 5, 9, 18, 1);
INSERT INTO TMSYSTEM.TMS103FRMTXT(FRMTXTFRM, FRMTXTBLK, FRMTXTFTX, FRMTXTWHL, FRMTXTLFD, FRMTXTART)
 VALUES('tagesbuchung', 'start', 5, 16, 19, 1);
INSERT INTO TMSYSTEM.TMS103FRMTXT(FRMTXTFRM, FRMTXTBLK, FRMTXTFTX, FRMTXTWHL, FRMTXTLFD, FRMTXTART)
 VALUES('tagesbuchung', 'start', 5, 274, 20, 1);
INSERT INTO TMSYSTEM.TMS103FRMTXT(FRMTXTFRM, FRMTXTBLK, FRMTXTFTX, FRMTXTWHL, FRMTXTLFD, FRMTXTART)
 VALUES('tagesbuchung', 'start', 6, 58, 21, 1);
INSERT INTO TMSYSTEM.TMS103FRMTXT(FRMTXTFRM, FRMTXTBLK, FRMTXTFTX, FRMTXTWHL, FRMTXTLFD, FRMTXTART)
 VALUES('tagesbuchung', 'start', 6, 348, 22, 1);
INSERT INTO TMSYSTEM.TMS103FRMTXT(FRMTXTFRM, FRMTXTBLK, FRMTXTFTX, FRMTXTWHL, FRMTXTLFD, FRMTXTART)
 VALUES('tagesbuchung', 'start', 6, 370, 23, 1);
INSERT INTO TMSYSTEM.TMS103FRMTXT(FRMTXTFRM, FRMTXTBLK, FRMTXTFTX, FRMTXTWHL, FRMTXTLFD, FRMTXTART)
 VALUES('tagesbuchung', 'start', 6, 182, 24, 1);
INSERT INTO TMSYSTEM.TMS103FRMTXT(FRMTXTFRM, FRMTXTBLK, FRMTXTFTX, FRMTXTWHL, FRMTXTLFD, FRMTXTART)
 VALUES('tagesbuchung', 'start', 9, 12, 25, 1);
INSERT INTO TMSYSTEM.TMS103FRMTXT(FRMTXTFRM, FRMTXTBLK, FRMTXTFTX, FRMTXTWHL, FRMTXTLFD, FRMTXTART)
 VALUES('tagesbuchung', 'start', 30001, 0, 26, 1);
INSERT INTO TMSYSTEM.TMS103FRMTXT(FRMTXTFRM, FRMTXTBLK, FRMTXTFTX, FRMTXTWHL, FRMTXTLFD, FRMTXTART)
 VALUES('tagesbuchung', 'start', 30010, 0, 27, 1);
INSERT INTO TMSYSTEM.TMS103FRMTXT(FRMTXTFRM, FRMTXTBLK, FRMTXTFTX, FRMTXTWHL, FRMTXTLFD, FRMTXTART)
 VALUES('tagesbuchung', 'start', 13302, 0, 28, 1);
INSERT INTO TMSYSTEM.TMS103FRMTXT(FRMTXTFRM, FRMTXTBLK, FRMTXTFTX, FRMTXTWHL, FRMTXTLFD, FRMTXTART)
 VALUES('tagesbuchung', 'start', 12, 0, 29, 1);
INSERT INTO TMSYSTEM.TMS103FRMTXT(FRMTXTFRM, FRMTXTBLK, FRMTXTFTX, FRMTXTWHL, FRMTXTLFD, FRMTXTART)
 VALUES('tagesbuchung', 'start', 6, 385, 30, 1);
INSERT INTO TMSYSTEM.TMS103FRMTXT(FRMTXTFRM, FRMTXTBLK, FRMTXTFTX, FRMTXTWHL, FRMTXTLFD, FRMTXTART)
 VALUES('tagesbuchung', 'start', 400705, 2, 31, 1);
INSERT INTO TMSYSTEM.TMS103FRMTXT(FRMTXTFRM, FRMTXTBLK, FRMTXTFTX, FRMTXTWHL, FRMTXTLFD, FRMTXTART)
 VALUES('tagesbuchung', 'start', 13101, 0, 32, 1);
INSERT INTO TMSYSTEM.TMS103FRMTXT(FRMTXTFRM, FRMTXTBLK, FRMTXTFTX, FRMTXTWHL, FRMTXTLFD, FRMTXTART)
 VALUES('tagesbuchung', 'start', 13102, 0, 33, 1);
INSERT INTO TMSYSTEM.TMS103FRMTXT(FRMTXTFRM, FRMTXTBLK, FRMTXTFTX, FRMTXTWHL, FRMTXTLFD, FRMTXTART)
 VALUES('tagesbuchung', 'start', 13135, 0, 34, 1);
INSERT INTO TMSYSTEM.TMS103FRMTXT(FRMTXTFRM, FRMTXTBLK, FRMTXTFTX, FRMTXTWHL, FRMTXTLFD, FRMTXTART)
 VALUES('tagesbuchung', 'start', 114001, 0, 35, 1);
INSERT INTO TMSYSTEM.TMS103FRMTXT(FRMTXTFRM, FRMTXTBLK, FRMTXTFTX, FRMTXTWHL, FRMTXTLFD, FRMTXTART)
 VALUES('tagesbuchung', 'start', 100301, 0, 36, 1);
INSERT INTO TMSYSTEM.TMS103FRMTXT(FRMTXTFRM, FRMTXTBLK, FRMTXTFTX, FRMTXTWHL, FRMTXTLFD, FRMTXTART)
VALUES('tagesbuchung', 'start', 6, 18, 37, 1);
DELETE FROM TMSYSTEM.TMS103FRMTXT where FRMTXTFRM = 'tagzuordnung';
INSERT INTO TMSYSTEM.TMS103FRMTXT(FRMTXTFRM, FRMTXTBLK, FRMTXTFTX, FRMTXTWHL, FRMTXTLFD, FRMTXTART)
 VALUES('tagzuordnung', 'start', 120101, 23, 1, 1);
INSERT INTO TMSYSTEM.TMS103FRMTXT(FRMTXTFRM, FRMTXTBLK, FRMTXTFTX, FRMTXTWHL, FRMTXTLFD, FRMTXTART)
 VALUES('tagzuordnung', 'start', 100101, 0, 2, 1);
INSERT INTO TMSYSTEM.TMS103FRMTXT(FRMTXTFRM, FRMTXTBLK, FRMTXTFTX, FRMTXTWHL, FRMTXTLFD, FRMTXTART)
 VALUES('tagzuordnung', 'start', 11, 1, 3, 1);
INSERT INTO TMSYSTEM.TMS103FRMTXT(FRMTXTFRM, FRMTXTBLK, FRMTXTFTX, FRMTXTWHL, FRMTXTLFD, FRMTXTART)
 VALUES('tagzuordnung', 'start', 11, 2, 4, 1);
INSERT INTO TMSYSTEM.TMS103FRMTXT(FRMTXTFRM, FRMTXTBLK, FRMTXTFTX, FRMTXTWHL, FRMTXTLFD, FRMTXTART)
 VALUES('tagzuordnung', 'start', 11, 3, 5, 1);
INSERT INTO TMSYSTEM.TMS103FRMTXT(FRMTXTFRM, FRMTXTBLK, FRMTXTFTX, FRMTXTWHL, FRMTXTLFD, FRMTXTART)
 VALUES('tagzuordnung', 'start', 11, 4, 6, 1);
INSERT INTO TMSYSTEM.TMS103FRMTXT(FRMTXTFRM, FRMTXTBLK, FRMTXTFTX, FRMTXTWHL, FRMTXTLFD, FRMTXTART)
VALUES('tagzuordnung', 'start', 11, 5, 7, 1);
INSERT INTO TMSYSTEM.TMS103FRMTXT(FRMTXTFRM, FRMTXTBLK, FRMTXTFTX, FRMTXTWHL, FRMTXTLFD, FRMTXTART)
VALUES('tagzuordnung', 'start', 11, 6, 8, 1);
INSERT INTO TMSYSTEM.TMS103FRMTXT(FRMTXTFRM, FRMTXTBLK, FRMTXTFTX, FRMTXTWHL, FRMTXTLFD, FRMTXTART)
VALUES('tagzuordnung', 'start', 11, 7, 9, 1);
INSERT INTO TMSYSTEM.TMS103FRMTXT(FRMTXTFRM, FRMTXTBLK, FRMTXTFTX, FRMTXTWHL, FRMTXTLFD, FRMTXTART)
VALUES('tagzuordnung', 'start', 15312, 0, 10, 1);
INSERT INTO TMSYSTEM.TMS103FRMTXT(FRMTXTFRM, FRMTXTBLK, FRMTXTFTX, FRMTXTWHL, FRMTXTLFD, FRMTXTART)
VALUES('tagzuordnung', 'start', 5, 4, 11, 1);
INSERT INTO TMSYSTEM.TMS103FRMTXT(FRMTXTFRM, FRMTXTBLK, FRMTXTFTX, FRMTXTWHL, FRMTXTLFD, FRMTXTART)
VALUES('tagzuordnung', 'start', 5, 5, 12, 1);
INSERT INTO TMSYSTEM.TMS103FRMTXT(FRMTXTFRM, FRMTXTBLK, FRMTXTFTX, FRMTXTWHL, FRMTXTLFD, FRMTXTART)
VALUES('tagzuordnung', 'start', 120101, 103, 13, 1);
INSERT INTO TMSYSTEM.TMS103FRMTXT(FRMTXTFRM, FRMTXTBLK, FRMTXTFTX, FRMTXTWHL, FRMTXTLFD, FRMTXTART)
VALUES('tagzuordnung', 'start', 120101, 101, 14, 1);
INSERT INTO TMSYSTEM.TMS103FRMTXT(FRMTXTFRM, FRMTXTBLK, FRMTXTFTX, FRMTXTWHL, FRMTXTLFD, FRMTXTART)
VALUES('tagzuordnung', 'start', 120101, 112, 15, 1);
INSERT INTO TMSYSTEM.TMS103FRMTXT(FRMTXTFRM, FRMTXTBLK, FRMTXTFTX, FRMTXTWHL, FRMTXTLFD, FRMTXTART)
VALUES('tagzuordnung', 'start', 16002, 0, 16, 1);
INSERT INTO TMSYSTEM.TMS103FRMTXT(FRMTXTFRM, FRMTXTBLK, FRMTXTFTX, FRMTXTWHL, FRMTXTLFD, FRMTXTART)
VALUES('tagzuordnung', 'start', 14001, 0, 17, 1);
INSERT INTO TMSYSTEM.TMS103FRMTXT(FRMTXTFRM, FRMTXTBLK, FRMTXTFTX, FRMTXTWHL, FRMTXTLFD, FRMTXTART)
VALUES('tagzuordnung', 'start', 9, 23, 18, 1);
INSERT INTO TMSYSTEM.TMS103FRMTXT(FRMTXTFRM, FRMTXTBLK, FRMTXTFTX, FRMTXTWHL, FRMTXTLFD, FRMTXTART)
VALUES('tagzuordnung', 'start', 10105, 0, 19, 1);
INSERT INTO TMSYSTEM.TMS103FRMTXT(FRMTXTFRM, FRMTXTBLK, FRMTXTFTX, FRMTXTWHL, FRMTXTLFD, FRMTXTART)
VALUES('tagzuordnung', 'start', 100301, 0, 20, 1);
INSERT INTO TMSYSTEM.TMS103FRMTXT(FRMTXTFRM, FRMTXTBLK, FRMTXTFTX, FRMTXTWHL, FRMTXTLFD, FRMTXTART)
VALUES('tagzuordnung', 'start', 100401, 0, 21, 1);
INSERT INTO TMSYSTEM.TMS103FRMTXT(FRMTXTFRM, FRMTXTBLK, FRMTXTFTX, FRMTXTWHL, FRMTXTLFD, FRMTXTART)
VALUES('tagzuordnung', 'start', 100201, 0, 22, 1);
INSERT INTO TMSYSTEM.TMS103FRMTXT(FRMTXTFRM, FRMTXTBLK, FRMTXTFTX, FRMTXTWHL, FRMTXTLFD, FRMTXTART)
VALUES('tagzuordnung', 'start', 13403, 0, 23, 1);
INSERT INTO TMSYSTEM.TMS103FRMTXT(FRMTXTFRM, FRMTXTBLK, FRMTXTFTX, FRMTXTWHL, FRMTXTLFD, FRMTXTART)
VALUES('tagzuordnung', 'start', 32901, 0, 24, 1);
INSERT INTO TMSYSTEM.TMS103FRMTXT(FRMTXTFRM, FRMTXTBLK, FRMTXTFTX, FRMTXTWHL, FRMTXTLFD, FRMTXTART)
VALUES('tagzuordnung', 'start', 32902, 0, 25, 1);
INSERT INTO TMSYSTEM.TMS103FRMTXT(FRMTXTFRM, FRMTXTBLK, FRMTXTFTX, FRMTXTWHL, FRMTXTLFD, FRMTXTART)
VALUES('tagzuordnung', 'start', 15730, 2, 26, 1);
INSERT INTO TMSYSTEM.TMS103FRMTXT(FRMTXTFRM, FRMTXTBLK, FRMTXTFTX, FRMTXTWHL, FRMTXTLFD, FRMTXTART)
VALUES('tagzuordnung', 'start', 6, 18, 27, 1);
INSERT INTO TMSYSTEM.TMS103FRMTXT(FRMTXTFRM, FRMTXTBLK, FRMTXTFTX, FRMTXTWHL, FRMTXTLFD, FRMTXTART)
VALUES('tagzuordnung', 'start', 6, 498, 28, 1);
INSERT INTO %SCHEMA%.TMS010TAZ(TAZDEF, TAZMSK) VALUES('tageszuordnung', 'tageszuordnung');
DELETE FROM TMSYSTEM.TMS103FRMTXT where FRMTXTFRM = 'tagbuchung';
INSERT INTO TMSYSTEM.TMS103FRMTXT(FRMTXTFRM, FRMTXTBLK, FRMTXTFTX, FRMTXTWHL, FRMTXTLFD, FRMTXTART)
 VALUES('tagbuchung', 'start', 120101, 23, 1, 1);
INSERT INTO TMSYSTEM.TMS103FRMTXT(FRMTXTFRM, FRMTXTBLK, FRMTXTFTX, FRMTXTWHL, FRMTXTLFD, FRMTXTART)
 VALUES('tagbuchung', 'start', 11, 1, 2, 1);
INSERT INTO TMSYSTEM.TMS103FRMTXT(FRMTXTFRM, FRMTXTBLK, FRMTXTFTX, FRMTXTWHL, FRMTXTLFD, FRMTXTART)
 VALUES('tagbuchung', 'start', 11, 2, 3, 1);
INSERT INTO TMSYSTEM.TMS103FRMTXT(FRMTXTFRM, FRMTXTBLK, FRMTXTFTX, FRMTXTWHL, FRMTXTLFD, FRMTXTART)
 VALUES('tagbuchung', 'start', 11, 3, 4, 1);
INSERT INTO TMSYSTEM.TMS103FRMTXT(FRMTXTFRM, FRMTXTBLK, FRMTXTFTX, FRMTXTWHL, FRMTXTLFD, FRMTXTART)
 VALUES('tagbuchung', 'start', 11, 4, 5, 1);
INSERT INTO TMSYSTEM.TMS103FRMTXT(FRMTXTFRM, FRMTXTBLK, FRMTXTFTX, FRMTXTWHL, FRMTXTLFD, FRMTXTART)
VALUES('tagbuchung', 'start', 11, 5, 6, 1);
INSERT INTO TMSYSTEM.TMS103FRMTXT(FRMTXTFRM, FRMTXTBLK, FRMTXTFTX, FRMTXTWHL, FRMTXTLFD, FRMTXTART)
VALUES('tagbuchung', 'start', 11, 6, 7, 1);
INSERT INTO TMSYSTEM.TMS103FRMTXT(FRMTXTFRM, FRMTXTBLK, FRMTXTFTX, FRMTXTWHL, FRMTXTLFD, FRMTXTART)
VALUES('tagbuchung', 'start', 11, 7, 8, 1);
INSERT INTO TMSYSTEM.TMS103FRMTXT(FRMTXTFRM, FRMTXTBLK, FRMTXTFTX, FRMTXTWHL, FRMTXTLFD, FRMTXTART)
VALUES('tagbuchung', 'start', 5, 4, 9, 1);
INSERT INTO TMSYSTEM.TMS103FRMTXT(FRMTXTFRM, FRMTXTBLK, FRMTXTFTX, FRMTXTWHL, FRMTXTLFD, FRMTXTART)
VALUES('tagbuchung', 'start', 9, 23, 10, 1);
INSERT INTO TMSYSTEM.TMS103FRMTXT(FRMTXTFRM, FRMTXTBLK, FRMTXTFTX, FRMTXTWHL, FRMTXTLFD, FRMTXTART)
VALUES('tagbuchung', 'start', 400705, 2, 11, 1);
INSERT INTO TMSYSTEM.TMS103FRMTXT(FRMTXTFRM, FRMTXTBLK, FRMTXTFTX, FRMTXTWHL, FRMTXTLFD, FRMTXTART)
VALUES('tagbuchung', 'start', 13101, 0, 12, 1);
INSERT INTO TMSYSTEM.TMS103FRMTXT(FRMTXTFRM, FRMTXTBLK, FRMTXTFTX, FRMTXTWHL, FRMTXTLFD, FRMTXTART)
VALUES('tagbuchung', 'start', 13101, 0, 13, 1);
INSERT INTO TMSYSTEM.TMS103FRMTXT(FRMTXTFRM, FRMTXTBLK, FRMTXTFTX, FRMTXTWHL, FRMTXTLFD, FRMTXTART)
VALUES('tagbuchung', 'start', 13102, 0, 14, 1);
INSERT INTO TMSYSTEM.TMS103FRMTXT(FRMTXTFRM, FRMTXTBLK, FRMTXTFTX, FRMTXTWHL, FRMTXTLFD, FRMTXTART)
VALUES('tagbuchung', 'start', 114001, 0, 15, 1);
INSERT INTO TMSYSTEM.TMS103FRMTXT(FRMTXTFRM, FRMTXTBLK, FRMTXTFTX, FRMTXTWHL, FRMTXTLFD, FRMTXTART)
VALUES('tagbuchung', 'start', 32101, 0, 16, 1);
INSERT INTO TMSYSTEM.O1201FORMULAR(FMRNUM, FMRART, FMRLNK, FMRFLD, FMRWHL, FMRTXT, FMRSTA, FMRMOD, FMRFRM, FMRRTE, FMRMNU, FMRMDL)
VALUES('kstwechsel', 0, 'pzm/kostenstellenwechsel/kstwechsel.php', 120101, 231, 'kstwechsel', 1, 3, 0, 0, 0, 3);
INSERT INTO TMSYSTEM.O1201FORMULAR(FMRNUM, FMRART, FMRLNK, FMRFLD, FMRWHL, FMRTXT, FMRSTA, FMRMOD, FMRFRM, FMRRTE, FMRMNU, FMRMDL)
VALUES('ksterfassung', 0, 'pzm/kostenstellenwechsel/kstwechselMaske.php', 120101, 231, 'kstwechsel', 1, 3, 0, 0, 0, 3);
INSERT INTO TMSYSTEM.O1201FORMULAR(FMRNUM, FMRART, FMRLNK, FMRFLD, FMRWHL, FMRTXT, FMRSTA, FMRMOD, FMRFRM, FMRRTE, FMRMNU, FMRMDL)
VALUES('kstajax', 0, 'pzm/kostenstellenwechsel/kstwechsel.ajax.php', 120101, 231, 'kstwechsel', 1, 3, 0, 0, 0, 3);
delete FROM %SCHEMA%.G1301FRMRTE WHERE FRMRTEFRM =  'kstwechsel';
INSERT INTO TMSYSTEM.O1803FRMSCHALTLST(FRMSFLFRM, FRMSFLSCH, FRMSFLFUN, FRMSFLSTA, FRMSFLERF)
VALUES('kstwechsel', 'TMS001', NULL, 1, 'TIMESYS');
INSERT INTO TMSYSTEM.O1803FRMSCHALTLST(FRMSFLFRM, FRMSFLSCH, FRMSFLFUN, FRMSFLSTA, FRMSFLERF)
VALUES('kstwechsel', 'TMS002', 'loadTerminalManager(''PZM'')', 1, 'TIMESYS');
INSERT INTO TMSYSTEM.O1803FRMSCHALTLST(FRMSFLFRM, FRMSFLSCH, FRMSFLFUN, FRMSFLSTA, FRMSFLERF)
VALUES('kstwechsel', 'TMS003', 'goBack()', 1, 'TIMESYS');
INSERT INTO TMSYSTEM.O1803FRMSCHALTLST(FRMSFLFRM, FRMSFLSCH, FRMSFLFUN, FRMSFLSTA, FRMSFLERF)
VALUES('kstwechsel', 'TMS004', 'goForward()', 1, 'TIMESYS');
INSERT INTO TMSYSTEM.O1803FRMSCHALTLST(FRMSFLFRM, FRMSFLSCH, FRMSFLFUN, FRMSFLSTA, FRMSFLERF)
VALUES('kstwechsel', 'TMS005', NULL, 1, 'TIMESYS');
INSERT INTO TMSYSTEM.O1803FRMSCHALTLST(FRMSFLFRM, FRMSFLSCH, FRMSFLFUN, FRMSFLSTA, FRMSFLERF)
VALUES('kstwechsel', 'TMS006', 'location.reload()', 1, 'TIMESYS');
INSERT INTO TMSYSTEM.O1803FRMSCHALTLST(FRMSFLFRM, FRMSFLSCH, FRMSFLFUN, FRMSFLSTA, FRMSFLERF)
VALUES('kstwechsel', 'TMS007', 'goHome()', 1, 'TIMESYS');
INSERT INTO TMSYSTEM.O1803FRMSCHALTLST(FRMSFLFRM, FRMSFLSCH, FRMSFLFUN, FRMSFLSTA, FRMSFLERF)
VALUES('kstwechsel', 'TMS009', 'helpMe()', 1, 'TIMESYS');
INSERT INTO TMSYSTEM.O1803FRMSCHALTLST(FRMSFLFRM, FRMSFLSCH, FRMSFLFUN, FRMSFLSTA, FRMSFLERF)
VALUES('kstwechsel', 'TMS010', 'changeLanguage()', 1, 'TIMESYS');
INSERT INTO TMSYSTEM.O1803FRMSCHALTLST(FRMSFLFRM, FRMSFLSCH, FRMSFLFUN, FRMSFLSTA, FRMSFLERF)
VALUES('kstwechsel', 'TMS011', 'changePassword()', 1, 'TIMESYS');
INSERT INTO TMSYSTEM.O1803FRMSCHALTLST(FRMSFLFRM, FRMSFLSCH, FRMSFLFUN, FRMSFLSTA, FRMSFLERF)
VALUES('kstwechsel', 'TMS012', 'changeFirma()', 1, 'TIMESYS');
INSERT INTO TMSYSTEM.O1803FRMSCHALTLST(FRMSFLFRM, FRMSFLSCH, FRMSFLFUN, FRMSFLSTA, FRMSFLERF)
VALUES('kstwechsel', 'TMS030', 'doLogout()', 1, 'TIMESYS');
INSERT INTO TMSYSTEM.O1803FRMSCHALTLST(FRMSFLFRM, FRMSFLSCH, FRMSFLFUN, FRMSFLSTA, FRMSFLERF)
VALUES('kstwechsel', 'TMS033', 'myTimension()', 1, 'TIMESYS');
INSERT INTO TMSYSTEM.O1803FRMSCHALTLST(FRMSFLFRM, FRMSFLSCH, FRMSFLFUN, FRMSFLSTA, FRMSFLERF)
VALUES('kstwechsel', 'TMS204', 'openNewTmWindow()', 1, 'TIMESYS');
INSERT INTO TMSYSTEM.O1803FRMSCHALTLST(FRMSFLFRM, FRMSFLSCH, FRMSFLFUN, FRMSFLSTA, FRMSFLERF)
VALUES('kstwechsel', 'TMS067', 'listAendHistorie()',1, 'TIMESYS');
DELETE FROM TMSYSTEM.TMS103FRMTXT where FRMTXTFRM = 'kstwechsel';
INSERT INTO TMSYSTEM.TMS103FRMTXT(FRMTXTFRM, FRMTXTBLK, FRMTXTFTX, FRMTXTWHL, FRMTXTLFD, FRMTXTART)
VALUES('kstwechsel', 'start', 120101, 231, 0, 1);
INSERT INTO TMSYSTEM.TMS103FRMTXT(FRMTXTFRM, FRMTXTBLK, FRMTXTFTX, FRMTXTWHL, FRMTXTLFD, FRMTXTART)
  VALUES('kstwechsel', 'start', 9, 0, 1, 1);
INSERT INTO TMSYSTEM.TMS103FRMTXT(FRMTXTFRM, FRMTXTBLK, FRMTXTFTX, FRMTXTWHL, FRMTXTLFD, FRMTXTART)
  VALUES('kstwechsel', 'start', 9, 1, 2, 1);
INSERT INTO TMSYSTEM.TMS103FRMTXT(FRMTXTFRM, FRMTXTBLK, FRMTXTFTX, FRMTXTWHL, FRMTXTLFD, FRMTXTART)
  VALUES('kstwechsel', 'start', 9, 2, 3, 1);
INSERT INTO TMSYSTEM.TMS103FRMTXT(FRMTXTFRM, FRMTXTBLK, FRMTXTFTX, FRMTXTWHL, FRMTXTLFD, FRMTXTART)
  VALUES('kstwechsel', 'start', 9, 3, 4, 1);
INSERT INTO TMSYSTEM.TMS103FRMTXT(FRMTXTFRM, FRMTXTBLK, FRMTXTFTX, FRMTXTWHL, FRMTXTLFD, FRMTXTART)
  VALUES('kstwechsel', 'start', 9, 4, 5, 1);
INSERT INTO TMSYSTEM.TMS103FRMTXT(FRMTXTFRM, FRMTXTBLK, FRMTXTFTX, FRMTXTWHL, FRMTXTLFD, FRMTXTART)
  VALUES('kstwechsel', 'start', 9, 5, 6, 1);
INSERT INTO TMSYSTEM.TMS103FRMTXT(FRMTXTFRM, FRMTXTBLK, FRMTXTFTX, FRMTXTWHL, FRMTXTLFD, FRMTXTART)
  VALUES('kstwechsel', 'start', 9, 6, 7, 1);
INSERT INTO TMSYSTEM.TMS103FRMTXT(FRMTXTFRM, FRMTXTBLK, FRMTXTFTX, FRMTXTWHL, FRMTXTLFD, FRMTXTART)
  VALUES('kstwechsel', 'start', 9, 8, 8, 1);
INSERT INTO TMSYSTEM.TMS103FRMTXT(FRMTXTFRM, FRMTXTBLK, FRMTXTFTX, FRMTXTWHL, FRMTXTLFD, FRMTXTART)
  VALUES('kstwechsel', 'start', 9, 9, 9, 1);
INSERT INTO TMSYSTEM.TMS103FRMTXT(FRMTXTFRM, FRMTXTBLK, FRMTXTFTX, FRMTXTWHL, FRMTXTLFD, FRMTXTART)
  VALUES('kstwechsel', 'start', 9, 11, 10, 1);
INSERT INTO TMSYSTEM.TMS103FRMTXT(FRMTXTFRM, FRMTXTBLK, FRMTXTFTX, FRMTXTWHL, FRMTXTLFD, FRMTXTART)
  VALUES('kstwechsel', 'start', 9, 20, 11, 1);
INSERT INTO TMSYSTEM.TMS103FRMTXT(FRMTXTFRM, FRMTXTBLK, FRMTXTFTX, FRMTXTWHL, FRMTXTLFD, FRMTXTART)
  VALUES('kstwechsel', 'start', 9, 21, 12, 1);
INSERT INTO TMSYSTEM.TMS103FRMTXT(FRMTXTFRM, FRMTXTBLK, FRMTXTFTX, FRMTXTWHL, FRMTXTLFD, FRMTXTART)
  VALUES('kstwechsel', 'start', 9, 23, 13, 1);
INSERT INTO TMSYSTEM.TMS103FRMTXT(FRMTXTFRM, FRMTXTBLK, FRMTXTFTX, FRMTXTWHL, FRMTXTLFD, FRMTXTART)
  VALUES('kstwechsel', 'start', 5, 126, 14, 1);
INSERT INTO TMSYSTEM.TMS103FRMTXT(FRMTXTFRM, FRMTXTBLK, FRMTXTFTX, FRMTXTWHL, FRMTXTLFD, FRMTXTART)
  VALUES('kstwechsel', 'start', 5, 127, 15, 1);
INSERT INTO TMSYSTEM.TMS103FRMTXT(FRMTXTFRM, FRMTXTBLK, FRMTXTFTX, FRMTXTWHL, FRMTXTLFD, FRMTXTART)
  VALUES('kstwechsel', 'start', 15, 0, 16, 1);
INSERT INTO TMSYSTEM.TMS103FRMTXT(FRMTXTFRM, FRMTXTBLK, FRMTXTFTX, FRMTXTWHL, FRMTXTLFD, FRMTXTART)
 VALUES('kstwechsel', 'start', 12, 0, 17, 1);
INSERT INTO TMSYSTEM.TMS103FRMTXT(FRMTXTFRM, FRMTXTBLK, FRMTXTFTX, FRMTXTWHL, FRMTXTLFD, FRMTXTART)
 VALUES('kstwechsel', 'start', 5, 407, 18, 1);
INSERT INTO TMSYSTEM.TMS103FRMTXT(FRMTXTFRM, FRMTXTBLK, FRMTXTFTX, FRMTXTWHL, FRMTXTLFD, FRMTXTART)
 VALUES('kstwechsel', 'start', 5, 409, 19, 1);
INSERT INTO TMSYSTEM.TMS103FRMTXT(FRMTXTFRM, FRMTXTBLK, FRMTXTFTX, FRMTXTWHL, FRMTXTLFD, FRMTXTART)
 VALUES('kstwechsel', 'start', 5, 9, 20, 1);
INSERT INTO TMSYSTEM.TMS103FRMTXT(FRMTXTFRM, FRMTXTBLK, FRMTXTFTX, FRMTXTWHL, FRMTXTLFD, FRMTXTART)
 VALUES('kstwechsel', 'start', 5, 15, 21, 1);
INSERT INTO TMSYSTEM.TMS103FRMTXT(FRMTXTFRM, FRMTXTBLK, FRMTXTFTX, FRMTXTWHL, FRMTXTLFD, FRMTXTART)
 VALUES('kstwechsel', 'start', 5, 16, 22, 1);
INSERT INTO TMSYSTEM.TMS103FRMTXT(FRMTXTFRM, FRMTXTBLK, FRMTXTFTX, FRMTXTWHL, FRMTXTLFD, FRMTXTART)
 VALUES('kstwechsel', 'start', 6, 103, 23, 1);
INSERT INTO TMSYSTEM.TMS103FRMTXT(FRMTXTFRM, FRMTXTBLK, FRMTXTFTX, FRMTXTWHL, FRMTXTLFD, FRMTXTART)
 VALUES('kstwechsel', 'start', 6, 58, 24, 1);
INSERT INTO TMSYSTEM.TMS103FRMTXT(FRMTXTFRM, FRMTXTBLK, FRMTXTFTX, FRMTXTWHL, FRMTXTLFD, FRMTXTART)
 VALUES('kstwechsel', 'start', 6, 348, 25, 1);
INSERT INTO TMSYSTEM.TMS103FRMTXT(FRMTXTFRM, FRMTXTBLK, FRMTXTFTX, FRMTXTWHL, FRMTXTLFD, FRMTXTART)
 VALUES('kstwechsel', 'start', 6, 370, 26, 1);
INSERT INTO TMSYSTEM.TMS103FRMTXT(FRMTXTFRM, FRMTXTBLK, FRMTXTFTX, FRMTXTWHL, FRMTXTLFD, FRMTXTART)
 VALUES('kstwechsel', 'start', 6, 182, 27, 1);
INSERT INTO TMSYSTEM.TMS103FRMTXT(FRMTXTFRM, FRMTXTBLK, FRMTXTFTX, FRMTXTWHL, FRMTXTLFD, FRMTXTART)
 VALUES('kstwechsel', 'start', 30001, 0, 28, 1);
INSERT INTO TMSYSTEM.TMS103FRMTXT(FRMTXTFRM, FRMTXTBLK, FRMTXTFTX, FRMTXTWHL, FRMTXTLFD, FRMTXTART)
 VALUES('kstwechsel', 'start', 30010, 0, 29, 1);
INSERT INTO TMSYSTEM.TMS103FRMTXT(FRMTXTFRM, FRMTXTBLK, FRMTXTFTX, FRMTXTWHL, FRMTXTLFD, FRMTXTART)
 VALUES('kstwechsel', 'start', 13302, 0, 30, 1);
INSERT INTO TMSYSTEM.TMS103FRMTXT(FRMTXTFRM, FRMTXTBLK, FRMTXTFTX, FRMTXTWHL, FRMTXTLFD, FRMTXTART)
 VALUES('kstwechsel', 'start', 9, 12, 31, 1);
INSERT INTO TMSYSTEM.TMS103FRMTXT(FRMTXTFRM, FRMTXTBLK, FRMTXTFTX, FRMTXTWHL, FRMTXTLFD, FRMTXTART)
 VALUES('kstwechsel', 'start', 12, 0, 32, 1);
INSERT INTO TMSYSTEM.TMS103FRMTXT(FRMTXTFRM, FRMTXTBLK, FRMTXTFTX, FRMTXTWHL, FRMTXTLFD, FRMTXTART)
 VALUES('kstwechsel', 'start', 6, 385, 33, 1);
INSERT INTO TMSYSTEM.TMS103FRMTXT(FRMTXTFRM, FRMTXTBLK, FRMTXTFTX, FRMTXTWHL, FRMTXTLFD, FRMTXTART)
 VALUES('kstwechsel', 'start', 6, 361, 34, 1);
INSERT INTO TMSYSTEM.TMS103FRMTXT(FRMTXTFRM, FRMTXTBLK, FRMTXTFTX, FRMTXTWHL, FRMTXTLFD, FRMTXTART)
 VALUES('kstwechsel', 'start', 6, 705, 35, 1);
INSERT INTO TMSYSTEM.TMS103FRMTXT(FRMTXTFRM, FRMTXTBLK, FRMTXTFTX, FRMTXTWHL, FRMTXTLFD, FRMTXTART)
 VALUES('kstwechsel', 'start', 5, 274, 36, 1);
INSERT INTO TMSYSTEM.TMS103FRMTXT(FRMTXTFRM, FRMTXTBLK, FRMTXTFTX, FRMTXTWHL, FRMTXTLFD, FRMTXTART)
 VALUES('kstwechsel', 'start', 400705, 2, 37, 1);
INSERT INTO TMSYSTEM.TMS103FRMTXT(FRMTXTFRM, FRMTXTBLK, FRMTXTFTX, FRMTXTWHL, FRMTXTLFD, FRMTXTART)
VALUES('kstwechsel', 'start', 5,405 , 38, 1);
INSERT INTO TMSYSTEM.TMS103FRMTXT(FRMTXTFRM, FRMTXTBLK, FRMTXTFTX, FRMTXTWHL, FRMTXTLFD, FRMTXTART)
VALUES('kstwechsel', 'start', 5,406 , 39, 1);
INSERT INTO TMSYSTEM.TMS103FRMTXT(FRMTXTFRM, FRMTXTBLK, FRMTXTFTX, FRMTXTWHL, FRMTXTLFD, FRMTXTART)
VALUES('kstwechsel', 'start', 5,410 , 40, 1);
INSERT INTO TMSYSTEM.TMS103FRMTXT(FRMTXTFRM, FRMTXTBLK, FRMTXTFTX, FRMTXTWHL, FRMTXTLFD, FRMTXTART)
VALUES('kstwechsel', 'start', 6,740 , 41, 1);
INSERT INTO TMSYSTEM.TMS103FRMTXT(FRMTXTFRM, FRMTXTBLK, FRMTXTFTX, FRMTXTWHL, FRMTXTLFD, FRMTXTART)
VALUES('kstwechsel', 'start', 5,408 , 42, 1);
INSERT INTO TMSYSTEM.TMS103FRMTXT(FRMTXTFRM, FRMTXTBLK, FRMTXTFTX, FRMTXTWHL, FRMTXTLFD, FRMTXTART)
VALUES('kstwechsel', 'start', 6,350 , 43, 1);
INSERT INTO TMSYSTEM.TMS103FRMTXT(FRMTXTFRM, FRMTXTBLK, FRMTXTFTX, FRMTXTWHL, FRMTXTLFD, FRMTXTART)
 VALUES('kstwechsel', 'start', 5, 4, 44, 1);
INSERT INTO TMSYSTEM.TMS103FRMTXT(FRMTXTFRM, FRMTXTBLK, FRMTXTFTX, FRMTXTWHL, FRMTXTLFD, FRMTXTART)
 VALUES('kstwechsel', 'start', 11, 1, 45, 1);
INSERT INTO TMSYSTEM.TMS103FRMTXT(FRMTXTFRM, FRMTXTBLK, FRMTXTFTX, FRMTXTWHL, FRMTXTLFD, FRMTXTART)
 VALUES('kstwechsel', 'start', 11, 2, 46, 1);
INSERT INTO TMSYSTEM.TMS103FRMTXT(FRMTXTFRM, FRMTXTBLK, FRMTXTFTX, FRMTXTWHL, FRMTXTLFD, FRMTXTART)
 VALUES('kstwechsel', 'start', 11, 3, 47, 1);
INSERT INTO TMSYSTEM.TMS103FRMTXT(FRMTXTFRM, FRMTXTBLK, FRMTXTFTX, FRMTXTWHL, FRMTXTLFD, FRMTXTART)
 VALUES('kstwechsel', 'start', 11, 4, 48, 1);
INSERT INTO TMSYSTEM.TMS103FRMTXT(FRMTXTFRM, FRMTXTBLK, FRMTXTFTX, FRMTXTWHL, FRMTXTLFD, FRMTXTART)
VALUES('kstwechsel', 'start', 11, 5, 49, 1);
INSERT INTO TMSYSTEM.TMS103FRMTXT(FRMTXTFRM, FRMTXTBLK, FRMTXTFTX, FRMTXTWHL, FRMTXTLFD, FRMTXTART)
VALUES('kstwechsel', 'start', 11, 6, 50, 1);
INSERT INTO TMSYSTEM.TMS103FRMTXT(FRMTXTFRM, FRMTXTBLK, FRMTXTFTX, FRMTXTWHL, FRMTXTLFD, FRMTXTART)
VALUES('kstwechsel', 'start', 11, 7, 51, 1);
INSERT INTO TMSYSTEM.TMS103FRMTXT(FRMTXTFRM, FRMTXTBLK, FRMTXTFTX, FRMTXTWHL, FRMTXTLFD, FRMTXTART)
VALUES('kstwechsel', 'start', 6, 731, 52, 1);
INSERT INTO TMSYSTEM.TMS103FRMTXT(FRMTXTFRM, FRMTXTBLK, FRMTXTFTX, FRMTXTWHL, FRMTXTLFD, FRMTXTART)
VALUES('kstwechsel', 'start', 132002, 0, 53, 1);
INSERT INTO TMSYSTEM.TMS103FRMTXT(FRMTXTFRM, FRMTXTBLK, FRMTXTFTX, FRMTXTWHL, FRMTXTLFD, FRMTXTART)
VALUES('kstwechsel', 'start', 10105, 0, 54, 1);
INSERT INTO TMSYSTEM.TMS103FRMTXT(FRMTXTFRM, FRMTXTBLK, FRMTXTFTX, FRMTXTWHL, FRMTXTLFD, FRMTXTART)
VALUES('kstwechsel', 'start', 5, 3, 55, 1);
INSERT INTO TMSYSTEM.TMS103FRMTXT(FRMTXTFRM, FRMTXTBLK, FRMTXTFTX, FRMTXTWHL, FRMTXTLFD, FRMTXTART)
VALUES('kstwechsel', 'start', 5, 5, 56, 1);
INSERT INTO TMSYSTEM.TMS103FRMTXT(FRMTXTFRM, FRMTXTBLK, FRMTXTFTX, FRMTXTWHL, FRMTXTLFD, FRMTXTART)
VALUES('kstwechsel', 'start', 120106, 11, 57, 1);
INSERT INTO TMSYSTEM.TMS103FRMTXT(FRMTXTFRM, FRMTXTBLK, FRMTXTFTX, FRMTXTWHL, FRMTXTLFD, FRMTXTART)
 VALUES('PzmTagesKorrektur_1', 'start', 9, 4, 50, 1);
INSERT INTO TMSYSTEM.TMS102WHL(FTXNUMSPR, FTXWHL, FTXSPR, FTXDOK)
VALUES(6, 730, 1, 'Die Liste kann nicht erstellt werden. Es konnten keine Daten geladen werden. ');
INSERT INTO %SCHEMA%.TMS010TAZ(TAZDEF, TAZMSK) VALUES('kstwechsel', 'kstwechsel');
UPDATE %SCHEMA%.O3000PRF SET PRFFNA='ZnwKst', PRFFNR= 11422, PRFWHL=0, PRFTXT= 'Kostenstelle'
WHERE PRFFRM='TmsZeitnachweis2' AND PRFLFD=21;
UPDATE %SCHEMA%.G1202MENUELST SET MELFRM = 'kstwechsel' WHERE MELPOS = 2810;
-- Auftragsnummer : 161831 Zuständig: Kowalsky --------------
INSERT INTO TMSYSTEM.TMS102FTX(FTXNUM, FTXTYP, FTXLAN, FTXDEZ, FTXSTA, FTXERF)
  VALUES(700045, 1, 5, 0, 1, 'TIMESYS');
INSERT INTO TMSYSTEM.TMS102WHL(FTXNUMSPR, FTXWHL, FTXSPR, FTXT50, FTXT30, FTXT10, FTXT05, FTXMSK, FTXDOK, FTXPRG, FTXCLS, FTXSTASPR, FTXERFSPR)
  VALUES(700045, 0, 1, 'Besetzung neu/&auml;ndern', NULL, NULL, NULL, 3, NULL, NULL, NULL, 1, 'TIMESYS-0382');
INSERT INTO tmsystem.tms103frmtxt(FRMTXTFRM, FRMTXTBLK, FRMTXTFTX, FRMTXTWHL, FRMTXTLFD, FRMTXTART)
  VALUES('TmsPepBesetzung', 'start', 120101, 292, 44, 1);
INSERT INTO tmsystem.tms103frmtxt(FRMTXTFRM, FRMTXTBLK, FRMTXTFTX, FRMTXTWHL, FRMTXTLFD, FRMTXTART)
  VALUES('TmsPepBesetzung', 'start', 12, 0, 45, 1);
INSERT INTO tmsystem.tms103frmtxt(FRMTXTFRM, FRMTXTBLK, FRMTXTFTX, FRMTXTWHL, FRMTXTLFD, FRMTXTART)
  VALUES('TmsPepBesetzung', 'start', 15312, 0, 46, 1);
INSERT INTO tmsystem.tms103frmtxt(FRMTXTFRM, FRMTXTBLK, FRMTXTFTX, FRMTXTWHL, FRMTXTLFD, FRMTXTART)
  VALUES('TmsPepBesetzung', 'start', 730005, 0, 47, 1);
INSERT INTO tmsystem.tms103frmtxt(FRMTXTFRM, FRMTXTBLK, FRMTXTFTX, FRMTXTWHL, FRMTXTLFD, FRMTXTART)
  VALUES('TmsPepBesetzung', 'start', 730006, 0, 48, 1);
INSERT INTO tmsystem.tms103frmtxt(FRMTXTFRM, FRMTXTBLK, FRMTXTFTX, FRMTXTWHL, FRMTXTLFD, FRMTXTART)
  VALUES('TmsPepBesetzung', 'start', 730015, 0, 49, 1);
INSERT INTO tmsystem.tms103frmtxt(FRMTXTFRM, FRMTXTBLK, FRMTXTFTX, FRMTXTWHL, FRMTXTLFD, FRMTXTART)
  VALUES('TmsPepBesetzung', 'start', 730016, 0, 50, 1);
INSERT INTO tmsystem.tms103frmtxt(FRMTXTFRM, FRMTXTBLK, FRMTXTFTX, FRMTXTWHL, FRMTXTLFD, FRMTXTART)
  VALUES('TmsPepBesetzung', 'start', 730011, 0, 51, 1);
INSERT INTO tmsystem.tms103frmtxt(FRMTXTFRM, FRMTXTBLK, FRMTXTFTX, FRMTXTWHL, FRMTXTLFD, FRMTXTART)
  VALUES('TmsPepBesetzung', 'start', 5, 352, 52, 1);
INSERT INTO tmsystem.tms103frmtxt(FRMTXTFRM, FRMTXTBLK, FRMTXTFTX, FRMTXTWHL, FRMTXTLFD, FRMTXTART)
  VALUES('TmsPepBesetzung', 'start', 13311, 0, 53, 1);
INSERT INTO tmsystem.tms103frmtxt(FRMTXTFRM, FRMTXTBLK, FRMTXTFTX, FRMTXTWHL, FRMTXTLFD, FRMTXTART)
  VALUES('TmsPepBesetzung', 'start', 5, 353, 54, 1);
INSERT INTO tmsystem.tms103frmtxt(FRMTXTFRM, FRMTXTBLK, FRMTXTFTX, FRMTXTWHL, FRMTXTLFD, FRMTXTART)
  VALUES('TmsPepBesetzung', 'start', 5, 354, 55, 1);
INSERT INTO tmsystem.tms103frmtxt(FRMTXTFRM, FRMTXTBLK, FRMTXTFTX, FRMTXTWHL, FRMTXTLFD, FRMTXTART)
  VALUES('TmsPepBesetzung', 'start', 6, 675, 56, 1);
INSERT INTO tmsystem.tms103frmtxt(FRMTXTFRM, FRMTXTBLK, FRMTXTFTX, FRMTXTWHL, FRMTXTLFD, FRMTXTART)
  VALUES('TmsPepBesetzung', 'start', 6, 676, 57, 1);
INSERT INTO tmsystem.tms103frmtxt(FRMTXTFRM, FRMTXTBLK, FRMTXTFTX, FRMTXTWHL, FRMTXTLFD, FRMTXTART)
  VALUES('TmsPepBesetzung', 'start', 6, 677, 58, 1);
INSERT INTO tmsystem.tms103frmtxt(FRMTXTFRM, FRMTXTBLK, FRMTXTFTX, FRMTXTWHL, FRMTXTLFD, FRMTXTART)
  VALUES('TmsPepTafel', 'start', 5, 5, 74, 1);
INSERT INTO tmsystem.tms103frmtxt(FRMTXTFRM, FRMTXTBLK, FRMTXTFTX, FRMTXTWHL, FRMTXTLFD, FRMTXTART)
  VALUES('TmsPepTafel', 'start', 5, 3, 75, 1);
INSERT INTO tmsystem.tms103frmtxt(FRMTXTFRM, FRMTXTBLK, FRMTXTFTX, FRMTXTWHL, FRMTXTLFD, FRMTXTART)
  VALUES('TmsPepTafel', 'start', 700037, 0, 76, 1);
INSERT INTO tmsystem.tms103frmtxt(FRMTXTFRM, FRMTXTBLK, FRMTXTFTX, FRMTXTWHL, FRMTXTLFD, FRMTXTART)
  VALUES('TmsPepTafel', 'start', 700045, 0, 77, 1);
INSERT INTO tmsystem.tms103frmtxt(FRMTXTFRM, FRMTXTBLK, FRMTXTFTX, FRMTXTWHL, FRMTXTLFD, FRMTXTART)
  VALUES('TmsPepTafel', 'start', 700030, 11, 78, 1);
INSERT INTO tmsystem.tms103frmtxt(FRMTXTFRM, FRMTXTBLK, FRMTXTFTX, FRMTXTWHL, FRMTXTLFD, FRMTXTART)
  VALUES('TmsPepTafel', 'start', 730011, 1, 79, 1);
INSERT INTO tmsystem.tms103frmtxt(FRMTXTFRM, FRMTXTBLK, FRMTXTFTX, FRMTXTWHL, FRMTXTLFD, FRMTXTART)
  VALUES('TmsPepTafel', 'start', 730011, 2, 80, 1);
-- Auftragsnummer : 161873 Zuständig: Golla --------------
INSERT INTO TMSYSTEM.O1201FORMULAR(FMRNUM, FMRART, FMRLNK, FMRFLD, FMRWHL, FMRTXT, FMRSTA, FMRMOD, FMRFRM, FMRRTE, FMRMNU, FMRMDL)
VALUES('manBerechnung', 0, 'pzm/manNeuberechnung/manNeuberechnung.php', 120101, 217, 'manBerechnung', 1, 3, 0, 0, 0, 3);
update TMSYSTEM.O1201FORMULAR SET FMRLNK = 'pzm/manNeuberechnung/manNeuberechnung.php' where FMRNUM = 'manBerechnung';
delete FROM %SCHEMA%.G1301FRMRTE WHERE FRMRTEFRM =  'manBerechnung';
INSERT INTO TMSYSTEM.O1803FRMSCHALTLST(FRMSFLFRM, FRMSFLSCH, FRMSFLFUN, FRMSFLSTA, FRMSFLERF)
  VALUES('manBerechnung', 'TMS001', NULL, 1, 'TIMESYS');
INSERT INTO TMSYSTEM.O1803FRMSCHALTLST(FRMSFLFRM, FRMSFLSCH, FRMSFLFUN, FRMSFLSTA, FRMSFLERF)
  VALUES('manBerechnung', 'TMS002', 'loadTerminalManager(''PZM'')', 1, 'TIMESYS');
INSERT INTO TMSYSTEM.O1803FRMSCHALTLST(FRMSFLFRM, FRMSFLSCH, FRMSFLFUN, FRMSFLSTA, FRMSFLERF)
  VALUES('manBerechnung', 'TMS003', 'goBack()', 1, 'TIMESYS');
INSERT INTO TMSYSTEM.O1803FRMSCHALTLST(FRMSFLFRM, FRMSFLSCH, FRMSFLFUN, FRMSFLSTA, FRMSFLERF)
  VALUES('manBerechnung', 'TMS004', 'goForward()', 1, 'TIMESYS');
INSERT INTO TMSYSTEM.O1803FRMSCHALTLST(FRMSFLFRM, FRMSFLSCH, FRMSFLFUN, FRMSFLSTA, FRMSFLERF)
  VALUES('manBerechnung', 'TMS005', NULL, 1, 'TIMESYS');
INSERT INTO TMSYSTEM.O1803FRMSCHALTLST(FRMSFLFRM, FRMSFLSCH, FRMSFLFUN, FRMSFLSTA, FRMSFLERF)
  VALUES('manBerechnung', 'TMS006', 'location.reload()', 1, 'TIMESYS');
INSERT INTO TMSYSTEM.O1803FRMSCHALTLST(FRMSFLFRM, FRMSFLSCH, FRMSFLFUN, FRMSFLSTA, FRMSFLERF)
  VALUES('manBerechnung', 'TMS007', 'goHome()', 1, 'TIMESYS');
INSERT INTO TMSYSTEM.O1803FRMSCHALTLST(FRMSFLFRM, FRMSFLSCH, FRMSFLFUN, FRMSFLSTA, FRMSFLERF)
  VALUES('manBerechnung', 'TMS009', 'helpMe()', 1, 'TIMESYS');
INSERT INTO TMSYSTEM.O1803FRMSCHALTLST(FRMSFLFRM, FRMSFLSCH, FRMSFLFUN, FRMSFLSTA, FRMSFLERF)
  VALUES('manBerechnung', 'TMS010', 'changeLanguage()', 1, 'TIMESYS');
INSERT INTO TMSYSTEM.O1803FRMSCHALTLST(FRMSFLFRM, FRMSFLSCH, FRMSFLFUN, FRMSFLSTA, FRMSFLERF)
  VALUES('manBerechnung', 'TMS011', 'changePassword()', 1, 'TIMESYS');
INSERT INTO TMSYSTEM.O1803FRMSCHALTLST(FRMSFLFRM, FRMSFLSCH, FRMSFLFUN, FRMSFLSTA, FRMSFLERF)
  VALUES('manBerechnung', 'TMS012', 'changeFirma()', 1, 'TIMESYS');
INSERT INTO TMSYSTEM.O1803FRMSCHALTLST(FRMSFLFRM, FRMSFLSCH, FRMSFLFUN, FRMSFLSTA, FRMSFLERF)
  VALUES('manBerechnung', 'TMS030', 'doLogout()', 1, 'TIMESYS');
INSERT INTO TMSYSTEM.O1803FRMSCHALTLST(FRMSFLFRM, FRMSFLSCH, FRMSFLFUN, FRMSFLSTA, FRMSFLERF)
  VALUES('manBerechnung', 'TMS033', 'myTimension()', 1, 'TIMESYS');
INSERT INTO TMSYSTEM.O1803FRMSCHALTLST(FRMSFLFRM, FRMSFLSCH, FRMSFLFUN, FRMSFLSTA, FRMSFLERF)
  VALUES('manBerechnung', 'TMS066', 'changeNavigation()', 1, 'TIMESYS');
INSERT INTO TMSYSTEM.O1803FRMSCHALTLST(FRMSFLFRM, FRMSFLSCH, FRMSFLFUN, FRMSFLSTA, FRMSFLERF)
  VALUES('manBerechnung', 'TMS067', 'listAendHistorie()', 1, 'TIMESYS');
INSERT INTO TMSYSTEM.O1803FRMSCHALTLST(FRMSFLFRM, FRMSFLSCH, FRMSFLFUN, FRMSFLSTA, FRMSFLERF)
  VALUES('manBerechnung', 'TMS068', 'mapprotokoll()', 1, 'TIMESYS');
INSERT INTO TMSYSTEM.O1803FRMSCHALTLST(FRMSFLFRM, FRMSFLSCH, FRMSFLFUN, FRMSFLSTA, FRMSFLERF)
  VALUES('manBerechnung', 'TMS204', 'openNewTmWindow()', 1, 'TIMESYS');
INSERT INTO TMSYSTEM.O1803FRMSCHALTLST(FRMSFLFRM, FRMSFLSCH, FRMSFLFUN, FRMSFLSTA, FRMSFLERF)
  VALUES('manBerechnung', 'TMS205', 'clickTmMessage()', 1, 'TIMESYS');
INSERT INTO %SCHEMA%.G1303FRMRTESCHALT(FRTSFLRTE, FRTSFLFRM, FRTSFLNUM, FRTSFLSTA, FRTSFLERF)
SELECT FRENUM, 'manBerechnung', 'TMS068', 1, 'TIMESYS' FROM %SCHEMA%.O1301FRMRECHT
WHERE (select COUNT(*) from %SCHEMA%.G1301FRMRTE where FRMRTEFRM =  'manBerechnung' and FRENUM = FRMRTENUM) > 0;
update %SCHEMA%.G1202MENUELST set MELFRM = 'manBerechnung' where   MELFRM = 'PzmNeuberechnung';
DELETE FROM TMSYSTEM.TMS103FRMTXT where FRMTXTFRM = 'manBerechnung';
INSERT INTO TMSYSTEM.TMS103FRMTXT(FRMTXTFRM, FRMTXTBLK, FRMTXTFTX, FRMTXTWHL, FRMTXTLFD, FRMTXTART)
VALUES('manBerechnung', 'start', 120101, 866, 0, 1);
INSERT INTO TMSYSTEM.TMS103FRMTXT(FRMTXTFRM, FRMTXTBLK, FRMTXTFTX, FRMTXTWHL, FRMTXTLFD, FRMTXTART)
VALUES('manBerechnung', 'start', 9, 0, 1, 1);
INSERT INTO TMSYSTEM.TMS103FRMTXT(FRMTXTFRM, FRMTXTBLK, FRMTXTFTX, FRMTXTWHL, FRMTXTLFD, FRMTXTART)
VALUES('manBerechnung', 'start', 9, 1, 2, 1);
INSERT INTO TMSYSTEM.TMS103FRMTXT(FRMTXTFRM, FRMTXTBLK, FRMTXTFTX, FRMTXTWHL, FRMTXTLFD, FRMTXTART)
VALUES('manBerechnung', 'start', 9, 2, 3, 1);
INSERT INTO TMSYSTEM.TMS103FRMTXT(FRMTXTFRM, FRMTXTBLK, FRMTXTFTX, FRMTXTWHL, FRMTXTLFD, FRMTXTART)
VALUES('manBerechnung', 'start', 9, 3, 4, 1);
INSERT INTO TMSYSTEM.TMS103FRMTXT(FRMTXTFRM, FRMTXTBLK, FRMTXTFTX, FRMTXTWHL, FRMTXTLFD, FRMTXTART)
VALUES('manBerechnung', 'start', 9, 4, 5, 1);
INSERT INTO TMSYSTEM.TMS103FRMTXT(FRMTXTFRM, FRMTXTBLK, FRMTXTFTX, FRMTXTWHL, FRMTXTLFD, FRMTXTART)
VALUES('manBerechnung', 'start', 9, 5, 6, 1);
INSERT INTO TMSYSTEM.TMS103FRMTXT(FRMTXTFRM, FRMTXTBLK, FRMTXTFTX, FRMTXTWHL, FRMTXTLFD, FRMTXTART)
VALUES('manBerechnung', 'start', 9, 6, 7, 1);
INSERT INTO TMSYSTEM.TMS103FRMTXT(FRMTXTFRM, FRMTXTBLK, FRMTXTFTX, FRMTXTWHL, FRMTXTLFD, FRMTXTART)
VALUES('manBerechnung', 'start', 9, 8, 8, 1);
INSERT INTO TMSYSTEM.TMS103FRMTXT(FRMTXTFRM, FRMTXTBLK, FRMTXTFTX, FRMTXTWHL, FRMTXTLFD, FRMTXTART)
VALUES('manBerechnung', 'start', 9, 9, 9, 1);
INSERT INTO TMSYSTEM.TMS103FRMTXT(FRMTXTFRM, FRMTXTBLK, FRMTXTFTX, FRMTXTWHL, FRMTXTLFD, FRMTXTART)
VALUES('manBerechnung', 'start', 9, 11, 10, 1);
INSERT INTO TMSYSTEM.TMS103FRMTXT(FRMTXTFRM, FRMTXTBLK, FRMTXTFTX, FRMTXTWHL, FRMTXTLFD, FRMTXTART)
VALUES('manBerechnung', 'start', 9, 20, 11, 1);
INSERT INTO TMSYSTEM.TMS103FRMTXT(FRMTXTFRM, FRMTXTBLK, FRMTXTFTX, FRMTXTWHL, FRMTXTLFD, FRMTXTART)
VALUES('manBerechnung', 'start', 9, 21, 12, 1);
INSERT INTO TMSYSTEM.TMS103FRMTXT(FRMTXTFRM, FRMTXTBLK, FRMTXTFTX, FRMTXTWHL, FRMTXTLFD, FRMTXTART)
VALUES('manBerechnung', 'start', 9, 23, 13, 1);
INSERT INTO TMSYSTEM.TMS103FRMTXT(FRMTXTFRM, FRMTXTBLK, FRMTXTFTX, FRMTXTWHL, FRMTXTLFD, FRMTXTART)
VALUES('manBerechnung', 'start', 5, 126, 14, 1);
INSERT INTO TMSYSTEM.TMS103FRMTXT(FRMTXTFRM, FRMTXTBLK, FRMTXTFTX, FRMTXTWHL, FRMTXTLFD, FRMTXTART)
VALUES('manBerechnung', 'start', 5, 127, 15, 1);
INSERT INTO TMSYSTEM.TMS103FRMTXT(FRMTXTFRM, FRMTXTBLK, FRMTXTFTX, FRMTXTWHL, FRMTXTLFD, FRMTXTART)
VALUES('manBerechnung', 'start', 10, 0, 16, 1);
INSERT INTO TMSYSTEM.TMS103FRMTXT(FRMTXTFRM, FRMTXTBLK, FRMTXTFTX, FRMTXTWHL, FRMTXTLFD, FRMTXTART)
VALUES('manBerechnung', 'start', 12, 0, 17, 1);
INSERT INTO TMSYSTEM.TMS103FRMTXT(FRMTXTFRM, FRMTXTBLK, FRMTXTFTX, FRMTXTWHL, FRMTXTLFD, FRMTXTART)
VALUES('manBerechnung', 'start', 10, 1, 18, 1);
INSERT INTO TMSYSTEM.TMS103FRMTXT(FRMTXTFRM, FRMTXTBLK, FRMTXTFTX, FRMTXTWHL, FRMTXTLFD, FRMTXTART)
VALUES('manBerechnung', 'start', 10, 2, 19, 1);
INSERT INTO TMSYSTEM.TMS103FRMTXT(FRMTXTFRM, FRMTXTBLK, FRMTXTFTX, FRMTXTWHL, FRMTXTLFD, FRMTXTART)
VALUES('manBerechnung', 'start', 5, 45, 20, 1);
INSERT INTO TMSYSTEM.TMS103FRMTXT(FRMTXTFRM, FRMTXTBLK, FRMTXTFTX, FRMTXTWHL, FRMTXTLFD, FRMTXTART)
VALUES('manBerechnung', 'start', 5, 16, 21, 1);
INSERT INTO TMSYSTEM.TMS103FRMTXT(FRMTXTFRM, FRMTXTBLK, FRMTXTFTX, FRMTXTWHL, FRMTXTLFD, FRMTXTART)
VALUES('manBerechnung', 'start', 5, 274, 22, 1);
INSERT INTO TMSYSTEM.TMS103FRMTXT(FRMTXTFRM, FRMTXTBLK, FRMTXTFTX, FRMTXTWHL, FRMTXTLFD, FRMTXTART)
VALUES('manBerechnung', 'start', 6, 58, 23, 1);
INSERT INTO TMSYSTEM.TMS103FRMTXT(FRMTXTFRM, FRMTXTBLK, FRMTXTFTX, FRMTXTWHL, FRMTXTLFD, FRMTXTART)
VALUES('manBerechnung', 'start', 6, 348, 24, 1);
INSERT INTO TMSYSTEM.TMS103FRMTXT(FRMTXTFRM, FRMTXTBLK, FRMTXTFTX, FRMTXTWHL, FRMTXTLFD, FRMTXTART)
VALUES('manBerechnung', 'start', 6, 370, 25, 1);
INSERT INTO TMSYSTEM.TMS103FRMTXT(FRMTXTFRM, FRMTXTBLK, FRMTXTFTX, FRMTXTWHL, FRMTXTLFD, FRMTXTART)
VALUES('manBerechnung', 'start', 6, 372, 26, 1);
INSERT INTO TMSYSTEM.TMS103FRMTXT(FRMTXTFRM, FRMTXTBLK, FRMTXTFTX, FRMTXTWHL, FRMTXTLFD, FRMTXTART)
VALUES('manBerechnung', 'start', 6, 372, 27, 1);
INSERT INTO TMSYSTEM.TMS103FRMTXT(FRMTXTFRM, FRMTXTBLK, FRMTXTFTX, FRMTXTWHL, FRMTXTLFD, FRMTXTART)
VALUES('manBerechnung', 'start', 6, 182, 28, 1);
INSERT INTO TMSYSTEM.TMS103FRMTXT(FRMTXTFRM, FRMTXTBLK, FRMTXTFTX, FRMTXTWHL, FRMTXTLFD, FRMTXTART)
VALUES('manBerechnung', 'start', 9, 12, 29, 1);
INSERT INTO TMSYSTEM.TMS103FRMTXT(FRMTXTFRM, FRMTXTBLK, FRMTXTFTX, FRMTXTWHL, FRMTXTLFD, FRMTXTART)
VALUES('manBerechnung', 'start', 30001, 0, 30, 1);
INSERT INTO TMSYSTEM.TMS103FRMTXT(FRMTXTFRM, FRMTXTBLK, FRMTXTFTX, FRMTXTWHL, FRMTXTLFD, FRMTXTART)
VALUES('manBerechnung', 'start', 30010, 0, 31, 1);
INSERT INTO TMSYSTEM.TMS103FRMTXT(FRMTXTFRM, FRMTXTBLK, FRMTXTFTX, FRMTXTWHL, FRMTXTLFD, FRMTXTART)
VALUES('manBerechnung', 'start', 13302, 0, 32, 1);
INSERT INTO TMSYSTEM.TMS103FRMTXT(FRMTXTFRM, FRMTXTBLK, FRMTXTFTX, FRMTXTWHL, FRMTXTLFD, FRMTXTART)
VALUES('manBerechnung', 'start', 12, 0, 33, 1);
INSERT INTO TMSYSTEM.TMS103FRMTXT(FRMTXTFRM, FRMTXTBLK, FRMTXTFTX, FRMTXTWHL, FRMTXTLFD, FRMTXTART)
VALUES('manBerechnung', 'start', 6, 385, 34, 1);
INSERT INTO TMSYSTEM.TMS103FRMTXT(FRMTXTFRM, FRMTXTBLK, FRMTXTFTX, FRMTXTWHL, FRMTXTLFD, FRMTXTART)
VALUES('manBerechnung', 'start', 6, 711, 35, 1);
INSERT INTO TMSYSTEM.TMS103FRMTXT(FRMTXTFRM, FRMTXTBLK, FRMTXTFTX, FRMTXTWHL, FRMTXTLFD, FRMTXTART)
VALUES('manBerechnung', 'start', 6, 43, 36, 1);
INSERT INTO TMSYSTEM.TMS103FRMTXT(FRMTXTFRM, FRMTXTBLK, FRMTXTFTX, FRMTXTWHL, FRMTXTLFD, FRMTXTART)
VALUES('manBerechnung', 'start', 6, 18, 37, 1);
INSERT INTO TMSYSTEM.TMS103FRMTXT(FRMTXTFRM, FRMTXTBLK, FRMTXTFTX, FRMTXTWHL, FRMTXTLFD, FRMTXTART)
VALUES('manBerechnung', 'start', 6, 475, 38, 1);
INSERT INTO TMSYSTEM.TMS103FRMTXT(FRMTXTFRM, FRMTXTBLK, FRMTXTFTX, FRMTXTWHL, FRMTXTLFD, FRMTXTART)
VALUES('manBerechnung', 'start', 6, 479, 39, 1);
INSERT INTO TMSYSTEM.TMS103FRMTXT(FRMTXTFRM, FRMTXTBLK, FRMTXTFTX, FRMTXTWHL, FRMTXTLFD, FRMTXTART)
VALUES('manBerechnung', 'start', 6, 326, 40, 1);
INSERT INTO TMSYSTEM.TMS103FRMTXT(FRMTXTFRM, FRMTXTBLK, FRMTXTFTX, FRMTXTWHL, FRMTXTLFD, FRMTXTART)
VALUES('manBerechnung', 'start', 6, 33, 41, 1);
INSERT INTO TMSYSTEM.TMS103FRMTXT(FRMTXTFRM, FRMTXTBLK, FRMTXTFTX, FRMTXTWHL, FRMTXTLFD, FRMTXTART)
VALUES('manBerechnung', 'start', 300154, 2, 42, 1);
INSERT INTO TMSYSTEM.TMS103FRMTXT(FRMTXTFRM, FRMTXTBLK, FRMTXTFTX, FRMTXTWHL, FRMTXTLFD, FRMTXTART)
VALUES('manBerechnung', 'start', 1, 238, 43, 1);
-- Auftragsnummer : 161946 Zuständig: Nuehlen --------------
INSERT INTO TMSYSTEM.TMS102FTX(FTXNUM,FTXTYP,FTXLAN,FTXDEZ,FTXSTA,FTXDAT,FTXERF)
 VALUES(15770,3,5,0,1,CURRENT_TIMESTAMP,'TIMESYS-0169');
INSERT INTO TMSYSTEM.TMS102FTX(FTXNUM,FTXTYP,FTXLAN,FTXDEZ,FTXSTA,FTXDAT,FTXERF)
 VALUES(15771,3,5,0,1,CURRENT_TIMESTAMP,'TIMESYS-0169');
INSERT INTO TMSYSTEM.TMS102WHL(FTXNUMSPR, FTXWHL, FTXSPR, FTXT50, FTXDOK, FTXMSK, FTXSTASPR, FTXDATSPR, FTXERFSPR)
VALUES(15770, 0, 1, 'Uhrzeit von', 'Beginn eines Zeitintervalls. Pro Tagestyp k&ouml;nnen bis zu 20 Zeitintervalle angegeben werden.', 1, 1, CURRENT_TIMESTAMP, 'TIMESYS-0169');
INSERT INTO TMSYSTEM.TMS102WHL(FTXNUMSPR, FTXWHL, FTXSPR, FTXT50, FTXDOK, FTXMSK, FTXSTASPR, FTXDATSPR, FTXERFSPR)
VALUES(15771, 0, 1, 'Uhrzeit bis', 'Ende eines Zeitintervalls. Pro Tagestyp k&ouml;nnen bis zu 20 Zeitintervalle angegeben werden.', 1, 1, CURRENT_TIMESTAMP, 'TIMESYS-0169');
-- Auftragsnummer : 161978 Zuständig: mueller --------------
INSERT INTO %SCHEMA%.TMS300PNR(PNRNUM, PNRANM, PNRAKT, PNREND, PNREML, PNRMRT, PNRFRT, PNRSRT, PNRBEA, PNRGEB, PNREIN, PNRNAM, PNRSTR, PNRPLZ, PNRORT, PNRTEL, PNRMOB, PNRTIT, PNRANR, PNRNEB, PNRLUG, PNRSTA, PNRERF, PNRSAL, PNRSPR, PNRFRE, PNRMTA, PNRGBI, PNRLDA)
  VALUES('99999998', 'AdminTM', '2010-01-01 00:00:00', NULL, NULL, 'TIMENSION', 'Alle', 'System', 5, NULL, NULL, 'Administrator, Terminalmanager', 'Vogelsanger Weg 39', '40470', 'Düsseldorf', NULL, NULL, 1, 1, NULL, NULL, 1, 'Timesys', NULL, 1, 'Alles', 0, NULL, 0);
DELETE FROM %SCHEMA%.TMS300PNR
 WHERE PNRNUM = '99999998' AND PNRANM = 'AdminTM'
   AND 0 = (SELECT count(*) FROM TMSYSTEM.TMS110LIZ
             WHERE LIZPRD LIKE ('3633-722%')
                OR LIZPRD LIKE ('3633-723%')
                OR LIZPRD LIKE ('3633-724%')
                OR LIZPRD LIKE ('3633-725%'));
INSERT INTO TMSYSTEM.TMS111ANM(ANMANM, ANMLIZ, ANMMND, ANMPSW, ANMPNR, ANMATG, ANMWAR, ANMNUM, ANMMIN, ANMANZ, ANMAUT, ANMSTA, ANMERF)
  VALUES('AdminTM', '01000', '0', '5400a8d51ba6fb2bc326e61974873036', '99999998', 1, 14, 0, 5, 1, NULL, 0, 'TIMESYS');
DELETE FROM TMSYSTEM.TMS111ANM
 WHERE ANMPNR = '99999998' AND ANMANM = 'AdminTM'
   AND 0 = (SELECT count(*) FROM TMSYSTEM.TMS110LIZ
             WHERE LIZPRD LIKE ('3633-722%')
                OR LIZPRD LIKE ('3633-723%')
                OR LIZPRD LIKE ('3633-724%')
                OR LIZPRD LIKE ('3633-725%'));
-- Auftragsnummer : 161985 Zuständig: Nuehlen --------------
delete
from %SCHEMA%.G1202MENUELST
where MELMEN = 'TIMENSION'
and   MELPOS in (1512, 1513);
INSERT INTO %SCHEMA%.G1202MENUELST(
 MELMEN,MELFRM,MELSFR,MELBEA,MELPOS,MELDAR,MELFLD,MELFFR,MELSTA,MELDAT,MELERF)
VALUES('TIMENSION','O3000Tkk',NULL,1,1512,1,NULL,1,1,current_timestamp,'TIMESYS');
INSERT INTO %SCHEMA%.G1202MENUELST(
 MELMEN,MELFRM,MELSFR,MELBEA,MELPOS,MELDAR,MELFLD,MELFFR,MELSTA,MELDAT,MELERF)
VALUES('TIMENSION','O3000Prt',NULL,1,1513,1,NULL,1,1,current_timestamp,'Timesys');
-- Auftragsnummer : 162098 Zuständig: Golla --------------
UPDATE TMSYSTEM.O1801SCHALT SET SFLBEF='clickTmMessage()' WHERE SFLNUM='TMS205';
UPDATE TMSYSTEM.O1803FRMSCHALTLST set FRMSFLFUN = 'clickTmMessage()' where FRMSFLSCH = 'TMS205';
-- Auftragsnummer : 162124 Zuständig: Kowalsky --------------
INSERT INTO tmsystem.tms103frmtxt(FRMTXTFRM, FRMTXTBLK, FRMTXTFTX, FRMTXTWHL, FRMTXTLFD, FRMTXTART)
  VALUES('RKMeine', 'start', 6, 763, 99, 1);
INSERT INTO tmsystem.tms103frmtxt(FRMTXTFRM, FRMTXTBLK, FRMTXTFTX, FRMTXTWHL, FRMTXTLFD, FRMTXTART)
  VALUES('RKMeine', 'start', 12, 0, 100, 1);
INSERT INTO TMSYSTEM.TMS650ART(ARTVON, ARTBIS, ARTART, ARTMWS, ARTBLG, ARTPSL, ARTUST, ARTKMT, ARTBTR, ARTCSM, ARTPRZ, ARTABZ, ARTGRP)
  VALUES(DATE_FORMAT('20140101','%Y%m%d'), NULL, 30, NULL, NULL, 1, NULL, NULL, NULL, 'dfae54b953e05c475cd820826d09f504', NULL,  NULL, 0);
delete from tmsystem.tms651lvp;
INSERT INTO TMSYSTEM.TMS651LVP(LVPLND, LVPVON, LVPBIS, LVPTXT, LVPVP1, LVPVP2, LVPVP3, LVPUPS, LVPCSM)
  VALUES('ET', DATE_FORMAT('20070101','%Y%m%d'), DATE_FORMAT('20091231','%Y%m%d'), 1, 10, 20, 30, 50, '4a578ce38d135283fcbe05866e2a7282');
INSERT INTO TMSYSTEM.TMS651LVP(LVPLND, LVPVON, LVPBIS, LVPTXT, LVPVP1, LVPVP2, LVPVP3, LVPUPS, LVPCSM)
  VALUES('EG', DATE_FORMAT('20100101','%Y%m%d'), DATE_FORMAT('20131231','%Y%m%d'), 1, 10, 20, 30, 50, '70a1602dc8996570d3940304259e1c4b');
INSERT INTO TMSYSTEM.TMS651LVP(LVPLND, LVPVON, LVPBIS, LVPTXT, LVPVP1, LVPVP2, LVPVP3, LVPUPS, LVPCSM)
  VALUES('EG', DATE_FORMAT('20140101','%Y%m%d'), NULL, 1, 10, 27, 40, 113, '4628b39f7ad30a2df7e396913d987b24');
INSERT INTO TMSYSTEM.TMS651LVP(LVPLND, LVPVON, LVPBIS, LVPTXT, LVPVP1, LVPVP2, LVPVP3, LVPUPS, LVPCSM)
  VALUES('GQ', DATE_FORMAT('20070101','%Y%m%d'), DATE_FORMAT('20121231','%Y%m%d'), 2, 13, 26, 39, 87, 'b90567de62035943f17e67d1bb7b45b3');
INSERT INTO TMSYSTEM.TMS651LVP(LVPLND, LVPVON, LVPBIS, LVPTXT, LVPVP1, LVPVP2, LVPVP3, LVPUPS, LVPCSM)
  VALUES('GQ', DATE_FORMAT('20130101','%Y%m%d'), NULL, 2, 17, 33, 50, 226, '15952591026ea72cf6675ad3abcb4253');
INSERT INTO TMSYSTEM.TMS651LVP(LVPLND, LVPVON, LVPBIS, LVPTXT, LVPVP1, LVPVP2, LVPVP3, LVPUPS, LVPCSM)
  VALUES('ETH', DATE_FORMAT('20070101','%Y%m%d'), DATE_FORMAT('20091231','%Y%m%d'), 3, 10, 20, 30, 110, '16d730591700b839031e5f9f5076af61');
INSERT INTO TMSYSTEM.TMS651LVP(LVPLND, LVPVON, LVPBIS, LVPTXT, LVPVP1, LVPVP2, LVPVP3, LVPUPS, LVPCSM)
  VALUES('ET', DATE_FORMAT('20100101','%Y%m%d'), NULL, 3, 10, 20, 30, 175, 'b947737324617742ce86e484850bac6e');
INSERT INTO TMSYSTEM.TMS651LVP(LVPLND, LVPVON, LVPBIS, LVPTXT, LVPVP1, LVPVP2, LVPVP3, LVPUPS, LVPCSM)
  VALUES('AFG', DATE_FORMAT('20070101','%Y%m%d'), DATE_FORMAT('20091231','%Y%m%d'), 4, 10, 20, 30, 95, '14d46d51f15cdb93f2c51560a15562ac');
INSERT INTO TMSYSTEM.TMS651LVP(LVPLND, LVPVON, LVPBIS, LVPTXT, LVPVP1, LVPVP2, LVPVP3, LVPUPS, LVPCSM)
  VALUES('AF', DATE_FORMAT('20100101','%Y%m%d'), NULL, 4, 10, 20, 30, 95, '1355d75abf07d2a7223d5c554ba12eda');
INSERT INTO TMSYSTEM.TMS651LVP(LVPLND, LVPVON, LVPBIS, LVPTXT, LVPVP1, LVPVP2, LVPVP3, LVPUPS, LVPCSM)
  VALUES('AL', DATE_FORMAT('20070101','%Y%m%d'), DATE_FORMAT('20081231','%Y%m%d'), 5, 10, 20, 30, 90, 'a0024223722c06840b7c2fffdff5df39');
INSERT INTO TMSYSTEM.TMS651LVP(LVPLND, LVPVON, LVPBIS, LVPTXT, LVPVP1, LVPVP2, LVPVP3, LVPUPS, LVPCSM)
  VALUES('AL', DATE_FORMAT('20090101','%Y%m%d'), NULL, 5, 8, 16, 23, 110, 'daaa1fe687df43b282861744dbc1fb1d');
INSERT INTO TMSYSTEM.TMS651LVP(LVPLND, LVPVON, LVPBIS, LVPTXT, LVPVP1, LVPVP2, LVPVP3, LVPUPS, LVPCSM)
  VALUES('DZ', DATE_FORMAT('20070101','%Y%m%d'), DATE_FORMAT('20111231','%Y%m%d'), 6, 16, 32, 48, 80, '09af43f16f7d2ec8cd782c6706df3d61');
INSERT INTO TMSYSTEM.TMS651LVP(LVPLND, LVPVON, LVPBIS, LVPTXT, LVPVP1, LVPVP2, LVPVP3, LVPUPS, LVPCSM)
  VALUES('DZ', DATE_FORMAT('20120101','%Y%m%d'), NULL, 6, 13, 26, 39, 190, '1c06fbaeb3eac5fd71bd92ac650dbb96');
INSERT INTO TMSYSTEM.TMS651LVP(LVPLND, LVPVON, LVPBIS, LVPTXT, LVPVP1, LVPVP2, LVPVP3, LVPUPS, LVPCSM)
  VALUES('AND', DATE_FORMAT('20070101','%Y%m%d'), DATE_FORMAT('20091231','%Y%m%d'), 7, 11, 21, 32, 82, '3e2fa67f887a5f0a12af5e77fe62d1d6');
INSERT INTO TMSYSTEM.TMS651LVP(LVPLND, LVPVON, LVPBIS, LVPTXT, LVPVP1, LVPVP2, LVPVP3, LVPUPS, LVPCSM)
  VALUES('AD', DATE_FORMAT('20100101','%Y%m%d'), NULL, 7, 11, 21, 32, 82, 'ee48afff4660274b445b612d3241c5b9');
INSERT INTO TMSYSTEM.TMS651LVP(LVPLND, LVPVON, LVPBIS, LVPTXT, LVPVP1, LVPVP2, LVPVP3, LVPUPS, LVPCSM)
  VALUES('ANG', DATE_FORMAT('20070101','%Y%m%d'), DATE_FORMAT('20091231','%Y%m%d'), 8, 14, 28, 42, 110, 'b651da0368dcb01e14bbdf805e9e01aa');
INSERT INTO TMSYSTEM.TMS651LVP(LVPLND, LVPVON, LVPBIS, LVPTXT, LVPVP1, LVPVP2, LVPVP3, LVPUPS, LVPCSM)
  VALUES('AO', DATE_FORMAT('20100101','%Y%m%d'), DATE_FORMAT('20121231','%Y%m%d'), 8, 24, 48, 71, 190, '03bef06faaca905af485ce8b4cb47237');
INSERT INTO TMSYSTEM.TMS651LVP(LVPLND, LVPVON, LVPBIS, LVPTXT, LVPVP1, LVPVP2, LVPVP3, LVPUPS, LVPCSM)
  VALUES('AO', DATE_FORMAT('20130101','%Y%m%d'), NULL, 8, 26, 52, 77, 265, '0663f62eb3914857acb85b8acb137c17');
INSERT INTO TMSYSTEM.TMS651LVP(LVPLND, LVPVON, LVPBIS, LVPTXT, LVPVP1, LVPVP2, LVPVP3, LVPUPS, LVPCSM)
  VALUES('AG', DATE_FORMAT('20070101','%Y%m%d'), DATE_FORMAT('20131231','%Y%m%d'), 9, 14, 28, 42, 85, '25909bc3ea0bb5f78fab1023cdd9260d');
INSERT INTO TMSYSTEM.TMS651LVP(LVPLND, LVPVON, LVPBIS, LVPTXT, LVPVP1, LVPVP2, LVPVP3, LVPUPS, LVPCSM)
  VALUES('AG', DATE_FORMAT('20140101','%Y%m%d'), NULL, 9, 14, 36, 53, 117, '70bbc5dcebb4c3adfe8d5e5ea4162611');
INSERT INTO TMSYSTEM.TMS651LVP(LVPLND, LVPVON, LVPBIS, LVPTXT, LVPVP1, LVPVP2, LVPVP3, LVPUPS, LVPCSM)
  VALUES('RA', DATE_FORMAT('20070101','%Y%m%d'), DATE_FORMAT('20091231','%Y%m%d'), 10, 14, 28, 42, 90, '098eb46c284ef0a3d5d466af201bd89b');
INSERT INTO TMSYSTEM.TMS651LVP(LVPLND, LVPVON, LVPBIS, LVPTXT, LVPVP1, LVPVP2, LVPVP3, LVPUPS, LVPCSM)
  VALUES('AR', DATE_FORMAT('20100101','%Y%m%d'), NULL, 10, 12, 24, 36, 125, '4acbff8d774849ef895149702dae107d');
INSERT INTO TMSYSTEM.TMS651LVP(LVPLND, LVPVON, LVPBIS, LVPTXT, LVPVP1, LVPVP2, LVPVP3, LVPUPS, LVPCSM)
  VALUES('ARM', DATE_FORMAT('20070101','%Y%m%d'), DATE_FORMAT('20091231','%Y%m%d'), 11, 8, 16, 24, 90, 'c46b6a56598352eb31a411cf8854a228');
INSERT INTO TMSYSTEM.TMS651LVP(LVPLND, LVPVON, LVPBIS, LVPTXT, LVPVP1, LVPVP2, LVPVP3, LVPUPS, LVPCSM)
  VALUES('AM', DATE_FORMAT('20100101','%Y%m%d'), NULL, 11, 8, 16, 24, 90, '6d9658030aa457d70c1d9e03bd8ca183');
INSERT INTO TMSYSTEM.TMS651LVP(LVPLND, LVPVON, LVPBIS, LVPTXT, LVPVP1, LVPVP2, LVPVP3, LVPUPS, LVPCSM)
  VALUES('AZ', DATE_FORMAT('20070101','%Y%m%d'), DATE_FORMAT('20081231','%Y%m%d'), 12, 10, 20, 30, 140, 'f7f44aae300e1abd34071a3f87d604b5');
INSERT INTO TMSYSTEM.TMS651LVP(LVPLND, LVPVON, LVPBIS, LVPTXT, LVPVP1, LVPVP2, LVPVP3, LVPUPS, LVPCSM)
  VALUES('AZ', DATE_FORMAT('20090101','%Y%m%d'), DATE_FORMAT('20111231','%Y%m%d'), 12, 12, 24, 36, 135, '9d458b77b332b39bfee9844a8cc7ce6c');
INSERT INTO TMSYSTEM.TMS651LVP(LVPLND, LVPVON, LVPBIS, LVPTXT, LVPVP1, LVPVP2, LVPVP3, LVPUPS, LVPCSM)
  VALUES('AZ', DATE_FORMAT('20120101','%Y%m%d'), NULL, 12, 14, 27, 40, 120, '8f3bc9edf1282e5f7bb7cff5e45c2d3d');
INSERT INTO TMSYSTEM.TMS651LVP(LVPLND, LVPVON, LVPBIS, LVPTXT, LVPVP1, LVPVP2, LVPVP3, LVPUPS, LVPCSM)
  VALUES('AUS', DATE_FORMAT('20070101','%Y%m%d'), DATE_FORMAT('20091231','%Y%m%d'), 13, 13, 26, 39, 90, '687187d98b9b8849edb2868589312427');
INSERT INTO TMSYSTEM.TMS651LVP(LVPLND, LVPVON, LVPBIS, LVPTXT, LVPVP1, LVPVP2, LVPVP3, LVPUPS, LVPCSM)
  VALUES('AU 1', DATE_FORMAT('20100101','%Y%m%d'), DATE_FORMAT('20121231','%Y%m%d'), 13, 14, 28, 42, 100, '321e45892ea5d8a325c0dbaf5226f162');
INSERT INTO TMSYSTEM.TMS651LVP(LVPLND, LVPVON, LVPBIS, LVPTXT, LVPVP1, LVPVP2, LVPVP3, LVPUPS, LVPCSM)
  VALUES('AU 1', DATE_FORMAT('20130101','%Y%m%d'), NULL, 13, 19, 37, 56, 133, 'bd7249efe992c9a6305ceb45b3ec5734');
INSERT INTO TMSYSTEM.TMS651LVP(LVPLND, LVPVON, LVPBIS, LVPTXT, LVPVP1, LVPVP2, LVPVP3, LVPUPS, LVPCSM)
  VALUES('BS', DATE_FORMAT('20070101','%Y%m%d'), DATE_FORMAT('20081231','%Y%m%d'), 14, 13, 26, 39, 100, 'ed6df2b29ca10c72195fdc6d080664aa');
INSERT INTO TMSYSTEM.TMS651LVP(LVPLND, LVPVON, LVPBIS, LVPTXT, LVPVP1, LVPVP2, LVPVP3, LVPUPS, LVPCSM)
  VALUES('BS', DATE_FORMAT('20100101','%Y%m%d'), DATE_FORMAT('20121231','%Y%m%d'), 14, 13, 26, 39, 87, 'dda7b0d2881d01f6ab784a978e9797e0');
INSERT INTO TMSYSTEM.TMS651LVP(LVPLND, LVPVON, LVPBIS, LVPTXT, LVPVP1, LVPVP2, LVPVP3, LVPUPS, LVPCSM)
  VALUES('BS', DATE_FORMAT('20130101','%Y%m%d'), NULL, 14, 16, 32, 48, 102, '565701417e2e848de432f2ec7881393d');
INSERT INTO TMSYSTEM.TMS651LVP(LVPLND, LVPVON, LVPBIS, LVPTXT, LVPVP1, LVPVP2, LVPVP3, LVPUPS, LVPCSM)
  VALUES('BRN', DATE_FORMAT('20070101','%Y%m%d'), DATE_FORMAT('20081231','%Y%m%d'), 15, 14, 28, 42, 75, 'd19f91aec24f5310776a2e9c379e56ea');
INSERT INTO TMSYSTEM.TMS651LVP(LVPLND, LVPVON, LVPBIS, LVPTXT, LVPVP1, LVPVP2, LVPVP3, LVPUPS, LVPCSM)
  VALUES('BRN', DATE_FORMAT('20090101','%Y%m%d'), DATE_FORMAT('20091231','%Y%m%d'), 15, 12, 24, 36, 70, '0c8fd27fbb18a7cba1b3042655ac8e38');
INSERT INTO TMSYSTEM.TMS651LVP(LVPLND, LVPVON, LVPBIS, LVPTXT, LVPVP1, LVPVP2, LVPVP3, LVPUPS, LVPCSM)
  VALUES('BH', DATE_FORMAT('20100101','%Y%m%d'), NULL, 15, 12, 24, 36, 70, '9bf02cfdb6457e3a448229ba4f8847c3');
INSERT INTO TMSYSTEM.TMS651LVP(LVPLND, LVPVON, LVPBIS, LVPTXT, LVPVP1, LVPVP2, LVPVP3, LVPUPS, LVPCSM)
  VALUES('BD', DATE_FORMAT('20070101','%Y%m%d'), NULL, 16, 10, 20, 30, 75, 'be9b1941d7fbff7a1d26d04848eb8e88');
INSERT INTO TMSYSTEM.TMS651LVP(LVPLND, LVPVON, LVPBIS, LVPTXT, LVPVP1, LVPVP2, LVPVP3, LVPUPS, LVPCSM)
  VALUES('BDS', DATE_FORMAT('20070101','%Y%m%d'), DATE_FORMAT('20091231','%Y%m%d'), 17, 14, 28, 42, 110, '3cf1fa2b76eba744a7d508cf9f8eadf9');
INSERT INTO TMSYSTEM.TMS651LVP(LVPLND, LVPVON, LVPBIS, LVPTXT, LVPVP1, LVPVP2, LVPVP3, LVPUPS, LVPCSM)
  VALUES('BB', DATE_FORMAT('20100101','%Y%m%d'), DATE_FORMAT('20131231','%Y%m%d'), 17, 14, 28, 42, 110, 'e2069c1b7518daf3424ca8af99546042');
INSERT INTO TMSYSTEM.TMS651LVP(LVPLND, LVPVON, LVPBIS, LVPTXT, LVPVP1, LVPVP2, LVPVP3, LVPUPS, LVPCSM)
  VALUES('BB', DATE_FORMAT('20140101','%Y%m%d'), NULL, 17, 14, 39, 58, 179, 'cd4247526ae14bba13f96251e0192684');
INSERT INTO TMSYSTEM.TMS651LVP(LVPLND, LVPVON, LVPBIS, LVPTXT, LVPVP1, LVPVP2, LVPVP3, LVPUPS, LVPCSM)
  VALUES('B', DATE_FORMAT('20070101','%Y%m%d'), DATE_FORMAT('20091231','%Y%m%d'), 18, 14, 28, 42, 100, 'c718955f911875d06d319cd02c6226b5');
INSERT INTO TMSYSTEM.TMS651LVP(LVPLND, LVPVON, LVPBIS, LVPTXT, LVPVP1, LVPVP2, LVPVP3, LVPUPS, LVPCSM)
  VALUES('BE', DATE_FORMAT('20100101','%Y%m%d'), DATE_FORMAT('20121231','%Y%m%d'), 18, 14, 28, 42, 100, '3b05a012299af55dd09dba2fee4fd33c');
INSERT INTO TMSYSTEM.TMS651LVP(LVPLND, LVPVON, LVPBIS, LVPTXT, LVPVP1, LVPVP2, LVPVP3, LVPUPS, LVPCSM)
  VALUES('BE', DATE_FORMAT('20130101','%Y%m%d'), NULL, 18, 14, 28, 41, 135, '2b7f7828f55e2902daba065881743195');
INSERT INTO TMSYSTEM.TMS651LVP(LVPLND, LVPVON, LVPBIS, LVPTXT, LVPVP1, LVPVP2, LVPVP3, LVPUPS, LVPCSM)
  VALUES('DY', DATE_FORMAT('20070101','%Y%m%d'), DATE_FORMAT('20091231','%Y%m%d'), 19, 11, 22, 33, 75, '064bca5546bfd8050527391a59ad078e');
INSERT INTO TMSYSTEM.TMS651LVP(LVPLND, LVPVON, LVPBIS, LVPTXT, LVPVP1, LVPVP2, LVPVP3, LVPUPS, LVPCSM)
  VALUES('BJ', DATE_FORMAT('20100101','%Y%m%d'), DATE_FORMAT('20111231','%Y%m%d'), 19, 11, 22, 33, 75, '32a9d8c5da4a9986408042da838dcd5b');
INSERT INTO TMSYSTEM.TMS651LVP(LVPLND, LVPVON, LVPBIS, LVPTXT, LVPVP1, LVPVP2, LVPVP3, LVPUPS, LVPCSM)
  VALUES('BJ', DATE_FORMAT('20120101','%Y%m%d'), NULL, 19, 14, 28, 41, 90, '952b273cf46c3338f2d070a81b6625cf');
INSERT INTO TMSYSTEM.TMS651LVP(LVPLND, LVPVON, LVPBIS, LVPTXT, LVPVP1, LVPVP2, LVPVP3, LVPUPS, LVPCSM)
  VALUES('BOL', DATE_FORMAT('20070101','%Y%m%d'), DATE_FORMAT('20091231','%Y%m%d'), 20, 8, 16, 24, 65, 'f942349b03b18462580f0bc704ec57d5');
INSERT INTO TMSYSTEM.TMS651LVP(LVPLND, LVPVON, LVPBIS, LVPTXT, LVPVP1, LVPVP2, LVPVP3, LVPUPS, LVPCSM)
  VALUES('BO', DATE_FORMAT('20100101','%Y%m%d'), DATE_FORMAT('20111231','%Y%m%d'), 20, 8, 16, 24, 65, 'e4ecb16e866eae201bd95bfb1d1b0e6e');
INSERT INTO TMSYSTEM.TMS651LVP(LVPLND, LVPVON, LVPBIS, LVPTXT, LVPVP1, LVPVP2, LVPVP3, LVPUPS, LVPCSM)
  VALUES('BO', DATE_FORMAT('20120101','%Y%m%d'), NULL, 20, 8, 16, 24, 70, 'c2eb69525b034cc58be370cd45f80ec8');
INSERT INTO TMSYSTEM.TMS651LVP(LVPLND, LVPVON, LVPBIS, LVPTXT, LVPVP1, LVPVP2, LVPVP3, LVPUPS, LVPCSM)
  VALUES('BIH', DATE_FORMAT('20070101','%Y%m%d'), DATE_FORMAT('20091231','%Y%m%d'), 21, 8, 16, 24, 70, '6214d80795d502f63e8a47796cb8a463');
INSERT INTO TMSYSTEM.TMS651LVP(LVPLND, LVPVON, LVPBIS, LVPTXT, LVPVP1, LVPVP2, LVPVP3, LVPUPS, LVPCSM)
  VALUES('BA', DATE_FORMAT('20100101','%Y%m%d'), NULL, 21, 8, 16, 24, 70, 'd0c2f3fe42f8a471aa2e47553e10474c');
INSERT INTO TMSYSTEM.TMS651LVP(LVPLND, LVPVON, LVPBIS, LVPTXT, LVPVP1, LVPVP2, LVPVP3, LVPUPS, LVPCSM)
  VALUES('RB', DATE_FORMAT('20070101','%Y%m%d'), DATE_FORMAT('20091231','%Y%m%d'), 22, 11, 22, 33, 105, 'fad9a945a26c17b0ea148d38de4f9877');
INSERT INTO TMSYSTEM.TMS651LVP(LVPLND, LVPVON, LVPBIS, LVPTXT, LVPVP1, LVPVP2, LVPVP3, LVPUPS, LVPCSM)
  VALUES('BW', DATE_FORMAT('20100101','%Y%m%d'), NULL, 22, 11, 22, 33, 105, 'e413b96d6e2674058c6d01aaf6145468');
INSERT INTO TMSYSTEM.TMS651LVP(LVPLND, LVPVON, LVPBIS, LVPTXT, LVPVP1, LVPVP2, LVPVP3, LVPUPS, LVPCSM)
  VALUES('BR 1', DATE_FORMAT('20070101','%Y%m%d'), DATE_FORMAT('20081231','%Y%m%d'), 23, 10, 20, 30, 70, 'c9a4a0523116b2cd47d6d144dd749bb3');
INSERT INTO TMSYSTEM.TMS651LVP(LVPLND, LVPVON, LVPBIS, LVPTXT, LVPVP1, LVPVP2, LVPVP3, LVPUPS, LVPCSM)
  VALUES('BR 1', DATE_FORMAT('20090101','%Y%m%d'), DATE_FORMAT('20091231','%Y%m%d'), 23, 12, 24, 36, 100, 'a48903f3bd0d3340ff80190554974713');
INSERT INTO TMSYSTEM.TMS651LVP(LVPLND, LVPVON, LVPBIS, LVPTXT, LVPVP1, LVPVP2, LVPVP3, LVPUPS, LVPCSM)
  VALUES('BR 1', DATE_FORMAT('20100101','%Y%m%d'), DATE_FORMAT('20111231','%Y%m%d'), 23, 12, 24, 36, 100, 'e1cc225ad43b376fd118da6698397812');
INSERT INTO TMSYSTEM.TMS651LVP(LVPLND, LVPVON, LVPBIS, LVPTXT, LVPVP1, LVPVP2, LVPVP3, LVPUPS, LVPCSM)
  VALUES('BR 1', DATE_FORMAT('20120101','%Y%m%d'), NULL, 23, 18, 36, 54, 110, 'c3dd8cdadc685554615d59488db0ed40');
INSERT INTO TMSYSTEM.TMS651LVP(LVPLND, LVPVON, LVPBIS, LVPTXT, LVPVP1, LVPVP2, LVPVP3, LVPUPS, LVPCSM)
  VALUES('BR 2', DATE_FORMAT('20070101','%Y%m%d'), DATE_FORMAT('20081231','%Y%m%d'), 24, 12, 24, 36, 140, 'be413366baa938a42a4fbe87efd1866b');
INSERT INTO TMSYSTEM.TMS651LVP(LVPLND, LVPVON, LVPBIS, LVPTXT, LVPVP1, LVPVP2, LVPVP3, LVPUPS, LVPCSM)
  VALUES('BR 2', DATE_FORMAT('20090101','%Y%m%d'), DATE_FORMAT('20091231','%Y%m%d'), 24, 14, 28, 41, 140, 'd6ae49b2c54e73c4ea0e08b87881bf29');
INSERT INTO TMSYSTEM.TMS651LVP(LVPLND, LVPVON, LVPBIS, LVPTXT, LVPVP1, LVPVP2, LVPVP3, LVPUPS, LVPCSM)
  VALUES('BR 2', DATE_FORMAT('20100101','%Y%m%d'), DATE_FORMAT('20111231','%Y%m%d'), 24, 14, 28, 41, 140, '3bb5729532697779bc622510fa050e6a');
INSERT INTO TMSYSTEM.TMS651LVP(LVPLND, LVPVON, LVPBIS, LVPTXT, LVPVP1, LVPVP2, LVPVP3, LVPUPS, LVPCSM)
  VALUES('BR 2', DATE_FORMAT('20120101','%Y%m%d'), NULL, 24, 16, 32, 47, 145, '7633ffce525b56fdfecb454177624cde');
INSERT INTO TMSYSTEM.TMS651LVP(LVPLND, LVPVON, LVPBIS, LVPTXT, LVPVP1, LVPVP2, LVPVP3, LVPUPS, LVPCSM)
  VALUES('BR 3', DATE_FORMAT('20070101','%Y%m%d'), DATE_FORMAT('20081231','%Y%m%d'), 25, 12, 24, 36, 90, '30093bec7e9a9e5f1acee338b8ff5e96');
INSERT INTO TMSYSTEM.TMS651LVP(LVPLND, LVPVON, LVPBIS, LVPTXT, LVPVP1, LVPVP2, LVPVP3, LVPUPS, LVPCSM)
  VALUES('BR 3', DATE_FORMAT('20090101','%Y%m%d'), DATE_FORMAT('20091231','%Y%m%d'), 25, 13, 25, 38, 95, '0e5120dcc6d728ca5260ce5a79028a91');
INSERT INTO TMSYSTEM.TMS651LVP(LVPLND, LVPVON, LVPBIS, LVPTXT, LVPVP1, LVPVP2, LVPVP3, LVPUPS, LVPCSM)
  VALUES('BR 3', DATE_FORMAT('20100101','%Y%m%d'), DATE_FORMAT('20111231','%Y%m%d'), 25, 13, 25, 38, 95, 'a78b13845fe07a4623a29a94d230f2e3');
INSERT INTO TMSYSTEM.TMS651LVP(LVPLND, LVPVON, LVPBIS, LVPTXT, LVPVP1, LVPVP2, LVPVP3, LVPUPS, LVPCSM)
  VALUES('BR 3', DATE_FORMAT('20120101','%Y%m%d'), NULL, 25, 18, 36, 53, 120, '76ec9d209f579dc04bd125c8a38964f2');
INSERT INTO TMSYSTEM.TMS651LVP(LVPLND, LVPVON, LVPBIS, LVPTXT, LVPVP1, LVPVP2, LVPVP3, LVPUPS, LVPCSM)
  VALUES('BRU', DATE_FORMAT('20070101','%Y%m%d'), DATE_FORMAT('20091231','%Y%m%d'), 26, 12, 24, 36, 85, '8a6e854eddabd8d580c519a1c6568608');
INSERT INTO TMSYSTEM.TMS651LVP(LVPLND, LVPVON, LVPBIS, LVPTXT, LVPVP1, LVPVP2, LVPVP3, LVPUPS, LVPCSM)
  VALUES('BN', DATE_FORMAT('20100101','%Y%m%d'), NULL, 26, 12, 24, 36, 85, '282c60fc6ec356029a36ae4d619660a2');
INSERT INTO TMSYSTEM.TMS651LVP(LVPLND, LVPVON, LVPBIS, LVPTXT, LVPVP1, LVPVP2, LVPVP3, LVPUPS, LVPCSM)
  VALUES('BG', DATE_FORMAT('20070101','%Y%m%d'), DATE_FORMAT('20091231','%Y%m%d'), 27, 8, 15, 22, 72, '48076efd64358fdfcae2e9765b54c10a');
INSERT INTO TMSYSTEM.TMS651LVP(LVPLND, LVPVON, LVPBIS, LVPTXT, LVPVP1, LVPVP2, LVPVP3, LVPUPS, LVPCSM)
  VALUES('BG', DATE_FORMAT('20100101','%Y%m%d'), NULL, 27, 8, 15, 22, 72, 'ee32c21ee29a0dac132f8d99e23600f2');
INSERT INTO TMSYSTEM.TMS651LVP(LVPLND, LVPVON, LVPBIS, LVPTXT, LVPVP1, LVPVP2, LVPVP3, LVPUPS, LVPCSM)
  VALUES('BF', DATE_FORMAT('20070101','%Y%m%d'), DATE_FORMAT('20091231','%Y%m%d'), 28, 10, 20, 30, 70, 'f98ed53dda160c0b73aa6d6abac462f3');
INSERT INTO TMSYSTEM.TMS651LVP(LVPLND, LVPVON, LVPBIS, LVPTXT, LVPVP1, LVPVP2, LVPVP3, LVPUPS, LVPCSM)
  VALUES('BF', DATE_FORMAT('20100101','%Y%m%d'), DATE_FORMAT('20111231','%Y%m%d'), 28, 10, 20, 30, 70, '33b1af29ab41ccdcc48a609815cf34e4');
INSERT INTO TMSYSTEM.TMS651LVP(LVPLND, LVPVON, LVPBIS, LVPTXT, LVPVP1, LVPVP2, LVPVP3, LVPUPS, LVPCSM)
  VALUES('BF', DATE_FORMAT('20120101','%Y%m%d'), NULL, 28, 12, 24, 36, 100, '19e36e5e2ed2c502bc7e9f260b92576c');
INSERT INTO TMSYSTEM.TMS651LVP(LVPLND, LVPVON, LVPBIS, LVPTXT, LVPVP1, LVPVP2, LVPVP3, LVPUPS, LVPCSM)
  VALUES('RU', DATE_FORMAT('20070101','%Y%m%d'), DATE_FORMAT('20081231','%Y%m%d'), 29, 14, 28, 41, 93, '1694570adc5c5a1fbb684ea320457f95');
INSERT INTO TMSYSTEM.TMS651LVP(LVPLND, LVPVON, LVPBIS, LVPTXT, LVPVP1, LVPVP2, LVPVP3, LVPUPS, LVPCSM)
  VALUES('RU', DATE_FORMAT('20090101','%Y%m%d'), DATE_FORMAT('20091231','%Y%m%d'), 29, 12, 24, 35, 75, 'ca40f2be1c51ce070923b713c6dc84a8');
INSERT INTO TMSYSTEM.TMS651LVP(LVPLND, LVPVON, LVPBIS, LVPTXT, LVPVP1, LVPVP2, LVPVP3, LVPUPS, LVPCSM)
  VALUES('BI', DATE_FORMAT('20100101','%Y%m%d'), DATE_FORMAT('20121231','%Y%m%d'), 29, 12, 24, 35, 75, '5a0a896275c8abf69c232d408945eb0f');
INSERT INTO TMSYSTEM.TMS651LVP(LVPLND, LVPVON, LVPBIS, LVPTXT, LVPVP1, LVPVP2, LVPVP3, LVPUPS, LVPCSM)
  VALUES('BI', DATE_FORMAT('20130101','%Y%m%d'), NULL, 29, 16, 32, 47, 98, '2ca842917535c2079c9f6ba119901bb8');
INSERT INTO TMSYSTEM.TMS651LVP(LVPLND, LVPVON, LVPBIS, LVPTXT, LVPVP1, LVPVP2, LVPVP3, LVPUPS, LVPCSM)
  VALUES('RCH', DATE_FORMAT('20070101','%Y%m%d'), DATE_FORMAT('20081231','%Y%m%d'), 30, 12, 24, 35, 67, '21aef30c1e22244104803d77f009ed98');
INSERT INTO TMSYSTEM.TMS651LVP(LVPLND, LVPVON, LVPBIS, LVPTXT, LVPVP1, LVPVP2, LVPVP3, LVPUPS, LVPCSM)
  VALUES('RCH', DATE_FORMAT('20090101','%Y%m%d'), DATE_FORMAT('20091231','%Y%m%d'), 30, 13, 25, 38, 80, '726d8c22566085afbebb5253ab719f3c');
INSERT INTO TMSYSTEM.TMS651LVP(LVPLND, LVPVON, LVPBIS, LVPTXT, LVPVP1, LVPVP2, LVPVP3, LVPUPS, LVPCSM)
  VALUES('CL', DATE_FORMAT('20100101','%Y%m%d'), DATE_FORMAT('20121231','%Y%m%d'), 30, 13, 25, 38, 80, 'fa6f5d3a690d2a90689670afc6ace62b');
INSERT INTO TMSYSTEM.TMS651LVP(LVPLND, LVPVON, LVPBIS, LVPTXT, LVPVP1, LVPVP2, LVPVP3, LVPUPS, LVPCSM)
  VALUES('CL', DATE_FORMAT('20130101','%Y%m%d'), NULL, 30, 14, 27, 40, 130, '96b67a898867bf42bc447c22f79b6d8e');
INSERT INTO TMSYSTEM.TMS651LVP(LVPLND, LVPVON, LVPBIS, LVPTXT, LVPVP1, LVPVP2, LVPVP3, LVPUPS, LVPCSM)
  VALUES('VRC 1', DATE_FORMAT('20070101','%Y%m%d'), DATE_FORMAT('20081231','%Y%m%d'), 31, 12, 24, 36, 80, '8e74da982c49b471856404b346ca15a7');
INSERT INTO TMSYSTEM.TMS651LVP(LVPLND, LVPVON, LVPBIS, LVPTXT, LVPVP1, LVPVP2, LVPVP3, LVPUPS, LVPCSM)
  VALUES('VRC 1', DATE_FORMAT('20090101','%Y%m%d'), DATE_FORMAT('20091231','%Y%m%d'), 31, 11, 22, 33, 80, 'd7e7af7b27442442fb830a54a48d8d0e');
INSERT INTO TMSYSTEM.TMS651LVP(LVPLND, LVPVON, LVPBIS, LVPTXT, LVPVP1, LVPVP2, LVPVP3, LVPUPS, LVPCSM)
  VALUES('CN 1', DATE_FORMAT('20100101','%Y%m%d'), NULL, 31, 11, 22, 33, 80, 'c1ee491f5809f05cd7025907032b0a8a');
INSERT INTO TMSYSTEM.TMS651LVP(LVPLND, LVPVON, LVPBIS, LVPTXT, LVPVP1, LVPVP2, LVPVP3, LVPUPS, LVPCSM)
  VALUES('VRC 2', DATE_FORMAT('20070101','%Y%m%d'), DATE_FORMAT('20091231','%Y%m%d'), 32, 24, 48, 72, 150, 'e8cb61575db80b2dea3a6a0cd5277e47');
INSERT INTO TMSYSTEM.TMS651LVP(LVPLND, LVPVON, LVPBIS, LVPTXT, LVPVP1, LVPVP2, LVPVP3, LVPUPS, LVPCSM)
  VALUES('CN 5', DATE_FORMAT('20100101','%Y%m%d'), DATE_FORMAT('20111231','%Y%m%d'), 32, 24, 48, 72, 150, '2ca3cd031617badb8fb6a782da52f2bc');
INSERT INTO TMSYSTEM.TMS651LVP(LVPLND, LVPVON, LVPBIS, LVPTXT, LVPVP1, LVPVP2, LVPVP3, LVPUPS, LVPCSM)
  VALUES('CN 5', DATE_FORMAT('20120101','%Y%m%d'), NULL, 32, 21, 41, 62, 170, '01c9a73fbd3ded50af61703cf23c0707');
INSERT INTO TMSYSTEM.TMS651LVP(LVPLND, LVPVON, LVPBIS, LVPTXT, LVPVP1, LVPVP2, LVPVP3, LVPUPS, LVPCSM)
  VALUES('VRC 3', DATE_FORMAT('20070101','%Y%m%d'), DATE_FORMAT('20081231','%Y%m%d'), 33, 14, 28, 42, 90, 'd3b8a504b8d0d1ffa87acd7eea3df10c');
INSERT INTO TMSYSTEM.TMS651LVP(LVPLND, LVPVON, LVPBIS, LVPTXT, LVPVP1, LVPVP2, LVPVP3, LVPUPS, LVPCSM)
  VALUES('VRC 3', DATE_FORMAT('20090101','%Y%m%d'), DATE_FORMAT('20091231','%Y%m%d'), 33, 13, 26, 39, 115, '5ad4360bfe997ac935325dd8a1f3601d');
INSERT INTO TMSYSTEM.TMS651LVP(LVPLND, LVPVON, LVPBIS, LVPTXT, LVPVP1, LVPVP2, LVPVP3, LVPUPS, LVPCSM)
  VALUES('CN 2', DATE_FORMAT('20100101','%Y%m%d'), NULL, 33, 13, 26, 39, 115, '5bdcd84bafdf37c5faa6b51b7b944b36');
INSERT INTO TMSYSTEM.TMS651LVP(LVPLND, LVPVON, LVPBIS, LVPTXT, LVPVP1, LVPVP2, LVPVP3, LVPUPS, LVPCSM)
  VALUES('VRC 4', DATE_FORMAT('20070101','%Y%m%d'), DATE_FORMAT('20081231','%Y%m%d'), 34, 14, 28, 42, 100, '932b35017aaad0d7143674fb75ca6f3f');
INSERT INTO TMSYSTEM.TMS651LVP(LVPLND, LVPVON, LVPBIS, LVPTXT, LVPVP1, LVPVP2, LVPVP3, LVPUPS, LVPCSM)
  VALUES('VRC 4', DATE_FORMAT('20090101','%Y%m%d'), DATE_FORMAT('20091231','%Y%m%d'), 34, 14, 28, 42, 140, '5134eed9c7fd3952a984be17e427c11b');
INSERT INTO TMSYSTEM.TMS651LVP(LVPLND, LVPVON, LVPBIS, LVPTXT, LVPVP1, LVPVP2, LVPVP3, LVPUPS, LVPCSM)
  VALUES('CN 3', DATE_FORMAT('20100101','%Y%m%d'), NULL, 34, 14, 28, 42, 140, 'fe164b188b6d48eb7a152a0cde77af8a');
INSERT INTO TMSYSTEM.TMS651LVP(LVPLND, LVPVON, LVPBIS, LVPTXT, LVPVP1, LVPVP2, LVPVP3, LVPUPS, LVPCSM)
  VALUES('CR', DATE_FORMAT('20070101','%Y%m%d'), DATE_FORMAT('20081231','%Y%m%d'), 35, 10, 20, 30, 90, '04c2d9ec14c81c7461791fad1a95f015');
INSERT INTO TMSYSTEM.TMS651LVP(LVPLND, LVPVON, LVPBIS, LVPTXT, LVPVP1, LVPVP2, LVPVP3, LVPUPS, LVPCSM)
  VALUES('CR', DATE_FORMAT('20090101','%Y%m%d'), DATE_FORMAT('20131231','%Y%m%d'), 35, 11, 21, 32, 60, '456de4f3ce470894bb412f48cdb4439a');
INSERT INTO TMSYSTEM.TMS651LVP(LVPLND, LVPVON, LVPBIS, LVPTXT, LVPVP1, LVPVP2, LVPVP3, LVPUPS, LVPCSM)
  VALUES('CR', DATE_FORMAT('20140101','%Y%m%d'), NULL, 35, 11, 24, 36, 69, 'f82c5f9343b9ccac89ca3458fa28bc7f');
INSERT INTO TMSYSTEM.TMS651LVP(LVPLND, LVPVON, LVPBIS, LVPTXT, LVPVP1, LVPVP2, LVPVP3, LVPUPS, LVPCSM)
  VALUES('CI', DATE_FORMAT('20070101','%Y%m%d'), DATE_FORMAT('20111231','%Y%m%d'), 36, 12, 24, 36, 90, 'a687e1268b1c643ae465e63eebf1cfbb');
INSERT INTO TMSYSTEM.TMS651LVP(LVPLND, LVPVON, LVPBIS, LVPTXT, LVPVP1, LVPVP2, LVPVP3, LVPUPS, LVPCSM)
  VALUES('CI', DATE_FORMAT('20120101','%Y%m%d'), NULL, 36, 18, 36, 54, 145, '2f73f50e7ce8547ca2782510ad304e2d');
INSERT INTO TMSYSTEM.TMS651LVP(LVPLND, LVPVON, LVPBIS, LVPTXT, LVPVP1, LVPVP2, LVPVP3, LVPUPS, LVPCSM)
  VALUES('DK 1', DATE_FORMAT('20070101','%Y%m%d'), DATE_FORMAT('20111231','%Y%m%d'), 37, 14, 28, 42, 70, '7f2130d80d8f3559583434f3001681bd');
INSERT INTO TMSYSTEM.TMS651LVP(LVPLND, LVPVON, LVPBIS, LVPTXT, LVPVP1, LVPVP2, LVPVP3, LVPUPS, LVPCSM)
  VALUES('DK 1', DATE_FORMAT('20120101','%Y%m%d'), NULL, 37, 20, 40, 60, 150, '4bb5f5537cffb4f113813353f09b5867');
INSERT INTO TMSYSTEM.TMS651LVP(LVPLND, LVPVON, LVPBIS, LVPTXT, LVPVP1, LVPVP2, LVPVP3, LVPUPS, LVPCSM)
  VALUES('DK 2', DATE_FORMAT('20070101','%Y%m%d'), DATE_FORMAT('20111231','%Y%m%d'), 38, 14, 28, 42, 140, 'd571f79a8cfadf958bf29e772ce23f2c');
INSERT INTO TMSYSTEM.TMS651LVP(LVPLND, LVPVON, LVPBIS, LVPTXT, LVPVP1, LVPVP2, LVPVP3, LVPUPS, LVPCSM)
  VALUES('D', DATE_FORMAT('20070101','%Y%m%d'), DATE_FORMAT('20091231','%Y%m%d'), 39, 6, 12, 24, 20, '9e5cbe6a42ac93deb36891af3f0dffb1');
INSERT INTO TMSYSTEM.TMS651LVP(LVPLND, LVPVON, LVPBIS, LVPTXT, LVPVP1, LVPVP2, LVPVP3, LVPUPS, LVPCSM)
  VALUES('DE', DATE_FORMAT('20100101','%Y%m%d'), NULL, 39, 6, 12, 24, 20, '98d5af6025625a443cecd853f311ae82');
INSERT INTO TMSYSTEM.TMS651LVP(LVPLND, LVPVON, LVPBIS, LVPTXT, LVPVP1, LVPVP2, LVPVP3, LVPUPS, LVPCSM)
  VALUES('WD', DATE_FORMAT('20070101','%Y%m%d'), DATE_FORMAT('20091231','%Y%m%d'), 40, 12, 24, 36, 80, 'b563a49027f853ee9b7acce4f619b487');
INSERT INTO TMSYSTEM.TMS651LVP(LVPLND, LVPVON, LVPBIS, LVPTXT, LVPVP1, LVPVP2, LVPVP3, LVPUPS, LVPCSM)
  VALUES('DM', DATE_FORMAT('20100101','%Y%m%d'), DATE_FORMAT('20131231','%Y%m%d'), 40, 12, 24, 36, 80, '727770e0076fce085092c03d43a8e645');
INSERT INTO TMSYSTEM.TMS651LVP(LVPLND, LVPVON, LVPBIS, LVPTXT, LVPVP1, LVPVP2, LVPVP3, LVPUPS, LVPCSM)
  VALUES('DM', DATE_FORMAT('20140101','%Y%m%d'), NULL, 40, 12, 27, 40, 94, '2ad78312862ea49cf8740cdccdc43f15');
INSERT INTO TMSYSTEM.TMS651LVP(LVPLND, LVPVON, LVPBIS, LVPTXT, LVPVP1, LVPVP2, LVPVP3, LVPUPS, LVPCSM)
  VALUES('DOM', DATE_FORMAT('20070101','%Y%m%d'), DATE_FORMAT('20091231','%Y%m%d'), 41, 10, 20, 30, 100, '77dbef0df5a1f3c9652da22917638153');
INSERT INTO TMSYSTEM.TMS651LVP(LVPLND, LVPVON, LVPBIS, LVPTXT, LVPVP1, LVPVP2, LVPVP3, LVPUPS, LVPCSM)
  VALUES('DO', DATE_FORMAT('20100101','%Y%m%d'), NULL, 41, 10, 20, 30, 100, 'd4d7b581d83211e97cc3b62f72b49428');
INSERT INTO TMSYSTEM.TMS651LVP(LVPLND, LVPVON, LVPBIS, LVPTXT, LVPVP1, LVPVP2, LVPVP3, LVPUPS, LVPCSM)
  VALUES('DJ', DATE_FORMAT('20070101','%Y%m%d'), DATE_FORMAT('20111231','%Y%m%d'), 42, 13, 26, 39, 120, 'a4cd2d0f6116eab66fe9db5616d37d64');
INSERT INTO TMSYSTEM.TMS651LVP(LVPLND, LVPVON, LVPBIS, LVPTXT, LVPVP1, LVPVP2, LVPVP3, LVPUPS, LVPCSM)
  VALUES('DJ', DATE_FORMAT('20120101','%Y%m%d'), NULL, 42, 16, 32, 48, 160, '32611ca84da78ffe462bebd0dac4533a');
INSERT INTO TMSYSTEM.TMS651LVP(LVPLND, LVPVON, LVPBIS, LVPTXT, LVPVP1, LVPVP2, LVPVP3, LVPUPS, LVPCSM)
  VALUES('EC', DATE_FORMAT('20070101','%Y%m%d'), DATE_FORMAT('20111231','%Y%m%d'), 43, 13, 26, 39, 70, '0c10020118872181822adb427aba7df4');
INSERT INTO TMSYSTEM.TMS651LVP(LVPLND, LVPVON, LVPBIS, LVPTXT, LVPVP1, LVPVP2, LVPVP3, LVPUPS, LVPCSM)
  VALUES('EC', DATE_FORMAT('20120101','%Y%m%d'), NULL, 43, 13, 26, 39, 55, 'c4e28575e0d4f74c68ab1fbf07101bda');
INSERT INTO TMSYSTEM.TMS651LVP(LVPLND, LVPVON, LVPBIS, LVPTXT, LVPVP1, LVPVP2, LVPVP3, LVPUPS, LVPCSM)
  VALUES('ES', DATE_FORMAT('20070101','%Y%m%d'), DATE_FORMAT('20081231','%Y%m%d'), 44, 12, 24, 36, 100, '0718ac3d30c7de5faa3ec09e2ed21155');
INSERT INTO TMSYSTEM.TMS651LVP(LVPLND, LVPVON, LVPBIS, LVPTXT, LVPVP1, LVPVP2, LVPVP3, LVPUPS, LVPCSM)
  VALUES('ES', DATE_FORMAT('20090101','%Y%m%d'), DATE_FORMAT('20091231','%Y%m%d'), 44, 12, 24, 36, 65, '0dbb318618e3ca93efe5636c30898a3f');
INSERT INTO TMSYSTEM.TMS651LVP(LVPLND, LVPVON, LVPBIS, LVPTXT, LVPVP1, LVPVP2, LVPVP3, LVPUPS, LVPCSM)
  VALUES('SV', DATE_FORMAT('20100101','%Y%m%d'), DATE_FORMAT('20121231','%Y%m%d'), 44, 12, 24, 36, 65, '4e44d8b06760bfb5e42497864d007f2b');
INSERT INTO TMSYSTEM.TMS651LVP(LVPLND, LVPVON, LVPBIS, LVPTXT, LVPVP1, LVPVP2, LVPVP3, LVPUPS, LVPCSM)
  VALUES('SV', DATE_FORMAT('20130101','%Y%m%d'), NULL, 44, 16, 31, 46, 75, 'fc2bbbbb12abd676aa190bf88cc064b7');
INSERT INTO TMSYSTEM.TMS651LVP(LVPLND, LVPVON, LVPBIS, LVPTXT, LVPVP1, LVPVP2, LVPVP3, LVPUPS, LVPCSM)
  VALUES('ER', DATE_FORMAT('20070101','%Y%m%d'), DATE_FORMAT('20091231','%Y%m%d'), 45, 9, 18, 27, 130, '7370a901b686dfc547da47966af45c18');
INSERT INTO TMSYSTEM.TMS651LVP(LVPLND, LVPVON, LVPBIS, LVPTXT, LVPVP1, LVPVP2, LVPVP3, LVPUPS, LVPCSM)
  VALUES('ER', DATE_FORMAT('20100101','%Y%m%d'), DATE_FORMAT('20121231','%Y%m%d'), 45, 10, 20, 30, 110, '91d3ae13b16d873686d2d8b15cb68b05');
INSERT INTO TMSYSTEM.TMS651LVP(LVPLND, LVPVON, LVPBIS, LVPTXT, LVPVP1, LVPVP2, LVPVP3, LVPUPS, LVPCSM)
  VALUES('ER', DATE_FORMAT('20130101','%Y%m%d'), NULL, 45, 10, 20, 30, 58, '0f90aaf8bc08852fcbfed1a894906a5a');
INSERT INTO TMSYSTEM.TMS651LVP(LVPLND, LVPVON, LVPBIS, LVPTXT, LVPVP1, LVPVP2, LVPVP3, LVPUPS, LVPCSM)
  VALUES('EW', DATE_FORMAT('20070101','%Y%m%d'), DATE_FORMAT('20091231','%Y%m%d'), 46, 9, 18, 27, 85, 'ca9d4d71150dbd6c2d4b36ff297f32c8');
INSERT INTO TMSYSTEM.TMS651LVP(LVPLND, LVPVON, LVPBIS, LVPTXT, LVPVP1, LVPVP2, LVPVP3, LVPUPS, LVPCSM)
  VALUES('EE', DATE_FORMAT('20100101','%Y%m%d'), NULL, 46, 9, 18, 27, 85, 'b7b1a7aa8850cb9431c58b543f825511');
INSERT INTO TMSYSTEM.TMS651LVP(LVPLND, LVPVON, LVPBIS, LVPTXT, LVPVP1, LVPVP2, LVPVP3, LVPUPS, LVPCSM)
  VALUES('FJI', DATE_FORMAT('20070101','%Y%m%d'), DATE_FORMAT('20091231','%Y%m%d'), 47, 11, 21, 32, 57, 'e6931323728b0cb5803881cbb6e14c03');
INSERT INTO TMSYSTEM.TMS651LVP(LVPLND, LVPVON, LVPBIS, LVPTXT, LVPVP1, LVPVP2, LVPVP3, LVPUPS, LVPCSM)
  VALUES('FJ', DATE_FORMAT('20100101','%Y%m%d'), NULL, 47, 11, 21, 32, 57, '7883a4654ae6ffd4afaa99e4a2dbdd08');
INSERT INTO TMSYSTEM.TMS651LVP(LVPLND, LVPVON, LVPBIS, LVPTXT, LVPVP1, LVPVP2, LVPVP3, LVPUPS, LVPCSM)
  VALUES('FIN', DATE_FORMAT('20070101','%Y%m%d'), DATE_FORMAT('20091231','%Y%m%d'), 48, 14, 28, 42, 120, '9b86ee72e3ef1d207a3a5e2cc7feaad9');
INSERT INTO TMSYSTEM.TMS651LVP(LVPLND, LVPVON, LVPBIS, LVPTXT, LVPVP1, LVPVP2, LVPVP3, LVPUPS, LVPCSM)
  VALUES('FI', DATE_FORMAT('20100101','%Y%m%d'), DATE_FORMAT('20121231','%Y%m%d'), 48, 15, 30, 45, 150, 'c7b08130f50b34a048fe529dd571a023');
INSERT INTO TMSYSTEM.TMS651LVP(LVPLND, LVPVON, LVPBIS, LVPTXT, LVPVP1, LVPVP2, LVPVP3, LVPUPS, LVPCSM)
  VALUES('FI', DATE_FORMAT('20130101','%Y%m%d'), NULL, 48, 13, 26, 39, 136, '672481d9823ac58676f610ee979e653f');
INSERT INTO TMSYSTEM.TMS651LVP(LVPLND, LVPVON, LVPBIS, LVPTXT, LVPVP1, LVPVP2, LVPVP3, LVPUPS, LVPCSM)
  VALUES('F 1', DATE_FORMAT('20070101','%Y%m%d'), DATE_FORMAT('20091231','%Y%m%d'), 49, 13, 26, 39, 100, '83e5cb6dde626c61d1e8d794ed305111');
INSERT INTO TMSYSTEM.TMS651LVP(LVPLND, LVPVON, LVPBIS, LVPTXT, LVPVP1, LVPVP2, LVPVP3, LVPUPS, LVPCSM)
  VALUES('FR 1', DATE_FORMAT('20100101','%Y%m%d'), DATE_FORMAT('20121231','%Y%m%d'), 49, 13, 26, 39, 100, '1d6161e2c59a03daf08933646b911f0f');
INSERT INTO TMSYSTEM.TMS651LVP(LVPLND, LVPVON, LVPBIS, LVPTXT, LVPVP1, LVPVP2, LVPVP3, LVPUPS, LVPCSM)
  VALUES('FR 1', DATE_FORMAT('20130101','%Y%m%d'), NULL, 49, 15, 29, 44, 81, 'fadb9669f2f6159f88308a568c925346');
INSERT INTO TMSYSTEM.TMS651LVP(LVPLND, LVPVON, LVPBIS, LVPTXT, LVPVP1, LVPVP2, LVPVP3, LVPUPS, LVPCSM)
  VALUES('F 2', DATE_FORMAT('20070101','%Y%m%d'), DATE_FORMAT('20091231','%Y%m%d'), 50, 16, 32, 48, 100, '8055ab6cdbfdee53537cce1731cbb42e');
INSERT INTO TMSYSTEM.TMS651LVP(LVPLND, LVPVON, LVPBIS, LVPTXT, LVPVP1, LVPVP2, LVPVP3, LVPUPS, LVPCSM)
  VALUES('FR 2', DATE_FORMAT('20100101','%Y%m%d'), DATE_FORMAT('20121231','%Y%m%d'), 50, 16, 32, 48, 100, 'bda9fb4ba7a3912cff55d137c664ec35');
INSERT INTO TMSYSTEM.TMS651LVP(LVPLND, LVPVON, LVPBIS, LVPTXT, LVPVP1, LVPVP2, LVPVP3, LVPUPS, LVPCSM)
  VALUES('FR 2', DATE_FORMAT('20130101','%Y%m%d'), NULL, 50, 20, 39, 58, 135, '3dec16ebd4be31bd40e7bc5d21385f36');
INSERT INTO TMSYSTEM.TMS651LVP(LVPLND, LVPVON, LVPBIS, LVPTXT, LVPVP1, LVPVP2, LVPVP3, LVPUPS, LVPCSM)
  VALUES('F 3', DATE_FORMAT('20070101','%Y%m%d'), DATE_FORMAT('20091231','%Y%m%d'), 51, 13, 26, 39, 75, 'd568da60739a85c07a12a97601b050f4');
INSERT INTO TMSYSTEM.TMS651LVP(LVPLND, LVPVON, LVPBIS, LVPTXT, LVPVP1, LVPVP2, LVPVP3, LVPUPS, LVPCSM)
  VALUES('FR 3', DATE_FORMAT('20100101','%Y%m%d'), DATE_FORMAT('20121231','%Y%m%d'), 51, 13, 26, 39, 75, 'a6b05ece5996ea308168093a4e2fb00a');
INSERT INTO TMSYSTEM.TMS651LVP(LVPLND, LVPVON, LVPBIS, LVPTXT, LVPVP1, LVPVP2, LVPVP3, LVPUPS, LVPCSM)
  VALUES('FR 3', DATE_FORMAT('20130101','%Y%m%d'), NULL, 51, 16, 32, 48, 89, '18fa1753909bc95c70aa0f94c372ebf3');
INSERT INTO TMSYSTEM.TMS651LVP(LVPLND, LVPVON, LVPBIS, LVPTXT, LVPVP1, LVPVP2, LVPVP3, LVPUPS, LVPCSM)
  VALUES('G', DATE_FORMAT('20070101','%Y%m%d'), DATE_FORMAT('20091231','%Y%m%d'), 52, 16, 32, 48, 100, 'a91f26d52d6d67c12c2c45bfddc71fd4');
INSERT INTO TMSYSTEM.TMS651LVP(LVPLND, LVPVON, LVPBIS, LVPTXT, LVPVP1, LVPVP2, LVPVP3, LVPUPS, LVPCSM)
  VALUES('GA', DATE_FORMAT('20100101','%Y%m%d'), DATE_FORMAT('20111231','%Y%m%d'), 52, 16, 32, 48, 100, '2ef304e044d4578aee7717cfb9fc914e');
INSERT INTO TMSYSTEM.TMS651LVP(LVPLND, LVPVON, LVPBIS, LVPTXT, LVPVP1, LVPVP2, LVPVP3, LVPUPS, LVPCSM)
  VALUES('GA', DATE_FORMAT('20120101','%Y%m%d'), NULL, 52, 20, 40, 60, 135, '15e00d3fb05c3db82974e9c585e094af');
INSERT INTO TMSYSTEM.TMS651LVP(LVPLND, LVPVON, LVPBIS, LVPTXT, LVPVP1, LVPVP2, LVPVP3, LVPUPS, LVPCSM)
  VALUES('WAG', DATE_FORMAT('20070101','%Y%m%d'), DATE_FORMAT('20091231','%Y%m%d'), 53, 6, 12, 18, 70, '40ac223ff10189f9c20e4b9241832766');
INSERT INTO TMSYSTEM.TMS651LVP(LVPLND, LVPVON, LVPBIS, LVPTXT, LVPVP1, LVPVP2, LVPVP3, LVPUPS, LVPCSM)
  VALUES('GM', DATE_FORMAT('20100101','%Y%m%d'), NULL, 53, 6, 12, 18, 70, '875e984b393dce86a7787e4eadc2dcd9');
INSERT INTO TMSYSTEM.TMS651LVP(LVPLND, LVPVON, LVPBIS, LVPTXT, LVPVP1, LVPVP2, LVPVP3, LVPUPS, LVPCSM)
  VALUES('GE', DATE_FORMAT('20070101','%Y%m%d'), DATE_FORMAT('20111231','%Y%m%d'), 54, 10, 20, 30, 140, '97c524ea60172639dd8da920c5f0e9a0');
INSERT INTO TMSYSTEM.TMS651LVP(LVPLND, LVPVON, LVPBIS, LVPTXT, LVPVP1, LVPVP2, LVPVP3, LVPUPS, LVPCSM)
  VALUES('GE', DATE_FORMAT('20120101','%Y%m%d'), NULL, 54, 10, 20, 30, 80, 'eef482d72d7965707370517aa2d6a50c');
INSERT INTO TMSYSTEM.TMS651LVP(LVPLND, LVPVON, LVPBIS, LVPTXT, LVPVP1, LVPVP2, LVPVP3, LVPUPS, LVPCSM)
  VALUES('GH', DATE_FORMAT('20070101','%Y%m%d'), DATE_FORMAT('20111231','%Y%m%d'), 55, 10, 20, 30, 105, 'c192eb62c1bd12dc5183da840f08ab9b');
INSERT INTO TMSYSTEM.TMS651LVP(LVPLND, LVPVON, LVPBIS, LVPTXT, LVPVP1, LVPVP2, LVPVP3, LVPUPS, LVPCSM)
  VALUES('GH', DATE_FORMAT('20120101','%Y%m%d'), DATE_FORMAT('20131231','%Y%m%d'), 55, 13, 25, 38, 130, '7ebd0e8baa13577563141eebeda9eb3a');
INSERT INTO TMSYSTEM.TMS651LVP(LVPLND, LVPVON, LVPBIS, LVPTXT, LVPVP1, LVPVP2, LVPVP3, LVPUPS, LVPCSM)
  VALUES('GH', DATE_FORMAT('20140101','%Y%m%d'), NULL, 55, 13, 31, 46, 174, '56ef05e24354e1fe2e3912455f6e2464');
INSERT INTO TMSYSTEM.TMS651LVP(LVPLND, LVPVON, LVPBIS, LVPTXT, LVPVP1, LVPVP2, LVPVP3, LVPUPS, LVPCSM)
  VALUES('GR 1', DATE_FORMAT('20070101','%Y%m%d'), DATE_FORMAT('20081231','%Y%m%d'), 56, 10, 20, 30, 85, '32a278fb3b30087031369e6f4ecc2a14');
INSERT INTO TMSYSTEM.TMS651LVP(LVPLND, LVPVON, LVPBIS, LVPTXT, LVPVP1, LVPVP2, LVPVP3, LVPUPS, LVPCSM)
  VALUES('GR 1', DATE_FORMAT('20090101','%Y%m%d'), DATE_FORMAT('20121231','%Y%m%d'), 56, 12, 24, 36, 120, 'afda4302858048134e1906353c436406');
INSERT INTO TMSYSTEM.TMS651LVP(LVPLND, LVPVON, LVPBIS, LVPTXT, LVPVP1, LVPVP2, LVPVP3, LVPUPS, LVPCSM)
  VALUES('GR 1', DATE_FORMAT('20130101','%Y%m%d'), NULL, 56, 14, 28, 42, 132, '57e3458618c6be2a2e4b032acebdb936');
INSERT INTO TMSYSTEM.TMS651LVP(LVPLND, LVPVON, LVPBIS, LVPTXT, LVPVP1, LVPVP2, LVPVP3, LVPUPS, LVPCSM)
  VALUES('GR 2', DATE_FORMAT('20070101','%Y%m%d'), DATE_FORMAT('20081231','%Y%m%d'), 57, 12, 24, 36, 135, 'ce3bdb2cc9b9ec6c3163667403648bf6');
INSERT INTO TMSYSTEM.TMS651LVP(LVPLND, LVPVON, LVPBIS, LVPTXT, LVPVP1, LVPVP2, LVPVP3, LVPUPS, LVPCSM)
  VALUES('GR 2', DATE_FORMAT('20090101','%Y%m%d'), DATE_FORMAT('20111231','%Y%m%d'), 57, 14, 28, 42, 135, 'ef4a58ace82289d60e85ff9a1c9538e9');
INSERT INTO TMSYSTEM.TMS651LVP(LVPLND, LVPVON, LVPBIS, LVPTXT, LVPVP1, LVPVP2, LVPVP3, LVPUPS, LVPCSM)
  VALUES('GR 2', DATE_FORMAT('20120101','%Y%m%d'), NULL, 57, 19, 38, 57, 125, '07b9ae3e6ddf76522c0c6e4413fdd13a');
INSERT INTO TMSYSTEM.TMS651LVP(LVPLND, LVPVON, LVPBIS, LVPTXT, LVPVP1, LVPVP2, LVPVP3, LVPUPS, LVPCSM)
  VALUES('WG', DATE_FORMAT('20070101','%Y%m%d'), DATE_FORMAT('20091231','%Y%m%d'), 58, 12, 24, 36, 105, '0ec5719edf07298708c532f62a3ac267');
INSERT INTO TMSYSTEM.TMS651LVP(LVPLND, LVPVON, LVPBIS, LVPTXT, LVPVP1, LVPVP2, LVPVP3, LVPUPS, LVPCSM)
  VALUES('GD', DATE_FORMAT('20100101','%Y%m%d'), DATE_FORMAT('20131231','%Y%m%d'), 58, 12, 24, 36, 105, 'ffd5aab1c2a0e0a3be180593afcc6032');
INSERT INTO TMSYSTEM.TMS651LVP(LVPLND, LVPVON, LVPBIS, LVPTXT, LVPVP1, LVPVP2, LVPVP3, LVPUPS, LVPCSM)
  VALUES('GD', DATE_FORMAT('20140101','%Y%m%d'), NULL, 58, 12, 34, 51, 121, 'f7c5e57b8a64e6cb096e120ce0ccf471');
INSERT INTO TMSYSTEM.TMS651LVP(LVPLND, LVPVON, LVPBIS, LVPTXT, LVPVP1, LVPVP2, LVPVP3, LVPUPS, LVPCSM)
  VALUES('GB 1', DATE_FORMAT('20070101','%Y%m%d'), DATE_FORMAT('20121231','%Y%m%d'), 59, 14, 28, 42, 110, '8b3522bab9059ead262ef80d79385071');
INSERT INTO TMSYSTEM.TMS651LVP(LVPLND, LVPVON, LVPBIS, LVPTXT, LVPVP1, LVPVP2, LVPVP3, LVPUPS, LVPCSM)
  VALUES('GB 1', DATE_FORMAT('20130101','%Y%m%d'), NULL, 59, 14, 28, 42, 119, '81884a182aa7d0e44f4d588a9cbd1f06');
INSERT INTO TMSYSTEM.TMS651LVP(LVPLND, LVPVON, LVPBIS, LVPTXT, LVPVP1, LVPVP2, LVPVP3, LVPUPS, LVPCSM)
  VALUES('GB 2', DATE_FORMAT('20070101','%Y%m%d'), DATE_FORMAT('20121231','%Y%m%d'), 60, 14, 28, 42, 170, 'd6a276e0b5c9372004750c2841e5a651');
INSERT INTO TMSYSTEM.TMS651LVP(LVPLND, LVPVON, LVPBIS, LVPTXT, LVPVP1, LVPVP2, LVPVP3, LVPUPS, LVPCSM)
  VALUES('GB 3', DATE_FORMAT('20070101','%Y%m%d'), DATE_FORMAT('20121231','%Y%m%d'), 61, 20, 40, 60, 152, '8b7e1ce604a06b02a08675fe4e805e49');
INSERT INTO TMSYSTEM.TMS651LVP(LVPLND, LVPVON, LVPBIS, LVPTXT, LVPVP1, LVPVP2, LVPVP3, LVPUPS, LVPCSM)
  VALUES('GB 3', DATE_FORMAT('20130101','%Y%m%d'), NULL, 61, 19, 38, 57, 160, 'ca2c5f1338c128a49d2f26f7c4e95f47');
INSERT INTO TMSYSTEM.TMS651LVP(LVPLND, LVPVON, LVPBIS, LVPTXT, LVPVP1, LVPVP2, LVPVP3, LVPUPS, LVPCSM)
  VALUES('GB 4', DATE_FORMAT('20070101','%Y%m%d'), DATE_FORMAT('20121231','%Y%m%d'), 62, 14, 28, 42, 110, 'b8d96c4d41c63c1f514cd6d2c8989741');
INSERT INTO TMSYSTEM.TMS651LVP(LVPLND, LVPVON, LVPBIS, LVPTXT, LVPVP1, LVPVP2, LVPVP3, LVPUPS, LVPCSM)
  VALUES('GB 4', DATE_FORMAT('20130101','%Y%m%d'), NULL, 62, 14, 28, 42, 119, '2bc313bfb19fc30cd61e8b6d855cfb97');
INSERT INTO TMSYSTEM.TMS651LVP(LVPLND, LVPVON, LVPBIS, LVPTXT, LVPVP1, LVPVP2, LVPVP3, LVPUPS, LVPCSM)
  VALUES('GCA', DATE_FORMAT('20070101','%Y%m%d'), DATE_FORMAT('20081231','%Y%m%d'), 63, 10, 20, 30, 90, 'a025b3bc81798e8574003072b324cd4c');
INSERT INTO TMSYSTEM.TMS651LVP(LVPLND, LVPVON, LVPBIS, LVPTXT, LVPVP1, LVPVP2, LVPVP3, LVPUPS, LVPCSM)
  VALUES('GCA', DATE_FORMAT('20090101','%Y%m%d'), DATE_FORMAT('20091231','%Y%m%d'), 63, 11, 22, 33, 90, 'bfe660e5e0febca84658017414475914');
INSERT INTO TMSYSTEM.TMS651LVP(LVPLND, LVPVON, LVPBIS, LVPTXT, LVPVP1, LVPVP2, LVPVP3, LVPUPS, LVPCSM)
  VALUES('GT', DATE_FORMAT('20100101','%Y%m%d'), DATE_FORMAT('20131231','%Y%m%d'), 63, 11, 22, 33, 90, 'c78640f9c80112b1132893e1dd7d345c');
INSERT INTO TMSYSTEM.TMS651LVP(LVPLND, LVPVON, LVPBIS, LVPTXT, LVPVP1, LVPVP2, LVPVP3, LVPUPS, LVPCSM)
  VALUES('GT', DATE_FORMAT('20140101','%Y%m%d'), NULL, 63, 11, 19, 28, 96, 'e5478dca632f1c45b8628232554aaf57');
INSERT INTO TMSYSTEM.TMS651LVP(LVPLND, LVPVON, LVPBIS, LVPTXT, LVPVP1, LVPVP2, LVPVP3, LVPUPS, LVPCSM)
  VALUES('RG', DATE_FORMAT('20070101','%Y%m%d'), DATE_FORMAT('20081231','%Y%m%d'), 64, 8, 16, 24, 90, 'ca31a8c58c799fc16d16e1b615fb8976');
INSERT INTO TMSYSTEM.TMS651LVP(LVPLND, LVPVON, LVPBIS, LVPTXT, LVPVP1, LVPVP2, LVPVP3, LVPUPS, LVPCSM)
  VALUES('RG', DATE_FORMAT('20090101','%Y%m%d'), DATE_FORMAT('20091231','%Y%m%d'), 64, 12, 24, 36, 70, '3467956056318020396ddb12de31ed98');
INSERT INTO TMSYSTEM.TMS651LVP(LVPLND, LVPVON, LVPBIS, LVPTXT, LVPVP1, LVPVP2, LVPVP3, LVPUPS, LVPCSM)
  VALUES('GN', DATE_FORMAT('20100101','%Y%m%d'), DATE_FORMAT('20111231','%Y%m%d'), 64, 12, 24, 36, 70, '1d41f68b38ea28e088ba1badd3a20678');
INSERT INTO TMSYSTEM.TMS651LVP(LVPLND, LVPVON, LVPBIS, LVPTXT, LVPVP1, LVPVP2, LVPVP3, LVPUPS, LVPCSM)
  VALUES('GN', DATE_FORMAT('20120101','%Y%m%d'), NULL, 64, 13, 25, 38, 110, '12752c282f30bfb2e3d2d9aa0557a091');
INSERT INTO TMSYSTEM.TMS651LVP(LVPLND, LVPVON, LVPBIS, LVPTXT, LVPVP1, LVPVP2, LVPVP3, LVPUPS, LVPCSM)
  VALUES('GMB', DATE_FORMAT('20070101','%Y%m%d'), DATE_FORMAT('20091231','%Y%m%d'), 65, 10, 20, 30, 60, '8b09c60fed5a26dc61e347299944b38d');
INSERT INTO TMSYSTEM.TMS651LVP(LVPLND, LVPVON, LVPBIS, LVPTXT, LVPVP1, LVPVP2, LVPVP3, LVPUPS, LVPCSM)
  VALUES('GW', DATE_FORMAT('20100101','%Y%m%d'), NULL, 65, 10, 20, 30, 60, '6bea84793436eb95eba3e3af4385b313');
INSERT INTO TMSYSTEM.TMS651LVP(LVPLND, LVPVON, LVPBIS, LVPTXT, LVPVP1, LVPVP2, LVPVP3, LVPUPS, LVPCSM)
  VALUES('GUY', DATE_FORMAT('20070101','%Y%m%d'), DATE_FORMAT('20091231','%Y%m%d'), 66, 12, 24, 36, 90, '82493c0a4c3e5f794e0b7fbff74d45ae');
INSERT INTO TMSYSTEM.TMS651LVP(LVPLND, LVPVON, LVPBIS, LVPTXT, LVPVP1, LVPVP2, LVPVP3, LVPUPS, LVPCSM)
  VALUES('GY', DATE_FORMAT('20100101','%Y%m%d'), DATE_FORMAT('20131231','%Y%m%d'), 66, 12, 24, 36, 90, 'ea526b3ea2723292cd3d83e622976d7b');
INSERT INTO TMSYSTEM.TMS651LVP(LVPLND, LVPVON, LVPBIS, LVPTXT, LVPVP1, LVPVP2, LVPVP3, LVPUPS, LVPCSM)
  VALUES('GY', DATE_FORMAT('20140101','%Y%m%d'), NULL, 66, 12, 28, 41, 81, '399a42884340e8cdc0bdd5465828a5bc');
INSERT INTO TMSYSTEM.TMS651LVP(LVPLND, LVPVON, LVPBIS, LVPTXT, LVPVP1, LVPVP2, LVPVP3, LVPUPS, LVPCSM)
  VALUES('RH', DATE_FORMAT('20070101','%Y%m%d'), DATE_FORMAT('20081231','%Y%m%d'), 67, 14, 28, 42, 90, '6ef8a909cc9afe8121e2597a5d22b6bb');
INSERT INTO TMSYSTEM.TMS651LVP(LVPLND, LVPVON, LVPBIS, LVPTXT, LVPVP1, LVPVP2, LVPVP3, LVPUPS, LVPCSM)
  VALUES('RH', DATE_FORMAT('20090101','%Y%m%d'), DATE_FORMAT('20091231','%Y%m%d'), 67, 16, 32, 48, 105, 'c743ce1d51f04feff489cd6419acc02f');
INSERT INTO TMSYSTEM.TMS651LVP(LVPLND, LVPVON, LVPBIS, LVPTXT, LVPVP1, LVPVP2, LVPVP3, LVPUPS, LVPCSM)
  VALUES('HT', DATE_FORMAT('20100101','%Y%m%d'), DATE_FORMAT('20121231','%Y%m%d'), 67, 16, 32, 48, 105, '6da2ce3a8a234033171e3157b51e75a0');
INSERT INTO TMSYSTEM.TMS651LVP(LVPLND, LVPVON, LVPBIS, LVPTXT, LVPVP1, LVPVP2, LVPVP3, LVPUPS, LVPCSM)
  VALUES('HT', DATE_FORMAT('20130101','%Y%m%d'), NULL, 67, 17, 33, 50, 111, 'e6368ab4deb2c8e13cb42d410c5fcb66');
INSERT INTO TMSYSTEM.TMS651LVP(LVPLND, LVPVON, LVPBIS, LVPTXT, LVPVP1, LVPVP2, LVPVP3, LVPUPS, LVPCSM)
  VALUES('HN', DATE_FORMAT('20070101','%Y%m%d'), DATE_FORMAT('20091231','%Y%m%d'), 68, 10, 20, 30, 100, '797314dd1ca714ee2acc819418d39aff');
INSERT INTO TMSYSTEM.TMS651LVP(LVPLND, LVPVON, LVPBIS, LVPTXT, LVPVP1, LVPVP2, LVPVP3, LVPUPS, LVPCSM)
  VALUES('HN', DATE_FORMAT('20100101','%Y%m%d'), DATE_FORMAT('20111231','%Y%m%d'), 68, 10, 20, 30, 100, '37cdff0fd3de5851c338737011438b90');
INSERT INTO TMSYSTEM.TMS651LVP(LVPLND, LVPVON, LVPBIS, LVPTXT, LVPVP1, LVPVP2, LVPVP3, LVPUPS, LVPCSM)
  VALUES('HN', DATE_FORMAT('20120101','%Y%m%d'), NULL, 68, 12, 24, 35, 115, 'b234abf0e211dfa0b0f86a6eed621709');
INSERT INTO TMSYSTEM.TMS651LVP(LVPLND, LVPVON, LVPBIS, LVPTXT, LVPVP1, LVPVP2, LVPVP3, LVPUPS, LVPCSM)
  VALUES('IND 1', DATE_FORMAT('20070101','%Y%m%d'), DATE_FORMAT('20081231','%Y%m%d'), 69, 11, 22, 33, 90, 'ae926f6171772ff9bdf41da9a79b94ed');
INSERT INTO TMSYSTEM.TMS651LVP(LVPLND, LVPVON, LVPBIS, LVPTXT, LVPVP1, LVPVP2, LVPVP3, LVPUPS, LVPCSM)
  VALUES('IND 1', DATE_FORMAT('20090101','%Y%m%d'), DATE_FORMAT('20091231','%Y%m%d'), 69, 10, 20, 30, 120, 'ec8b75315e74ccc9a3ba3fa8c791a64d');
INSERT INTO TMSYSTEM.TMS651LVP(LVPLND, LVPVON, LVPBIS, LVPTXT, LVPVP1, LVPVP2, LVPVP3, LVPUPS, LVPCSM)
  VALUES('IN 1', DATE_FORMAT('20100101','%Y%m%d'), NULL, 69, 10, 20, 30, 120, '132bdaff77ab37d1d2fea0797dc7dce1');
INSERT INTO TMSYSTEM.TMS651LVP(LVPLND, LVPVON, LVPBIS, LVPTXT, LVPVP1, LVPVP2, LVPVP3, LVPUPS, LVPCSM)
  VALUES('IND 2', DATE_FORMAT('20070101','%Y%m%d'), DATE_FORMAT('20081231','%Y%m%d'), 70, 11, 22, 33, 140, '24b8f8da5d5c93e170f57f178c59bfe1');
INSERT INTO TMSYSTEM.TMS651LVP(LVPLND, LVPVON, LVPBIS, LVPTXT, LVPVP1, LVPVP2, LVPVP3, LVPUPS, LVPCSM)
  VALUES('IND 2', DATE_FORMAT('20090101','%Y%m%d'), DATE_FORMAT('20091231','%Y%m%d'), 70, 12, 24, 35, 150, 'c0ce2f95fd3269724ab1be4ea312b0ca');
INSERT INTO TMSYSTEM.TMS651LVP(LVPLND, LVPVON, LVPBIS, LVPTXT, LVPVP1, LVPVP2, LVPVP3, LVPUPS, LVPCSM)
  VALUES('IN 2', DATE_FORMAT('20100101','%Y%m%d'), NULL, 70, 12, 24, 35, 150, 'e8aa4ef4169634dfff0b4436a3f82251');
INSERT INTO TMSYSTEM.TMS651LVP(LVPLND, LVPVON, LVPBIS, LVPTXT, LVPVP1, LVPVP2, LVPVP3, LVPUPS, LVPCSM)
  VALUES('IND 3', DATE_FORMAT('20070101','%Y%m%d'), DATE_FORMAT('20081231','%Y%m%d'), 71, 8, 16, 24, 140, '0dcba226e26381833827e7c83cdf493e');
INSERT INTO TMSYSTEM.TMS651LVP(LVPLND, LVPVON, LVPBIS, LVPTXT, LVPVP1, LVPVP2, LVPVP3, LVPUPS, LVPCSM)
  VALUES('IND 3', DATE_FORMAT('20090101','%Y%m%d'), DATE_FORMAT('20091231','%Y%m%d'), 71, 11, 22, 33, 120, '86852283d684ebe0f5b15e05ae3b887d');
INSERT INTO TMSYSTEM.TMS651LVP(LVPLND, LVPVON, LVPBIS, LVPTXT, LVPVP1, LVPVP2, LVPVP3, LVPUPS, LVPCSM)
  VALUES('IN 3', DATE_FORMAT('20100101','%Y%m%d'), NULL, 71, 11, 22, 33, 120, 'f2ab1118ee51adb926f0c8fd6472afc5');
INSERT INTO TMSYSTEM.TMS651LVP(LVPLND, LVPVON, LVPBIS, LVPTXT, LVPVP1, LVPVP2, LVPVP3, LVPUPS, LVPCSM)
  VALUES('RI', DATE_FORMAT('20070101','%Y%m%d'), DATE_FORMAT('20091231','%Y%m%d'), 72, 13, 26, 39, 110, '8ae6716eebfe1eb646ae51e757424897');
INSERT INTO TMSYSTEM.TMS651LVP(LVPLND, LVPVON, LVPBIS, LVPTXT, LVPVP1, LVPVP2, LVPVP3, LVPUPS, LVPCSM)
  VALUES('ID', DATE_FORMAT('20100101','%Y%m%d'), NULL, 72, 13, 26, 39, 110, '9aeb47c656ecfbd8f164a9ff13fb2f5d');
INSERT INTO TMSYSTEM.TMS651LVP(LVPLND, LVPVON, LVPBIS, LVPTXT, LVPVP1, LVPVP2, LVPVP3, LVPUPS, LVPCSM)
  VALUES('IRQ', DATE_FORMAT('20070101','%Y%m%d'), DATE_FORMAT('20081231','%Y%m%d'), 73, 13, 26, 39, 87, '97481f5bcf9f0d184e8b710e000d3735');
INSERT INTO TMSYSTEM.TMS651LVP(LVPLND, LVPVON, LVPBIS, LVPTXT, LVPVP1, LVPVP2, LVPVP3, LVPUPS, LVPCSM)
  VALUES('IQ', DATE_FORMAT('20100101','%Y%m%d'), DATE_FORMAT('20121231','%Y%m%d'), 73, 13, 26, 39, 87, '6f64c5759cc6f1d62c96ba1e0f8754b2');
INSERT INTO TMSYSTEM.TMS651LVP(LVPLND, LVPVON, LVPBIS, LVPTXT, LVPVP1, LVPVP2, LVPVP3, LVPUPS, LVPCSM)
  VALUES('IQ', DATE_FORMAT('20130101','%Y%m%d'), NULL, 73, 16, 32, 47, 102, '4e531453e07ba81fd0ab806a473b1220');
INSERT INTO TMSYSTEM.TMS651LVP(LVPLND, LVPVON, LVPBIS, LVPTXT, LVPVP1, LVPVP2, LVPVP3, LVPUPS, LVPCSM)
  VALUES('IR', DATE_FORMAT('20070101','%Y%m%d'), DATE_FORMAT('20091231','%Y%m%d'), 74, 8, 16, 24, 100, '6b5b68a0329fd5898a6561bb0fd3e5b5');
INSERT INTO TMSYSTEM.TMS651LVP(LVPLND, LVPVON, LVPBIS, LVPTXT, LVPVP1, LVPVP2, LVPVP3, LVPUPS, LVPCSM)
  VALUES('IR', DATE_FORMAT('20100101','%Y%m%d'), DATE_FORMAT('20131231','%Y%m%d'), 74, 10, 20, 30, 120, 'baed59ae48784fb450b285e9160a0eba');
INSERT INTO TMSYSTEM.TMS651LVP(LVPLND, LVPVON, LVPBIS, LVPTXT, LVPVP1, LVPVP2, LVPVP3, LVPUPS, LVPCSM)
  VALUES('IR', DATE_FORMAT('20140101','%Y%m%d'), NULL, 74, 10, 19, 28, 84, 'b5b4a05f8294266283d05dabbb7c66ce');
INSERT INTO TMSYSTEM.TMS651LVP(LVPLND, LVPVON, LVPBIS, LVPTXT, LVPVP1, LVPVP2, LVPVP3, LVPUPS, LVPCSM)
  VALUES('IRL', DATE_FORMAT('20070101','%Y%m%d'), DATE_FORMAT('20091231','%Y%m%d'), 75, 14, 28, 42, 130, '9b8455e99a46ffb5e5f2fbbd703bf862');
INSERT INTO TMSYSTEM.TMS651LVP(LVPLND, LVPVON, LVPBIS, LVPTXT, LVPVP1, LVPVP2, LVPVP3, LVPUPS, LVPCSM)
  VALUES('IE', DATE_FORMAT('20100101','%Y%m%d'), DATE_FORMAT('20111231','%Y%m%d'), 75, 14, 28, 42, 130, 'd7b512ab813c355ab72f1f2d3ca9931d');
INSERT INTO TMSYSTEM.TMS651LVP(LVPLND, LVPVON, LVPBIS, LVPTXT, LVPVP1, LVPVP2, LVPVP3, LVPUPS, LVPCSM)
  VALUES('IE', DATE_FORMAT('20120101','%Y%m%d'), NULL, 75, 14, 28, 42, 90, '2025bc7eea09622fc36c9e4fdd867bdb');
INSERT INTO TMSYSTEM.TMS651LVP(LVPLND, LVPVON, LVPBIS, LVPTXT, LVPVP1, LVPVP2, LVPVP3, LVPUPS, LVPCSM)
  VALUES('IS', DATE_FORMAT('20070101','%Y%m%d'), DATE_FORMAT('20081231','%Y%m%d'), 76, 24, 48, 72, 190, 'b0917604f489c5b0cb0d8d9cf00353dd');
INSERT INTO TMSYSTEM.TMS651LVP(LVPLND, LVPVON, LVPBIS, LVPTXT, LVPVP1, LVPVP2, LVPVP3, LVPUPS, LVPCSM)
  VALUES('IS', DATE_FORMAT('20090101','%Y%m%d'), DATE_FORMAT('20111231','%Y%m%d'), 76, 26, 52, 77, 165, 'aa13cb01b91a25d2ca0eb7d114e1b5f2');
INSERT INTO TMSYSTEM.TMS651LVP(LVPLND, LVPVON, LVPBIS, LVPTXT, LVPVP1, LVPVP2, LVPVP3, LVPUPS, LVPCSM)
  VALUES('IS', DATE_FORMAT('20120101','%Y%m%d'), NULL, 76, 18, 36, 53, 105, '7d62acf4df4a0b196eeaf8a3af71c875');
INSERT INTO TMSYSTEM.TMS651LVP(LVPLND, LVPVON, LVPBIS, LVPTXT, LVPVP1, LVPVP2, LVPVP3, LVPUPS, LVPCSM)
  VALUES('IL 1', DATE_FORMAT('20070101','%Y%m%d'), DATE_FORMAT('20111231','%Y%m%d'), 77, 11, 22, 33, 75, '68af3121eeb311b9952059cd604662f8');
INSERT INTO TMSYSTEM.TMS651LVP(LVPLND, LVPVON, LVPBIS, LVPTXT, LVPVP1, LVPVP2, LVPVP3, LVPUPS, LVPCSM)
  VALUES('IL 1', DATE_FORMAT('20120101','%Y%m%d'), NULL, 77, 20, 40, 59, 175, 'e4ae14197e4c135408d71243361ba2f2');
INSERT INTO TMSYSTEM.TMS651LVP(LVPLND, LVPVON, LVPBIS, LVPTXT, LVPVP1, LVPVP2, LVPVP3, LVPUPS, LVPCSM)
  VALUES('IL 2', DATE_FORMAT('20070101','%Y%m%d'), DATE_FORMAT('20111231','%Y%m%d'), 78, 15, 30, 45, 110, 'a94af3edfb2f97fd36c81df262776ff7');
INSERT INTO TMSYSTEM.TMS651LVP(LVPLND, LVPVON, LVPBIS, LVPTXT, LVPVP1, LVPVP2, LVPVP3, LVPUPS, LVPCSM)
  VALUES('I 1', DATE_FORMAT('20070101','%Y%m%d'), DATE_FORMAT('20091231','%Y%m%d'), 79, 12, 24, 36, 100, '91ddd15273da19b5dd36ed015ab05d1d');
INSERT INTO TMSYSTEM.TMS651LVP(LVPLND, LVPVON, LVPBIS, LVPTXT, LVPVP1, LVPVP2, LVPVP3, LVPUPS, LVPCSM)
  VALUES('IT 1', DATE_FORMAT('20100101','%Y%m%d'), DATE_FORMAT('20121231','%Y%m%d'), 79, 12, 24, 36, 100, 'bd9a4d873d754e84b5452cac59b42c69');
INSERT INTO TMSYSTEM.TMS651LVP(LVPLND, LVPVON, LVPBIS, LVPTXT, LVPVP1, LVPVP2, LVPVP3, LVPUPS, LVPCSM)
  VALUES('IT 1', DATE_FORMAT('20130101','%Y%m%d'), NULL, 79, 12, 23, 34, 126, '3be9285435c691036d1974f48fc45255');
INSERT INTO TMSYSTEM.TMS651LVP(LVPLND, LVPVON, LVPBIS, LVPTXT, LVPVP1, LVPVP2, LVPVP3, LVPUPS, LVPCSM)
  VALUES('I 2', DATE_FORMAT('20070101','%Y%m%d'), DATE_FORMAT('20091231','%Y%m%d'), 80, 12, 24, 36, 140, '5ffa5e0c19d2bced1efad2440f588886');
INSERT INTO TMSYSTEM.TMS651LVP(LVPLND, LVPVON, LVPBIS, LVPTXT, LVPVP1, LVPVP2, LVPVP3, LVPUPS, LVPCSM)
  VALUES('IT 2', DATE_FORMAT('20100101','%Y%m%d'), DATE_FORMAT('20121231','%Y%m%d'), 80, 12, 24, 36, 140, '45548a599c4fdb24dcd8f514c5a7f006');
INSERT INTO TMSYSTEM.TMS651LVP(LVPLND, LVPVON, LVPBIS, LVPTXT, LVPVP1, LVPVP2, LVPVP3, LVPUPS, LVPCSM)
  VALUES('IT 2', DATE_FORMAT('20130101','%Y%m%d'), NULL, 80, 13, 26, 39, 156, 'ff079ccc5aecf3e72f47a33a5c257fc3');
INSERT INTO TMSYSTEM.TMS651LVP(LVPLND, LVPVON, LVPBIS, LVPTXT, LVPVP1, LVPVP2, LVPVP3, LVPUPS, LVPCSM)
  VALUES('I 3', DATE_FORMAT('20070101','%Y%m%d'), DATE_FORMAT('20091231','%Y%m%d'), 81, 12, 24, 36, 108, '076be1206f241c0efcb316a7d0aced6a');
INSERT INTO TMSYSTEM.TMS651LVP(LVPLND, LVPVON, LVPBIS, LVPTXT, LVPVP1, LVPVP2, LVPVP3, LVPUPS, LVPCSM)
  VALUES('IT 3', DATE_FORMAT('20100101','%Y%m%d'), DATE_FORMAT('20121231','%Y%m%d'), 81, 12, 24, 36, 108, '11d3fd6ce218cc4e40a3ffa3b9237257');
INSERT INTO TMSYSTEM.TMS651LVP(LVPLND, LVPVON, LVPBIS, LVPTXT, LVPVP1, LVPVP2, LVPVP3, LVPUPS, LVPCSM)
  VALUES('IT 3', DATE_FORMAT('20130101','%Y%m%d'), NULL, 81, 18, 35, 52, 160, 'b02e58156874bbbc37a466189a092c6a');
INSERT INTO TMSYSTEM.TMS651LVP(LVPLND, LVPVON, LVPBIS, LVPTXT, LVPVP1, LVPVP2, LVPVP3, LVPUPS, LVPCSM)
  VALUES('JA', DATE_FORMAT('20070101','%Y%m%d'), DATE_FORMAT('20091231','%Y%m%d'), 82, 16, 32, 48, 110, 'ae0cf354c759e6097a3c7e6099294c44');
INSERT INTO TMSYSTEM.TMS651LVP(LVPLND, LVPVON, LVPBIS, LVPTXT, LVPVP1, LVPVP2, LVPVP3, LVPUPS, LVPCSM)
  VALUES('JM', DATE_FORMAT('20100101','%Y%m%d'), DATE_FORMAT('20111231','%Y%m%d'), 82, 16, 32, 48, 110, '197b49f063443ca10f50774895e62905');
INSERT INTO TMSYSTEM.TMS651LVP(LVPLND, LVPVON, LVPBIS, LVPTXT, LVPVP1, LVPVP2, LVPVP3, LVPUPS, LVPCSM)
  VALUES('JM', DATE_FORMAT('20120101','%Y%m%d'), DATE_FORMAT('20131231','%Y%m%d'), 82, 16, 32, 48, 145, 'dddcc1e2b6a4b630a14500b209110fdb');
INSERT INTO TMSYSTEM.TMS651LVP(LVPLND, LVPVON, LVPBIS, LVPTXT, LVPVP1, LVPVP2, LVPVP3, LVPUPS, LVPCSM)
  VALUES('JM', DATE_FORMAT('20140101','%Y%m%d'), NULL, 82, 16, 36, 54, 135, '8398de98154d79ede8f37f7c19023b96');
INSERT INTO TMSYSTEM.TMS651LVP(LVPLND, LVPVON, LVPBIS, LVPTXT, LVPVP1, LVPVP2, LVPVP3, LVPUPS, LVPCSM)
  VALUES('J 1', DATE_FORMAT('20070101','%Y%m%d'), DATE_FORMAT('20081231','%Y%m%d'), 83, 14, 28, 42, 90, '5daf8919b2849af756f7feedc94fbbda');
INSERT INTO TMSYSTEM.TMS651LVP(LVPLND, LVPVON, LVPBIS, LVPTXT, LVPVP1, LVPVP2, LVPVP3, LVPUPS, LVPCSM)
  VALUES('J 1', DATE_FORMAT('20090101','%Y%m%d'), DATE_FORMAT('20091231','%Y%m%d'), 83, 17, 34, 51, 90, '3c289c06873a33e731273c67e940418e');
INSERT INTO TMSYSTEM.TMS651LVP(LVPLND, LVPVON, LVPBIS, LVPTXT, LVPVP1, LVPVP2, LVPVP3, LVPUPS, LVPCSM)
  VALUES('JP 1', DATE_FORMAT('20100101','%Y%m%d'), DATE_FORMAT('20121231','%Y%m%d'), 83, 17, 34, 51, 90, '57c61df516944a132e333b345aa4364a');
INSERT INTO TMSYSTEM.TMS651LVP(LVPLND, LVPVON, LVPBIS, LVPTXT, LVPVP1, LVPVP2, LVPVP3, LVPUPS, LVPCSM)
  VALUES('JP 1', DATE_FORMAT('20130101','%Y%m%d'), NULL, 83, 17, 34, 51, 156, '4e61d1d8c8712bdcef548dd48a018a6f');
INSERT INTO TMSYSTEM.TMS651LVP(LVPLND, LVPVON, LVPBIS, LVPTXT, LVPVP1, LVPVP2, LVPVP3, LVPUPS, LVPCSM)
  VALUES('J 2', DATE_FORMAT('20070101','%Y%m%d'), DATE_FORMAT('20081231','%Y%m%d'), 84, 24, 48, 72, 140, '45d46cf35f6ebb3432dd847e60881ad8');
INSERT INTO TMSYSTEM.TMS651LVP(LVPLND, LVPVON, LVPBIS, LVPTXT, LVPVP1, LVPVP2, LVPVP3, LVPUPS, LVPCSM)
  VALUES('J 2', DATE_FORMAT('20090101','%Y%m%d'), DATE_FORMAT('20091231','%Y%m%d'), 84, 17, 34, 51, 130, 'f864b4e789518a6c44cf1036281d285a');
INSERT INTO TMSYSTEM.TMS651LVP(LVPLND, LVPVON, LVPBIS, LVPTXT, LVPVP1, LVPVP2, LVPVP3, LVPUPS, LVPCSM)
  VALUES('JP 2', DATE_FORMAT('20100101','%Y%m%d'), DATE_FORMAT('20121231','%Y%m%d'), 84, 17, 34, 51, 130, 'bdc9f90e0b4fcbf3355c21acb39ccdc4');
INSERT INTO TMSYSTEM.TMS651LVP(LVPLND, LVPVON, LVPBIS, LVPTXT, LVPVP1, LVPVP2, LVPVP3, LVPUPS, LVPCSM)
  VALUES('JP 2', DATE_FORMAT('20130101','%Y%m%d'), NULL, 84, 18, 36, 53, 153, 'a9cd385a14cdb299fad1a530f85b18fa');
INSERT INTO TMSYSTEM.TMS651LVP(LVPLND, LVPVON, LVPBIS, LVPTXT, LVPVP1, LVPVP2, LVPVP3, LVPUPS, LVPCSM)
  VALUES('ADN', DATE_FORMAT('20070101','%Y%m%d'), DATE_FORMAT('20091231','%Y%m%d'), 85, 6, 12, 18, 105, '163261fc578fe37cd8d3e2b11395c120');
INSERT INTO TMSYSTEM.TMS651LVP(LVPLND, LVPVON, LVPBIS, LVPTXT, LVPVP1, LVPVP2, LVPVP3, LVPUPS, LVPCSM)
  VALUES('YE', DATE_FORMAT('20100101','%Y%m%d'), NULL, 85, 8, 16, 24, 95, '504370403bc24e075357761e05cde3f9');
INSERT INTO TMSYSTEM.TMS651LVP(LVPLND, LVPVON, LVPBIS, LVPTXT, LVPVP1, LVPVP2, LVPVP3, LVPUPS, LVPCSM)
  VALUES('JOR', DATE_FORMAT('20070101','%Y%m%d'), DATE_FORMAT('20091231','%Y%m%d'), 86, 11, 22, 33, 70, '588458556da579c663a58d2a85b122fd');
INSERT INTO TMSYSTEM.TMS651LVP(LVPLND, LVPVON, LVPBIS, LVPTXT, LVPVP1, LVPVP2, LVPVP3, LVPUPS, LVPCSM)
  VALUES('JO', DATE_FORMAT('20100101','%Y%m%d'), NULL, 86, 12, 24, 36, 85, '17ee8bcfb6fe0783ac8c12df72d1fadb');
INSERT INTO TMSYSTEM.TMS651LVP(LVPLND, LVPVON, LVPBIS, LVPTXT, LVPVP1, LVPVP2, LVPVP3, LVPUPS, LVPCSM)
  VALUES('K', DATE_FORMAT('20070101','%Y%m%d'), DATE_FORMAT('20091231','%Y%m%d'), 87, 11, 22, 33, 70, '400a77b179040d1ce9d00a8d081b06d3');
INSERT INTO TMSYSTEM.TMS651LVP(LVPLND, LVPVON, LVPBIS, LVPTXT, LVPVP1, LVPVP2, LVPVP3, LVPUPS, LVPCSM)
  VALUES('KH', DATE_FORMAT('20100101','%Y%m%d'), NULL, 87, 12, 24, 36, 85, '7b44943fd84636b72667b38236ac0b30');
INSERT INTO TMSYSTEM.TMS651LVP(LVPLND, LVPVON, LVPBIS, LVPTXT, LVPVP1, LVPVP2, LVPVP3, LVPUPS, LVPCSM)
  VALUES('CAM 1', DATE_FORMAT('20070101','%Y%m%d'), DATE_FORMAT('20081231','%Y%m%d'), 88, 11, 22, 33, 60, '2b4ab72aa01eff11400ec1cfd335e09f');
INSERT INTO TMSYSTEM.TMS651LVP(LVPLND, LVPVON, LVPBIS, LVPTXT, LVPVP1, LVPVP2, LVPVP3, LVPUPS, LVPCSM)
  VALUES('CAM 1', DATE_FORMAT('20090101','%Y%m%d'), DATE_FORMAT('20091231','%Y%m%d'), 88, 14, 28, 41, 90, '7518931672daa41b039e8c7ca181b1bf');
INSERT INTO TMSYSTEM.TMS651LVP(LVPLND, LVPVON, LVPBIS, LVPTXT, LVPVP1, LVPVP2, LVPVP3, LVPUPS, LVPCSM)
  VALUES('CM 1', DATE_FORMAT('20100101','%Y%m%d'), DATE_FORMAT('20121231','%Y%m%d'), 88, 14, 28, 41, 90, '6e1f406464eb6b3724592a7d0c113920');
INSERT INTO TMSYSTEM.TMS651LVP(LVPLND, LVPVON, LVPBIS, LVPTXT, LVPVP1, LVPVP2, LVPVP3, LVPUPS, LVPCSM)
  VALUES('CM 1', DATE_FORMAT('20130101','%Y%m%d'), NULL, 88, 14, 27, 40, 130, 'b118c51b79cf17e63cf9d037bff31493');
INSERT INTO TMSYSTEM.TMS651LVP(LVPLND, LVPVON, LVPBIS, LVPTXT, LVPVP1, LVPVP2, LVPVP3, LVPUPS, LVPCSM)
  VALUES('CAM 2', DATE_FORMAT('20070101','%Y%m%d'), DATE_FORMAT('20081231','%Y%m%d'), 89, 11, 22, 33, 100, '7db911791c020b1a51aa080579c37cfd');
INSERT INTO TMSYSTEM.TMS651LVP(LVPLND, LVPVON, LVPBIS, LVPTXT, LVPVP1, LVPVP2, LVPVP3, LVPUPS, LVPCSM)
  VALUES('CDN', DATE_FORMAT('20070101','%Y%m%d'), DATE_FORMAT('20091231','%Y%m%d'), 90, 12, 24, 36, 100, '2a481eb430bda3cde6bdddcbaac77b9f');
INSERT INTO TMSYSTEM.TMS651LVP(LVPLND, LVPVON, LVPBIS, LVPTXT, LVPVP1, LVPVP2, LVPVP3, LVPUPS, LVPCSM)
  VALUES('CA 1', DATE_FORMAT('20100101','%Y%m%d'), NULL, 90, 12, 24, 36, 100, '01510f803614f64cacf6c9edb755e84d');
INSERT INTO TMSYSTEM.TMS651LVP(LVPLND, LVPVON, LVPBIS, LVPTXT, LVPVP1, LVPVP2, LVPVP3, LVPUPS, LVPCSM)
  VALUES('CV', DATE_FORMAT('20070101','%Y%m%d'), NULL, 91, 10, 20, 30, 55, '0db85e221f0346c4fd205badd1fc9f98');
INSERT INTO TMSYSTEM.TMS651LVP(LVPLND, LVPVON, LVPBIS, LVPTXT, LVPVP1, LVPVP2, LVPVP3, LVPUPS, LVPCSM)
  VALUES('KZ', DATE_FORMAT('20070101','%Y%m%d'), DATE_FORMAT('20111231','%Y%m%d'), 92, 10, 20, 30, 110, 'e1a1c57af6be3c46fd56138bc9f6cac3');
INSERT INTO TMSYSTEM.TMS651LVP(LVPLND, LVPVON, LVPBIS, LVPTXT, LVPVP1, LVPVP2, LVPVP3, LVPUPS, LVPCSM)
  VALUES('KZ', DATE_FORMAT('20120101','%Y%m%d'), DATE_FORMAT('20131231','%Y%m%d'), 92, 10, 20, 30, 100, '76463f9253642ae0843702fbd74b5005');
INSERT INTO TMSYSTEM.TMS651LVP(LVPLND, LVPVON, LVPBIS, LVPTXT, LVPVP1, LVPVP2, LVPVP3, LVPUPS, LVPCSM)
  VALUES('KZ', DATE_FORMAT('20140101','%Y%m%d'), NULL, 92, 10, 26, 39, 109, '038a4058e1e193268384710029a1dd74');
INSERT INTO TMSYSTEM.TMS651LVP(LVPLND, LVPVON, LVPBIS, LVPTXT, LVPVP1, LVPVP2, LVPVP3, LVPUPS, LVPCSM)
  VALUES('Q', DATE_FORMAT('20070101','%Y%m%d'), DATE_FORMAT('20091231','%Y%m%d'), 93, 15, 30, 45, 100, '40b1838d736cc2f97c0fa42efca25f7f');
INSERT INTO TMSYSTEM.TMS651LVP(LVPLND, LVPVON, LVPBIS, LVPTXT, LVPVP1, LVPVP2, LVPVP3, LVPUPS, LVPCSM)
  VALUES('QA', DATE_FORMAT('20100101','%Y%m%d'), DATE_FORMAT('20121231','%Y%m%d'), 93, 15, 30, 45, 100, '39eabbe83df8149beba69fe30b899e15');
INSERT INTO TMSYSTEM.TMS651LVP(LVPLND, LVPVON, LVPBIS, LVPTXT, LVPVP1, LVPVP2, LVPVP3, LVPUPS, LVPCSM)
  VALUES('QA', DATE_FORMAT('20130101','%Y%m%d'), NULL, 93, 19, 37, 56, 170, '0a4398107527fd99cefdc38501e2982d');
INSERT INTO TMSYSTEM.TMS651LVP(LVPLND, LVPVON, LVPBIS, LVPTXT, LVPVP1, LVPVP2, LVPVP3, LVPUPS, LVPCSM)
  VALUES('EAK', DATE_FORMAT('20070101','%Y%m%d'), DATE_FORMAT('20091231','%Y%m%d'), 94, 13, 26, 39, 110, '88910502d0ab7d54fd743a7f6bffad70');
INSERT INTO TMSYSTEM.TMS651LVP(LVPLND, LVPVON, LVPBIS, LVPTXT, LVPVP1, LVPVP2, LVPVP3, LVPUPS, LVPCSM)
  VALUES('KE', DATE_FORMAT('20100101','%Y%m%d'), DATE_FORMAT('20121231','%Y%m%d'), 94, 12, 24, 36, 120, 'e4dfccdd6da0651c90b1ffec5eb9cbf3');
INSERT INTO TMSYSTEM.TMS651LVP(LVPLND, LVPVON, LVPBIS, LVPTXT, LVPVP1, LVPVP2, LVPVP3, LVPUPS, LVPCSM)
  VALUES('KE', DATE_FORMAT('20130101','%Y%m%d'), NULL, 94, 12, 24, 35, 135, '06afb4700fa0206cdad4c63cb7d444f6');
INSERT INTO TMSYSTEM.TMS651LVP(LVPLND, LVPVON, LVPBIS, LVPTXT, LVPVP1, LVPVP2, LVPVP3, LVPUPS, LVPCSM)
  VALUES('KS', DATE_FORMAT('20070101','%Y%m%d'), DATE_FORMAT('20091231','%Y%m%d'), 95, 6, 12, 18, 70, 'b39638ac8d5de831891be2e03538c7a4');
INSERT INTO TMSYSTEM.TMS651LVP(LVPLND, LVPVON, LVPBIS, LVPTXT, LVPVP1, LVPVP2, LVPVP3, LVPUPS, LVPCSM)
  VALUES('KG', DATE_FORMAT('20100101','%Y%m%d'), NULL, 95, 6, 12, 18, 70, '7f44b23345e70ab136dd8cc79e547b87');
INSERT INTO TMSYSTEM.TMS651LVP(LVPLND, LVPVON, LVPBIS, LVPTXT, LVPVP1, LVPVP2, LVPVP3, LVPUPS, LVPCSM)
  VALUES('CO', DATE_FORMAT('20070101','%Y%m%d'), DATE_FORMAT('20131231','%Y%m%d'), 96, 8, 16, 24, 55, '427aa9b715848e2879cf1772189fc4a8');
INSERT INTO TMSYSTEM.TMS651LVP(LVPLND, LVPVON, LVPBIS, LVPTXT, LVPVP1, LVPVP2, LVPVP3, LVPUPS, LVPCSM)
  VALUES('CO', DATE_FORMAT('20140101','%Y%m%d'), NULL, 96, 8, 28, 41, 126, '408fb5462cb0eb8cb991550c5166687d');
INSERT INTO TMSYSTEM.TMS651LVP(LVPLND, LVPVON, LVPBIS, LVPTXT, LVPVP1, LVPVP2, LVPVP3, LVPUPS, LVPCSM)
  VALUES('COM', DATE_FORMAT('20070101','%Y%m%d'), DATE_FORMAT('20081231','%Y%m%d'), 97, 13, 26, 39, 87, '1cdab5de5c3f0de6eb32fada8e21ec8e');
INSERT INTO TMSYSTEM.TMS651LVP(LVPLND, LVPVON, LVPBIS, LVPTXT, LVPVP1, LVPVP2, LVPVP3, LVPUPS, LVPCSM)
  VALUES('KM', DATE_FORMAT('20100101','%Y%m%d'), DATE_FORMAT('20121231','%Y%m%d'), 97, 13, 26, 39, 87, '6b9460de934fd90804088ef7a973d0d2');
INSERT INTO TMSYSTEM.TMS651LVP(LVPLND, LVPVON, LVPBIS, LVPTXT, LVPVP1, LVPVP2, LVPVP3, LVPUPS, LVPCSM)
  VALUES('KM', DATE_FORMAT('20130101','%Y%m%d'), NULL, 97, 16, 32, 47, 102, '7f9dd6b5eb9185112b06ce1ea17a859c');
INSERT INTO TMSYSTEM.TMS651LVP(LVPLND, LVPVON, LVPBIS, LVPTXT, LVPVP1, LVPVP2, LVPVP3, LVPUPS, LVPCSM)
  VALUES('DVRK', DATE_FORMAT('20070101','%Y%m%d'), DATE_FORMAT('20091231','%Y%m%d'), 98, 14, 28, 42, 90, '7a1df83d8e5c642cd7741a117b34cec8');
INSERT INTO TMSYSTEM.TMS651LVP(LVPLND, LVPVON, LVPBIS, LVPTXT, LVPVP1, LVPVP2, LVPVP3, LVPUPS, LVPCSM)
  VALUES('KP', DATE_FORMAT('20100101','%Y%m%d'), DATE_FORMAT('20131231','%Y%m%d'), 98, 14, 28, 42, 90, '3bbf7c39f81f131fb5408f0f450397e9');
INSERT INTO TMSYSTEM.TMS651LVP(LVPLND, LVPVON, LVPBIS, LVPTXT, LVPVP1, LVPVP2, LVPVP3, LVPUPS, LVPCSM)
  VALUES('KP', DATE_FORMAT('20140101','%Y%m%d'), NULL, 98, 14, 20, 30, 186, 'ccbf633f4c81b146b78166243bb76953');
INSERT INTO TMSYSTEM.TMS651LVP(LVPLND, LVPVON, LVPBIS, LVPTXT, LVPVP1, LVPVP2, LVPVP3, LVPUPS, LVPCSM)
  VALUES('ROK', DATE_FORMAT('20070101','%Y%m%d'), DATE_FORMAT('20091231','%Y%m%d'), 99, 22, 44, 66, 180, '6b4fd1fdc871120e371f0187cd0a8c45');
INSERT INTO TMSYSTEM.TMS651LVP(LVPLND, LVPVON, LVPBIS, LVPTXT, LVPVP1, LVPVP2, LVPVP3, LVPUPS, LVPCSM)
  VALUES('KR', DATE_FORMAT('20100101','%Y%m%d'), NULL, 99, 22, 44, 66, 180, '6fb5e79fbee6ab50d381e43d20ae70d2');
INSERT INTO TMSYSTEM.TMS651LVP(LVPLND, LVPVON, LVPBIS, LVPTXT, LVPVP1, LVPVP2, LVPVP3, LVPUPS, LVPCSM)
  VALUES('HR', DATE_FORMAT('20070101','%Y%m%d'), NULL, 100, 10, 20, 29, 57, '8862d24adc8c37529e672a6c4afbfa5c');
INSERT INTO TMSYSTEM.TMS651LVP(LVPLND, LVPVON, LVPBIS, LVPTXT, LVPVP1, LVPVP2, LVPVP3, LVPUPS, LVPCSM)
  VALUES('C', DATE_FORMAT('20070101','%Y%m%d'), DATE_FORMAT('20091231','%Y%m%d'), 101, 14, 28, 42, 90, 'baf54e8ca831c1456d51b2674cf26467');
INSERT INTO TMSYSTEM.TMS651LVP(LVPLND, LVPVON, LVPBIS, LVPTXT, LVPVP1, LVPVP2, LVPVP3, LVPUPS, LVPCSM)
  VALUES('CU', DATE_FORMAT('20100101','%Y%m%d'), DATE_FORMAT('20111231','%Y%m%d'), 101, 14, 28, 42, 80, 'f9c098cfafa95aa69fbde43da292f62c');
INSERT INTO TMSYSTEM.TMS651LVP(LVPLND, LVPVON, LVPBIS, LVPTXT, LVPVP1, LVPVP2, LVPVP3, LVPUPS, LVPCSM)
  VALUES('CU', DATE_FORMAT('20120101','%Y%m%d'), DATE_FORMAT('20131231','%Y%m%d'), 101, 16, 32, 48, 80, '9a805c3ec8e3f94801f78ea5d9284c42');
INSERT INTO TMSYSTEM.TMS651LVP(LVPLND, LVPVON, LVPBIS, LVPTXT, LVPVP1, LVPVP2, LVPVP3, LVPUPS, LVPCSM)
  VALUES('CU', DATE_FORMAT('20140101','%Y%m%d'), NULL, 101, 16, 33, 50, 85, 'ece1a78495ad2d699511b7cc7c8cc954');
INSERT INTO TMSYSTEM.TMS651LVP(LVPLND, LVPVON, LVPBIS, LVPTXT, LVPVP1, LVPVP2, LVPVP3, LVPUPS, LVPCSM)
  VALUES('KWT', DATE_FORMAT('20070101','%Y%m%d'), DATE_FORMAT('20081231','%Y%m%d'), 102, 13, 26, 39, 130, 'dfab3aab29cd5b192ed7a397caee4d66');
INSERT INTO TMSYSTEM.TMS651LVP(LVPLND, LVPVON, LVPBIS, LVPTXT, LVPVP1, LVPVP2, LVPVP3, LVPUPS, LVPCSM)
  VALUES('KWT', DATE_FORMAT('20090101','%Y%m%d'), DATE_FORMAT('20091231','%Y%m%d'), 102, 14, 28, 42, 130, 'ac4e430bf8994864f38c5e321a38ab28');
INSERT INTO TMSYSTEM.TMS651LVP(LVPLND, LVPVON, LVPBIS, LVPTXT, LVPVP1, LVPVP2, LVPVP3, LVPUPS, LVPCSM)
  VALUES('KW', DATE_FORMAT('20100101','%Y%m%d'), NULL, 102, 14, 28, 42, 130, '7227545f676867ad36a252f81d6b75cd');
INSERT INTO TMSYSTEM.TMS651LVP(LVPLND, LVPVON, LVPBIS, LVPTXT, LVPVP1, LVPVP2, LVPVP3, LVPUPS, LVPCSM)
  VALUES('LAO', DATE_FORMAT('20070101','%Y%m%d'), DATE_FORMAT('20091231','%Y%m%d'), 103, 9, 18, 27, 60, 'b0a68ffa6703f26e747ec28fbb6717e6');
INSERT INTO TMSYSTEM.TMS651LVP(LVPLND, LVPVON, LVPBIS, LVPTXT, LVPVP1, LVPVP2, LVPVP3, LVPUPS, LVPCSM)
  VALUES('LA', DATE_FORMAT('20100101','%Y%m%d'), DATE_FORMAT('20111231','%Y%m%d'), 103, 9, 18, 27, 60, '83151710188a4a26e50937960aaf88fc');
INSERT INTO TMSYSTEM.TMS651LVP(LVPLND, LVPVON, LVPBIS, LVPTXT, LVPVP1, LVPVP2, LVPVP3, LVPUPS, LVPCSM)
  VALUES('LA', DATE_FORMAT('20120101','%Y%m%d'), DATE_FORMAT('20121231','%Y%m%d'), 103, 9, 18, 27, 65, '951349f367a2415e54cf432dc2c9457f');
INSERT INTO TMSYSTEM.TMS651LVP(LVPLND, LVPVON, LVPBIS, LVPTXT, LVPVP1, LVPVP2, LVPVP3, LVPUPS, LVPCSM)
  VALUES('LA', DATE_FORMAT('20130101','%Y%m%d'), NULL, 103, 11, 22, 33, 67, 'faeb12a0a441ed64490be4be3e86aeb2');
INSERT INTO TMSYSTEM.TMS651LVP(LVPLND, LVPVON, LVPBIS, LVPTXT, LVPVP1, LVPVP2, LVPVP3, LVPUPS, LVPCSM)
  VALUES('LS', DATE_FORMAT('20070101','%Y%m%d'), NULL, 104, 8, 16, 24, 70, 'abcea26362516b8e0e108c2435aa462c');
INSERT INTO TMSYSTEM.TMS651LVP(LVPLND, LVPVON, LVPBIS, LVPTXT, LVPVP1, LVPVP2, LVPVP3, LVPUPS, LVPCSM)
  VALUES('LV', DATE_FORMAT('20070101','%Y%m%d'), NULL, 105, 6, 12, 18, 80, 'd8886607929d83c33b65bfd701f46352');
INSERT INTO TMSYSTEM.TMS651LVP(LVPLND, LVPVON, LVPBIS, LVPTXT, LVPVP1, LVPVP2, LVPVP3, LVPUPS, LVPCSM)
  VALUES('RL', DATE_FORMAT('20070101','%Y%m%d'), DATE_FORMAT('20091231','%Y%m%d'), 106, 12, 24, 36, 95, 'a0474258d9899870defd0284bfa38f86');
INSERT INTO TMSYSTEM.TMS651LVP(LVPLND, LVPVON, LVPBIS, LVPTXT, LVPVP1, LVPVP2, LVPVP3, LVPUPS, LVPCSM)
  VALUES('LB', DATE_FORMAT('20100101','%Y%m%d'), DATE_FORMAT('20121231','%Y%m%d'), 106, 14, 27, 40, 80, '701c3aa814fd5fc07cee3c9c4ef1bc3a');
INSERT INTO TMSYSTEM.TMS651LVP(LVPLND, LVPVON, LVPBIS, LVPTXT, LVPVP1, LVPVP2, LVPVP3, LVPUPS, LVPCSM)
  VALUES('LB', DATE_FORMAT('20130101','%Y%m%d'), NULL, 106, 15, 29, 44, 120, 'e1e88698f77c8a66a3fd25589f950d51');
INSERT INTO TMSYSTEM.TMS651LVP(LVPLND, LVPVON, LVPBIS, LVPTXT, LVPVP1, LVPVP2, LVPVP3, LVPUPS, LVPCSM)
  VALUES('LB', DATE_FORMAT('20070101','%Y%m%d'), DATE_FORMAT('20091231','%Y%m%d'), 107, 13, 26, 39, 87, 'ecf2dbe032e988264e6ecf81e6153a7f');
INSERT INTO TMSYSTEM.TMS651LVP(LVPLND, LVPVON, LVPBIS, LVPTXT, LVPVP1, LVPVP2, LVPVP3, LVPUPS, LVPCSM)
  VALUES('LR', DATE_FORMAT('20100101','%Y%m%d'), DATE_FORMAT('20121231','%Y%m%d'), 107, 13, 26, 39, 87, 'e54503f7f493d0d6a82ec21cf729e364');
INSERT INTO TMSYSTEM.TMS651LVP(LVPLND, LVPVON, LVPBIS, LVPTXT, LVPVP1, LVPVP2, LVPVP3, LVPUPS, LVPCSM)
  VALUES('LR', DATE_FORMAT('20130101','%Y%m%d'), NULL, 107, 16, 32, 47, 102, '682ff58b47fdc44dd6b7633c3d9831ae');
INSERT INTO TMSYSTEM.TMS651LVP(LVPLND, LVPVON, LVPBIS, LVPTXT, LVPVP1, LVPVP2, LVPVP3, LVPUPS, LVPCSM)
  VALUES('LAR', DATE_FORMAT('20070101','%Y%m%d'), DATE_FORMAT('20091231','%Y%m%d'), 108, 14, 28, 42, 60, '98a73f5b508b1f5fbc0e77e8d8a536e2');
INSERT INTO TMSYSTEM.TMS651LVP(LVPLND, LVPVON, LVPBIS, LVPTXT, LVPVP1, LVPVP2, LVPVP3, LVPUPS, LVPCSM)
  VALUES('LY', DATE_FORMAT('20100101','%Y%m%d'), NULL, 108, 15, 30, 45, 100, '021609861fb08cd5a7d64992ce192cd8');
INSERT INTO TMSYSTEM.TMS651LVP(LVPLND, LVPVON, LVPBIS, LVPTXT, LVPVP1, LVPVP2, LVPVP3, LVPUPS, LVPCSM)
  VALUES('FL', DATE_FORMAT('20070101','%Y%m%d'), DATE_FORMAT('20091231','%Y%m%d'), 109, 16, 32, 47, 82, '2e543e7a4634bba559e87dd8417769f6');
INSERT INTO TMSYSTEM.TMS651LVP(LVPLND, LVPVON, LVPBIS, LVPTXT, LVPVP1, LVPVP2, LVPVP3, LVPUPS, LVPCSM)
  VALUES('LI', DATE_FORMAT('20100101','%Y%m%d'), NULL, 109, 16, 32, 47, 82, '6352e81adc8bf787f63cf952aee32ab6');
INSERT INTO TMSYSTEM.TMS651LVP(LVPLND, LVPVON, LVPBIS, LVPTXT, LVPVP1, LVPVP2, LVPVP3, LVPUPS, LVPCSM)
  VALUES('LT', DATE_FORMAT('20070101','%Y%m%d'), NULL, 110, 9, 18, 27, 100, '628d813ab1a43826b499f0de6a58eb21');
INSERT INTO TMSYSTEM.TMS651LVP(LVPLND, LVPVON, LVPBIS, LVPTXT, LVPVP1, LVPVP2, LVPVP3, LVPUPS, LVPCSM)
  VALUES('L', DATE_FORMAT('20070101','%Y%m%d'), DATE_FORMAT('20091231','%Y%m%d'), 111, 13, 26, 39, 87, '6d820e0665ada1f661e2bc09b2155800');
INSERT INTO TMSYSTEM.TMS651LVP(LVPLND, LVPVON, LVPBIS, LVPTXT, LVPVP1, LVPVP2, LVPVP3, LVPUPS, LVPCSM)
  VALUES('LU', DATE_FORMAT('20100101','%Y%m%d'), DATE_FORMAT('20121231','%Y%m%d'), 111, 13, 26, 39, 87, '35492e2e8cfbacd15883e584da3ce006');
INSERT INTO TMSYSTEM.TMS651LVP(LVPLND, LVPVON, LVPBIS, LVPTXT, LVPVP1, LVPVP2, LVPVP3, LVPUPS, LVPCSM)
  VALUES('LU', DATE_FORMAT('20130101','%Y%m%d'), NULL, 111, 16, 32, 47, 102, 'c794d20e3db5ac8d6ffe59876f99804a');
INSERT INTO TMSYSTEM.TMS651LVP(LVPLND, LVPVON, LVPBIS, LVPTXT, LVPVP1, LVPVP2, LVPVP3, LVPUPS, LVPCSM)
  VALUES('RM', DATE_FORMAT('20070101','%Y%m%d'), DATE_FORMAT('20081231','%Y%m%d'), 112, 10, 20, 30, 65, '20dfe4c75fd21df1f8bf74ffa406b85a');
INSERT INTO TMSYSTEM.TMS651LVP(LVPLND, LVPVON, LVPBIS, LVPTXT, LVPVP1, LVPVP2, LVPVP3, LVPUPS, LVPCSM)
  VALUES('RM', DATE_FORMAT('20090101','%Y%m%d'), DATE_FORMAT('20091231','%Y%m%d'), 112, 12, 24, 35, 120, 'e16f9b59bc4325e5eaec29d18480cabf');
INSERT INTO TMSYSTEM.TMS651LVP(LVPLND, LVPVON, LVPBIS, LVPTXT, LVPVP1, LVPVP2, LVPVP3, LVPUPS, LVPCSM)
  VALUES('MG', DATE_FORMAT('20100101','%Y%m%d'), DATE_FORMAT('20121231','%Y%m%d'), 112, 12, 24, 35, 120, '0034ec550ebd23d9dde661020df718f7');
INSERT INTO TMSYSTEM.TMS651LVP(LVPLND, LVPVON, LVPBIS, LVPTXT, LVPVP1, LVPVP2, LVPVP3, LVPUPS, LVPCSM)
  VALUES('MG', DATE_FORMAT('20130101','%Y%m%d'), NULL, 112, 13, 25, 38, 83, '613582c6b6265d56ee37cc14cc068c28');
INSERT INTO TMSYSTEM.TMS651LVP(LVPLND, LVPVON, LVPBIS, LVPTXT, LVPVP1, LVPVP2, LVPVP3, LVPUPS, LVPCSM)
  VALUES('MW', DATE_FORMAT('20070101','%Y%m%d'), DATE_FORMAT('20081231','%Y%m%d'), 113, 9, 18, 27, 80, '3d1ddef01234a8834c048ee0615ece01');
INSERT INTO TMSYSTEM.TMS651LVP(LVPLND, LVPVON, LVPBIS, LVPTXT, LVPVP1, LVPVP2, LVPVP3, LVPUPS, LVPCSM)
  VALUES('MW', DATE_FORMAT('20090101','%Y%m%d'), DATE_FORMAT('20091231','%Y%m%d'), 113, 10, 20, 30, 80, '3dcd3bf35f45f440277a806dac3e9907');
INSERT INTO TMSYSTEM.TMS651LVP(LVPLND, LVPVON, LVPBIS, LVPTXT, LVPVP1, LVPVP2, LVPVP3, LVPUPS, LVPCSM)
  VALUES('MW 1', DATE_FORMAT('20100101','%Y%m%d'), DATE_FORMAT('20111231','%Y%m%d'), 113, 10, 20, 30, 80, '09d8827210af0122dc4991df220d8c92');
INSERT INTO TMSYSTEM.TMS651LVP(LVPLND, LVPVON, LVPBIS, LVPTXT, LVPVP1, LVPVP2, LVPVP3, LVPUPS, LVPCSM)
  VALUES('MW 1', DATE_FORMAT('20120101','%Y%m%d'), NULL, 113, 13, 26, 39, 110, 'd72a82074466488a32e4c284235b365a');
INSERT INTO TMSYSTEM.TMS651LVP(LVPLND, LVPVON, LVPBIS, LVPTXT, LVPVP1, LVPVP2, LVPVP3, LVPUPS, LVPCSM)
  VALUES('MAL', DATE_FORMAT('20070101','%Y%m%d'), DATE_FORMAT('20091231','%Y%m%d'), 114, 9, 18, 27, 55, 'de0c9fec35582beff4233a6ffe10ab42');
INSERT INTO TMSYSTEM.TMS651LVP(LVPLND, LVPVON, LVPBIS, LVPTXT, LVPVP1, LVPVP2, LVPVP3, LVPUPS, LVPCSM)
  VALUES('MY', DATE_FORMAT('20100101','%Y%m%d'), DATE_FORMAT('20111231','%Y%m%d'), 114, 9, 18, 27, 55, '1bb82a40ef832ea714ffd5620b5fd3fb');
INSERT INTO TMSYSTEM.TMS651LVP(LVPLND, LVPVON, LVPBIS, LVPTXT, LVPVP1, LVPVP2, LVPVP3, LVPUPS, LVPCSM)
  VALUES('MY', DATE_FORMAT('20120101','%Y%m%d'), NULL, 114, 12, 24, 36, 100, 'a21726273825cfc580fd14f1ea120976');
INSERT INTO TMSYSTEM.TMS651LVP(LVPLND, LVPVON, LVPBIS, LVPTXT, LVPVP1, LVPVP2, LVPVP3, LVPUPS, LVPCSM)
  VALUES('MV', DATE_FORMAT('20070101','%Y%m%d'), NULL, 115, 13, 25, 38, 93, 'b75c5d4efac603af852bec1d0ce4fefe');
INSERT INTO TMSYSTEM.TMS651LVP(LVPLND, LVPVON, LVPBIS, LVPTXT, LVPVP1, LVPVP2, LVPVP3, LVPUPS, LVPCSM)
  VALUES('RMM', DATE_FORMAT('20070101','%Y%m%d'), DATE_FORMAT('20091231','%Y%m%d'), 116, 13, 26, 39, 80, 'cd55e127572ca38cb45ad545ea19f573');
INSERT INTO TMSYSTEM.TMS651LVP(LVPLND, LVPVON, LVPBIS, LVPTXT, LVPVP1, LVPVP2, LVPVP3, LVPUPS, LVPCSM)
  VALUES('ML', DATE_FORMAT('20100101','%Y%m%d'), DATE_FORMAT('20111231','%Y%m%d'), 116, 13, 26, 39, 80, '24ce49e799e4757600c7ad4010afc4c3');
INSERT INTO TMSYSTEM.TMS651LVP(LVPLND, LVPVON, LVPBIS, LVPTXT, LVPVP1, LVPVP2, LVPVP3, LVPUPS, LVPCSM)
  VALUES('ML', DATE_FORMAT('20120101','%Y%m%d'), NULL, 116, 14, 27, 40, 125, 'd015fbbe4d8ca98af5a210610806fdda');
INSERT INTO TMSYSTEM.TMS651LVP(LVPLND, LVPVON, LVPBIS, LVPTXT, LVPVP1, LVPVP2, LVPVP3, LVPUPS, LVPCSM)
  VALUES('M', DATE_FORMAT('20070101','%Y%m%d'), DATE_FORMAT('20091231','%Y%m%d'), 117, 10, 20, 30, 90, '22e28a979eb05cbbb6faee335370d117');
INSERT INTO TMSYSTEM.TMS651LVP(LVPLND, LVPVON, LVPBIS, LVPTXT, LVPVP1, LVPVP2, LVPVP3, LVPUPS, LVPCSM)
  VALUES('MA', DATE_FORMAT('20120101','%Y%m%d'), NULL, 118, 14, 28, 42, 105, 'ea8afab542ad9dfada0ab2c59e608b42');
INSERT INTO TMSYSTEM.TMS651LVP(LVPLND, LVPVON, LVPBIS, LVPTXT, LVPVP1, LVPVP2, LVPVP3, LVPUPS, LVPCSM)
  VALUES('RIM', DATE_FORMAT('20070101','%Y%m%d'), DATE_FORMAT('20091231','%Y%m%d'), 119, 12, 24, 36, 85, 'f931cf73359cb9cef047b0add517cc3c');
INSERT INTO TMSYSTEM.TMS651LVP(LVPLND, LVPVON, LVPBIS, LVPTXT, LVPVP1, LVPVP2, LVPVP3, LVPUPS, LVPCSM)
  VALUES('MR', DATE_FORMAT('20100101','%Y%m%d'), DATE_FORMAT('20121231','%Y%m%d'), 119, 12, 24, 36, 85, '8973fd7870747b88554a9954f878ede7');
INSERT INTO TMSYSTEM.TMS651LVP(LVPLND, LVPVON, LVPBIS, LVPTXT, LVPVP1, LVPVP2, LVPVP3, LVPUPS, LVPCSM)
  VALUES('MR', DATE_FORMAT('20130101','%Y%m%d'), NULL, 119, 16, 32, 48, 89, 'b4c40c20f236ab0dcc2bcde5af34070c');
INSERT INTO TMSYSTEM.TMS651LVP(LVPLND, LVPVON, LVPBIS, LVPTXT, LVPVP1, LVPVP2, LVPVP3, LVPUPS, LVPCSM)
  VALUES('MS', DATE_FORMAT('20070101','%Y%m%d'), DATE_FORMAT('20091231','%Y%m%d'), 120, 16, 32, 48, 140, '62a0ca6976e35f08535eeec0f3d3fb8b');
INSERT INTO TMSYSTEM.TMS651LVP(LVPLND, LVPVON, LVPBIS, LVPTXT, LVPVP1, LVPVP2, LVPVP3, LVPUPS, LVPCSM)
  VALUES('MU', DATE_FORMAT('20100101','%Y%m%d'), NULL, 120, 16, 32, 48, 140, '787f4edba2e5eef5882c4746c6ce1d18');
INSERT INTO TMSYSTEM.TMS651LVP(LVPLND, LVPVON, LVPBIS, LVPTXT, LVPVP1, LVPVP2, LVPVP3, LVPUPS, LVPCSM)
  VALUES('MK', DATE_FORMAT('20070101','%Y%m%d'), DATE_FORMAT('20091231','%Y%m%d'), 121, 8, 16, 24, 100, '030b99069182b625a4569be6b12ecdc4');
